{"id":2519,"date":"2022-05-09T10:16:57","date_gmt":"2022-05-09T08:16:57","guid":{"rendered":"https:\/\/espacioaretha.com\/explora\/?post_type=evento&#038;p=2519"},"modified":"2022-05-09T13:27:47","modified_gmt":"2022-05-09T11:27:47","slug":"conversaciones-con-aretha-4-experiencia-de-usuario-en-retail","status":"publish","type":"evento","link":"https:\/\/espacioaretha.com\/explora\/evento\/conversaciones-con-aretha-4-experiencia-de-usuario-en-retail\/","title":{"rendered":"Conversaciones con Aretha # 4 Experiencia de usuario en Retail"},"content":{"rendered":"\n<figure class=\"wp-block-image size-large\"><img loading=\"lazy\" decoding=\"async\" width=\"1024\" height=\"683\" src=\"https:\/\/espacioaretha.com\/explora\/wp-content\/uploads\/2022\/05\/071417DSR_VECINDARIO_ENTRADA_002-1024x683.jpg\" alt=\"\" class=\"wp-image-2585\" srcset=\"https:\/\/espacioaretha.com\/explora\/wp-content\/uploads\/2022\/05\/071417DSR_VECINDARIO_ENTRADA_002-1024x683.jpg 1024w, https:\/\/espacioaretha.com\/explora\/wp-content\/uploads\/2022\/05\/071417DSR_VECINDARIO_ENTRADA_002-300x200.jpg 300w, https:\/\/espacioaretha.com\/explora\/wp-content\/uploads\/2022\/05\/071417DSR_VECINDARIO_ENTRADA_002-768x512.jpg 768w, https:\/\/espacioaretha.com\/explora\/wp-content\/uploads\/2022\/05\/071417DSR_VECINDARIO_ENTRADA_002-1536x1024.jpg 1536w, https:\/\/espacioaretha.com\/explora\/wp-content\/uploads\/2022\/05\/071417DSR_VECINDARIO_ENTRADA_002-2048x1365.jpg 2048w\" sizes=\"auto, (max-width: 1024px) 100vw, 1024px\" \/><\/figure>\n\n\n\n<p><\/p>\n","protected":false},"excerpt":{"rendered":"<p>De la mano de un selecto grupo de profesionales analizaremos la transformaci\u00f3n  que el sector de los espacios comerciales afrontar\u00e1. Tecnolog\u00eda, experiencia virtual y f\u00edsica de los usuarios, realidad aumentada, dise\u00f1o, confort, identidad de marca, comportamiento del usuario,  metaverso, dise\u00f1o y arquitectura,  ser\u00e1n analizados  para comprender el modo en que las afrontar\u00e1n el modo en que se quieren relacionar con el consumidor final en una relaci\u00f3n de largo plazo.<\/p>\n","protected":false},"author":25,"featured_media":0,"template":"","meta":{"footnotes":""},"evento_tema":[65],"evento_ciudad":[13],"evento_responsable":[14],"evento_localizacion":[59],"class_list":["post-2519","evento","type-evento","status-publish","hentry","evento_tema-mesa-redonda","evento_ciudad-madrid","evento_responsable-aretha","evento_localizacion-presencial"],"yoast_head":"<!-- This site is optimized with the Yoast SEO plugin v27.4 - https:\/\/yoast.com\/product\/yoast-seo-wordpress\/ -->\n<title>Conversaciones con Aretha # 4 Experiencia de usuario en Retail | Aretha Explora<\/title>\n<meta name=\"robots\" content=\"index, follow, max-snippet:-1, max-image-preview:large, max-video-preview:-1\" \/>\n<link rel=\"canonical\" href=\"https:\/\/espacioaretha.com\/explora\/evento\/conversaciones-con-aretha-4-experiencia-de-usuario-en-retail\/\" \/>\n<meta property=\"og:locale\" content=\"es_ES\" \/>\n<meta property=\"og:type\" content=\"article\" \/>\n<meta property=\"og:title\" content=\"Conversaciones con Aretha # 4 Experiencia de usuario en Retail | Aretha Explora\" \/>\n<meta property=\"og:description\" content=\"De la mano de un selecto grupo de profesionales analizaremos la transformaci\u00f3n que el sector de los espacios comerciales afrontar\u00e1. Tecnolog\u00eda, experiencia virtual y f\u00edsica de los usuarios, realidad aumentada, dise\u00f1o, confort, identidad de marca, comportamiento del usuario, metaverso, dise\u00f1o y arquitectura, ser\u00e1n analizados para comprender el modo en que las afrontar\u00e1n el modo en que se quieren relacionar con el consumidor final en una relaci\u00f3n de largo plazo.\" \/>\n<meta property=\"og:url\" content=\"https:\/\/espacioaretha.com\/explora\/evento\/conversaciones-con-aretha-4-experiencia-de-usuario-en-retail\/\" \/>\n<meta property=\"og:site_name\" content=\"Aretha Explora\" \/>\n<meta property=\"article:modified_time\" content=\"2022-05-09T11:27:47+00:00\" \/>\n<meta property=\"og:image\" content=\"https:\/\/espacioaretha.com\/explora\/wp-content\/uploads\/2022\/05\/071417DSR_VECINDARIO_ENTRADA_002-1024x683.jpg\" \/>\n<meta name=\"twitter:card\" content=\"summary_large_image\" \/>\n<script type=\"application\/ld+json\" class=\"yoast-schema-graph\">{\"@context\":\"https:\\\/\\\/schema.org\",\"@graph\":[{\"@type\":\"WebPage\",\"@id\":\"https:\\\/\\\/espacioaretha.com\\\/explora\\\/evento\\\/conversaciones-con-aretha-4-experiencia-de-usuario-en-retail\\\/\",\"url\":\"https:\\\/\\\/espacioaretha.com\\\/explora\\\/evento\\\/conversaciones-con-aretha-4-experiencia-de-usuario-en-retail\\\/\",\"name\":\"Conversaciones con Aretha # 4 Experiencia de usuario en Retail | Aretha Explora\",\"isPartOf\":{\"@id\":\"https:\\\/\\\/espacioaretha.com\\\/explora\\\/#website\"},\"primaryImageOfPage\":{\"@id\":\"https:\\\/\\\/espacioaretha.com\\\/explora\\\/evento\\\/conversaciones-con-aretha-4-experiencia-de-usuario-en-retail\\\/#primaryimage\"},\"image\":{\"@id\":\"https:\\\/\\\/espacioaretha.com\\\/explora\\\/evento\\\/conversaciones-con-aretha-4-experiencia-de-usuario-en-retail\\\/#primaryimage\"},\"thumbnailUrl\":\"https:\\\/\\\/espacioaretha.com\\\/explora\\\/wp-content\\\/uploads\\\/2022\\\/05\\\/071417DSR_VECINDARIO_ENTRADA_002-1024x683.jpg\",\"datePublished\":\"2022-05-09T08:16:57+00:00\",\"dateModified\":\"2022-05-09T11:27:47+00:00\",\"breadcrumb\":{\"@id\":\"https:\\\/\\\/espacioaretha.com\\\/explora\\\/evento\\\/conversaciones-con-aretha-4-experiencia-de-usuario-en-retail\\\/#breadcrumb\"},\"inLanguage\":\"es\",\"potentialAction\":[{\"@type\":\"ReadAction\",\"target\":[\"https:\\\/\\\/espacioaretha.com\\\/explora\\\/evento\\\/conversaciones-con-aretha-4-experiencia-de-usuario-en-retail\\\/\"]}]},{\"@type\":\"ImageObject\",\"inLanguage\":\"es\",\"@id\":\"https:\\\/\\\/espacioaretha.com\\\/explora\\\/evento\\\/conversaciones-con-aretha-4-experiencia-de-usuario-en-retail\\\/#primaryimage\",\"url\":\"https:\\\/\\\/espacioaretha.com\\\/explora\\\/wp-content\\\/uploads\\\/2022\\\/05\\\/071417DSR_VECINDARIO_ENTRADA_002-1024x683.jpg\",\"contentUrl\":\"https:\\\/\\\/espacioaretha.com\\\/explora\\\/wp-content\\\/uploads\\\/2022\\\/05\\\/071417DSR_VECINDARIO_ENTRADA_002-1024x683.jpg\"},{\"@type\":\"BreadcrumbList\",\"@id\":\"https:\\\/\\\/espacioaretha.com\\\/explora\\\/evento\\\/conversaciones-con-aretha-4-experiencia-de-usuario-en-retail\\\/#breadcrumb\",\"itemListElement\":[{\"@type\":\"ListItem\",\"position\":1,\"name\":\"Portada\",\"item\":\"https:\\\/\\\/espacioaretha.com\\\/explora\\\/\"},{\"@type\":\"ListItem\",\"position\":2,\"name\":\"Conversaciones con Aretha # 4 Experiencia de usuario en Retail\"}]},{\"@type\":\"WebSite\",\"@id\":\"https:\\\/\\\/espacioaretha.com\\\/explora\\\/#website\",\"url\":\"https:\\\/\\\/espacioaretha.com\\\/explora\\\/\",\"name\":\"Aretha Explora\",\"description\":\"Plataforma de contenidos e inspiraci\u00f3n sobre arquitectura, dise\u00f1o y mucho m\u00e1s\",\"publisher\":{\"@id\":\"https:\\\/\\\/espacioaretha.com\\\/explora\\\/#organization\"},\"potentialAction\":[{\"@type\":\"SearchAction\",\"target\":{\"@type\":\"EntryPoint\",\"urlTemplate\":\"https:\\\/\\\/espacioaretha.com\\\/explora\\\/?s={search_term_string}\"},\"query-input\":{\"@type\":\"PropertyValueSpecification\",\"valueRequired\":true,\"valueName\":\"search_term_string\"}}],\"inLanguage\":\"es\"},{\"@type\":\"Organization\",\"@id\":\"https:\\\/\\\/espacioaretha.com\\\/explora\\\/#organization\",\"name\":\"Aretha Explora\",\"alternateName\":\"Aretha\",\"url\":\"https:\\\/\\\/espacioaretha.com\\\/explora\\\/\",\"logo\":{\"@type\":\"ImageObject\",\"inLanguage\":\"es\",\"@id\":\"https:\\\/\\\/espacioaretha.com\\\/explora\\\/#\\\/schema\\\/logo\\\/image\\\/\",\"url\":\"https:\\\/\\\/espacioaretha.com\\\/explora\\\/wp-content\\\/uploads\\\/2022\\\/05\\\/Ojo-web.jpg\",\"contentUrl\":\"https:\\\/\\\/espacioaretha.com\\\/explora\\\/wp-content\\\/uploads\\\/2022\\\/05\\\/Ojo-web.jpg\",\"width\":1920,\"height\":1080,\"caption\":\"Aretha Explora\"},\"image\":{\"@id\":\"https:\\\/\\\/espacioaretha.com\\\/explora\\\/#\\\/schema\\\/logo\\\/image\\\/\"}}]}<\/script>\n<!-- \/ Yoast SEO plugin. -->","yoast_head_json":{"title":"Conversaciones con Aretha # 4 Experiencia de usuario en Retail | Aretha Explora","robots":{"index":"index","follow":"follow","max-snippet":"max-snippet:-1","max-image-preview":"max-image-preview:large","max-video-preview":"max-video-preview:-1"},"canonical":"https:\/\/espacioaretha.com\/explora\/evento\/conversaciones-con-aretha-4-experiencia-de-usuario-en-retail\/","og_locale":"es_ES","og_type":"article","og_title":"Conversaciones con Aretha # 4 Experiencia de usuario en Retail | Aretha Explora","og_description":"De la mano de un selecto grupo de profesionales analizaremos la transformaci\u00f3n que el sector de los espacios comerciales afrontar\u00e1. Tecnolog\u00eda, experiencia virtual y f\u00edsica de los usuarios, realidad aumentada, dise\u00f1o, confort, identidad de marca, comportamiento del usuario, metaverso, dise\u00f1o y arquitectura, ser\u00e1n analizados para comprender el modo en que las afrontar\u00e1n el modo en que se quieren relacionar con el consumidor final en una relaci\u00f3n de largo plazo.","og_url":"https:\/\/espacioaretha.com\/explora\/evento\/conversaciones-con-aretha-4-experiencia-de-usuario-en-retail\/","og_site_name":"Aretha Explora","article_modified_time":"2022-05-09T11:27:47+00:00","og_image":[{"url":"https:\/\/espacioaretha.com\/explora\/wp-content\/uploads\/2022\/05\/071417DSR_VECINDARIO_ENTRADA_002-1024x683.jpg","type":"","width":"","height":""}],"twitter_card":"summary_large_image","schema":{"@context":"https:\/\/schema.org","@graph":[{"@type":"WebPage","@id":"https:\/\/espacioaretha.com\/explora\/evento\/conversaciones-con-aretha-4-experiencia-de-usuario-en-retail\/","url":"https:\/\/espacioaretha.com\/explora\/evento\/conversaciones-con-aretha-4-experiencia-de-usuario-en-retail\/","name":"Conversaciones con Aretha # 4 Experiencia de usuario en Retail | Aretha Explora","isPartOf":{"@id":"https:\/\/espacioaretha.com\/explora\/#website"},"primaryImageOfPage":{"@id":"https:\/\/espacioaretha.com\/explora\/evento\/conversaciones-con-aretha-4-experiencia-de-usuario-en-retail\/#primaryimage"},"image":{"@id":"https:\/\/espacioaretha.com\/explora\/evento\/conversaciones-con-aretha-4-experiencia-de-usuario-en-retail\/#primaryimage"},"thumbnailUrl":"https:\/\/espacioaretha.com\/explora\/wp-content\/uploads\/2022\/05\/071417DSR_VECINDARIO_ENTRADA_002-1024x683.jpg","datePublished":"2022-05-09T08:16:57+00:00","dateModified":"2022-05-09T11:27:47+00:00","breadcrumb":{"@id":"https:\/\/espacioaretha.com\/explora\/evento\/conversaciones-con-aretha-4-experiencia-de-usuario-en-retail\/#breadcrumb"},"inLanguage":"es","potentialAction":[{"@type":"ReadAction","target":["https:\/\/espacioaretha.com\/explora\/evento\/conversaciones-con-aretha-4-experiencia-de-usuario-en-retail\/"]}]},{"@type":"ImageObject","inLanguage":"es","@id":"https:\/\/espacioaretha.com\/explora\/evento\/conversaciones-con-aretha-4-experiencia-de-usuario-en-retail\/#primaryimage","url":"https:\/\/espacioaretha.com\/explora\/wp-content\/uploads\/2022\/05\/071417DSR_VECINDARIO_ENTRADA_002-1024x683.jpg","contentUrl":"https:\/\/espacioaretha.com\/explora\/wp-content\/uploads\/2022\/05\/071417DSR_VECINDARIO_ENTRADA_002-1024x683.jpg"},{"@type":"BreadcrumbList","@id":"https:\/\/espacioaretha.com\/explora\/evento\/conversaciones-con-aretha-4-experiencia-de-usuario-en-retail\/#breadcrumb","itemListElement":[{"@type":"ListItem","position":1,"name":"Portada","item":"https:\/\/espacioaretha.com\/explora\/"},{"@type":"ListItem","position":2,"name":"Conversaciones con Aretha # 4 Experiencia de usuario en Retail"}]},{"@type":"WebSite","@id":"https:\/\/espacioaretha.com\/explora\/#website","url":"https:\/\/espacioaretha.com\/explora\/","name":"Aretha Explora","description":"Plataforma de contenidos e inspiraci\u00f3n sobre arquitectura, dise\u00f1o y mucho m\u00e1s","publisher":{"@id":"https:\/\/espacioaretha.com\/explora\/#organization"},"potentialAction":[{"@type":"SearchAction","target":{"@type":"EntryPoint","urlTemplate":"https:\/\/espacioaretha.com\/explora\/?s={search_term_string}"},"query-input":{"@type":"PropertyValueSpecification","valueRequired":true,"valueName":"search_term_string"}}],"inLanguage":"es"},{"@type":"Organization","@id":"https:\/\/espacioaretha.com\/explora\/#organization","name":"Aretha Explora","alternateName":"Aretha","url":"https:\/\/espacioaretha.com\/explora\/","logo":{"@type":"ImageObject","inLanguage":"es","@id":"https:\/\/espacioaretha.com\/explora\/#\/schema\/logo\/image\/","url":"https:\/\/espacioaretha.com\/explora\/wp-content\/uploads\/2022\/05\/Ojo-web.jpg","contentUrl":"https:\/\/espacioaretha.com\/explora\/wp-content\/uploads\/2022\/05\/Ojo-web.jpg","width":1920,"height":1080,"caption":"Aretha Explora"},"image":{"@id":"https:\/\/espacioaretha.com\/explora\/#\/schema\/logo\/image\/"}}]}},"_links":{"self":[{"href":"https:\/\/espacioaretha.com\/explora\/wp-json\/wp\/v2\/evento\/2519","targetHints":{"allow":["GET"]}}],"collection":[{"href":"https:\/\/espacioaretha.com\/explora\/wp-json\/wp\/v2\/evento"}],"about":[{"href":"https:\/\/espacioaretha.com\/explora\/wp-json\/wp\/v2\/types\/evento"}],"author":[{"embeddable":true,"href":"https:\/\/espacioaretha.com\/explora\/wp-json\/wp\/v2\/users\/25"}],"version-history":[{"count":4,"href":"https:\/\/espacioaretha.com\/explora\/wp-json\/wp\/v2\/evento\/2519\/revisions"}],"predecessor-version":[{"id":2590,"href":"https:\/\/espacioaretha.com\/explora\/wp-json\/wp\/v2\/evento\/2519\/revisions\/2590"}],"wp:attachment":[{"href":"https:\/\/espacioaretha.com\/explora\/wp-json\/wp\/v2\/media?parent=2519"}],"wp:term":[{"taxonomy":"evento_tema","embeddable":true,"href":"https:\/\/espacioaretha.com\/explora\/wp-json\/wp\/v2\/evento_tema?post=2519"},{"taxonomy":"evento_ciudad","embeddable":true,"href":"https:\/\/espacioaretha.com\/explora\/wp-json\/wp\/v2\/evento_ciudad?post=2519"},{"taxonomy":"evento_responsable","embeddable":true,"href":"https:\/\/espacioaretha.com\/explora\/wp-json\/wp\/v2\/evento_responsable?post=2519"},{"taxonomy":"evento_localizacion","embeddable":true,"href":"https:\/\/espacioaretha.com\/explora\/wp-json\/wp\/v2\/evento_localizacion?post=2519"}],"curies":[{"name":"wp","href":"https:\/\/api.w.org\/{rel}","templated":true}]}}

<p>De la mano de un selecto grupo de profesionales analizaremos la transformación  que el sector de los espacios comerciales afrontará. Tecnología, experiencia virtual y física de los usuarios, realidad aumentada, diseño, confort, identidad de marca, comportamiento del usuario,  metaverso, diseño y arquitectura,  serán analizados  para comprender el modo en que las afrontarán el modo en que se quieren relacionar con el consumidor final en una relación de largo plazo.</p>

<!-- This site is optimized with the Yoast SEO plugin v27.4 - https://yoast.com/product/yoast-seo-wordpress/ -->
<title>Conversaciones con Aretha # 4 Experiencia de usuario en Retail | Aretha Explora</title>
<meta name="robots" content="index, follow, max-snippet:-1, max-image-preview:large, max-video-preview:-1" />
<link rel="canonical" href="https://espacioaretha.com/explora/evento/conversaciones-con-aretha-4-experiencia-de-usuario-en-retail/" />
<meta property="og:locale" content="es_ES" />
<meta property="og:type" content="article" />
<meta property="og:title" content="Conversaciones con Aretha # 4 Experiencia de usuario en Retail | Aretha Explora" />
<meta property="og:description" content="De la mano de un selecto grupo de profesionales analizaremos la transformación que el sector de los espacios comerciales afrontará. Tecnología, experiencia virtual y física de los usuarios, realidad aumentada, diseño, confort, identidad de marca, comportamiento del usuario, metaverso, diseño y arquitectura, serán analizados para comprender el modo en que las afrontarán el modo en que se quieren relacionar con el consumidor final en una relación de largo plazo." />
<meta property="og:url" content="https://espacioaretha.com/explora/evento/conversaciones-con-aretha-4-experiencia-de-usuario-en-retail/" />
<meta property="og:site_name" content="Aretha Explora" />
<meta property="article:modified_time" content="2022-05-09T11:27:47+00:00" />
<meta property="og:image" content="https://espacioaretha.com/explora/wp-content/uploads/2022/05/071417DSR_VECINDARIO_ENTRADA_002-1024x683.jpg" />
<meta name="twitter:card" content="summary_large_image" />
<script type="application/ld+json" class="yoast-schema-graph">{"@context":"https:\/\/schema.org","@graph":[{"@type":"WebPage","@id":"https:\/\/espacioaretha.com\/explora\/evento\/conversaciones-con-aretha-4-experiencia-de-usuario-en-retail\/","url":"https:\/\/espacioaretha.com\/explora\/evento\/conversaciones-con-aretha-4-experiencia-de-usuario-en-retail\/","name":"Conversaciones con Aretha # 4 Experiencia de usuario en Retail | Aretha Explora","isPartOf":{"@id":"https:\/\/espacioaretha.com\/explora\/#website"},"primaryImageOfPage":{"@id":"https:\/\/espacioaretha.com\/explora\/evento\/conversaciones-con-aretha-4-experiencia-de-usuario-en-retail\/#primaryimage"},"image":{"@id":"https:\/\/espacioaretha.com\/explora\/evento\/conversaciones-con-aretha-4-experiencia-de-usuario-en-retail\/#primaryimage"},"thumbnailUrl":"https:\/\/espacioaretha.com\/explora\/wp-content\/uploads\/2022\/05\/071417DSR_VECINDARIO_ENTRADA_002-1024x683.jpg","datePublished":"2022-05-09T08:16:57+00:00","dateModified":"2022-05-09T11:27:47+00:00","breadcrumb":{"@id":"https:\/\/espacioaretha.com\/explora\/evento\/conversaciones-con-aretha-4-experiencia-de-usuario-en-retail\/#breadcrumb"},"inLanguage":"es","potentialAction":[{"@type":"ReadAction","target":["https:\/\/espacioaretha.com\/explora\/evento\/conversaciones-con-aretha-4-experiencia-de-usuario-en-retail\/"]}]},{"@type":"ImageObject","inLanguage":"es","@id":"https:\/\/espacioaretha.com\/explora\/evento\/conversaciones-con-aretha-4-experiencia-de-usuario-en-retail\/#primaryimage","url":"https:\/\/espacioaretha.com\/explora\/wp-content\/uploads\/2022\/05\/071417DSR_VECINDARIO_ENTRADA_002-1024x683.jpg","contentUrl":"https:\/\/espacioaretha.com\/explora\/wp-content\/uploads\/2022\/05\/071417DSR_VECINDARIO_ENTRADA_002-1024x683.jpg"},{"@type":"BreadcrumbList","@id":"https:\/\/espacioaretha.com\/explora\/evento\/conversaciones-con-aretha-4-experiencia-de-usuario-en-retail\/#breadcrumb","itemListElement":[{"@type":"ListItem","position":1,"name":"Portada","item":"https:\/\/espacioaretha.com\/explora\/"},{"@type":"ListItem","position":2,"name":"Conversaciones con Aretha # 4 Experiencia de usuario en Retail"}]},{"@type":"WebSite","@id":"https:\/\/espacioaretha.com\/explora\/#website","url":"https:\/\/espacioaretha.com\/explora\/","name":"Aretha Explora","description":"Plataforma de contenidos e inspiración sobre arquitectura, diseño y mucho más","publisher":{"@id":"https:\/\/espacioaretha.com\/explora\/#organization"},"potentialAction":[{"@type":"SearchAction","target":{"@type":"EntryPoint","urlTemplate":"https:\/\/espacioaretha.com\/explora\/?s={search_term_string}"},"query-input":{"@type":"PropertyValueSpecification","valueRequired":true,"valueName":"search_term_string"}}],"inLanguage":"es"},{"@type":"Organization","@id":"https:\/\/espacioaretha.com\/explora\/#organization","name":"Aretha Explora","alternateName":"Aretha","url":"https:\/\/espacioaretha.com\/explora\/","logo":{"@type":"ImageObject","inLanguage":"es","@id":"https:\/\/espacioaretha.com\/explora\/#\/schema\/logo\/image\/","url":"https:\/\/espacioaretha.com\/explora\/wp-content\/uploads\/2022\/05\/Ojo-web.jpg","contentUrl":"https:\/\/espacioaretha.com\/explora\/wp-content\/uploads\/2022\/05\/Ojo-web.jpg","width":1920,"height":1080,"caption":"Aretha Explora"},"image":{"@id":"https:\/\/espacioaretha.com\/explora\/#\/schema\/logo\/image\/"}}]}</script>
<!-- / Yoast SEO plugin. -->

De la mano de un selecto grupo de profesionales analizaremos la transformación que el sector de los espacios comerciales afrontará. Tecnología, experiencia virtual y física de los usuarios, realidad aumentada, diseño, confort, identidad de marca, comportamiento del usuario, metaverso, diseño y arquitectura, serán analizados para comprender el modo en que las afrontarán el modo en que se quieren relacionar con el consumidor final en una relación de largo plazo.

Plataforma de contenidos e inspiración sobre arquitectura, diseño y mucho más
