{"id":1793,"date":"2022-03-18T10:35:32","date_gmt":"2022-03-18T09:35:32","guid":{"rendered":"https:\/\/espacioaretha.com\/explora\/?post_type=video_serie&#038;p=1793"},"modified":"2025-05-29T13:28:19","modified_gmt":"2025-05-29T11:28:19","slug":"marco-pedrari","status":"publish","type":"video_serie","link":"https:\/\/espacioaretha.com\/explora\/video-series\/marco-pedrari\/","title":{"rendered":"Marco Predari"},"content":{"rendered":"\n<p>A lo largo de la visita pudimos descubrir el paso de la historia del dise\u00f1o a trav\u00e9s de los Premios Compasso d\u2019Oro, que sin duda pueden catalogarse como los premios Nobel del Dise\u00f1o.<\/p>\n\n\n\n<p>Dise\u00f1adores y arquitectos de enorme trayectoria y prestigio, importantes empresas que han marcado hitos significativos en la historia, materiales innovadores, t\u00e9cnicas constructivas, mecanismos. Dise\u00f1o adelantado a su tiempo y consolidado tras d\u00e9cadas es lo que podr\u00e1s descubrir en este espectacular Museo al que desde Aretha invitamos a que visites en tu pr\u00f3xima parada en Mil\u00e1n.\u00a0<\/p>\n","protected":false},"excerpt":{"rendered":"<p>Es un verdadero privilegio el poder visitar el Museo ADI ( Asociaci\u00f3n de Dise\u00f1o Industrial Italiana ) de la mano de Marco Predari, presidente de Universal Selecta y tesorero del Museo, recorriendo en un paseo por el tiempo los hitos m\u00e1s importantes del Dise\u00f1o Industrial con may\u00fasculas.<\/p>\n","protected":false},"author":6,"featured_media":1795,"template":"","meta":{"footnotes":""},"video_category":[8],"video_tag":[],"class_list":["post-1793","video_serie","type-video_serie","status-publish","has-post-thumbnail","hentry","video_category-un-cafe"],"yoast_head":"<!-- This site is optimized with the Yoast SEO plugin v27.4 - https:\/\/yoast.com\/product\/yoast-seo-wordpress\/ -->\n<title>Un caf\u00e9 con Marco Predari | Aretha Explora<\/title>\n<meta name=\"description\" content=\"Marco Predari, presidente de Universal Selecta y tesorero del Museo ADI, recorriendo los hitos m\u00e1s importantes del Dise\u00f1o Industrial.\" \/>\n<meta name=\"robots\" content=\"index, follow, max-snippet:-1, max-image-preview:large, max-video-preview:-1\" \/>\n<link rel=\"canonical\" href=\"https:\/\/espacioaretha.com\/explora\/video-series\/marco-pedrari\/\" \/>\n<meta property=\"og:locale\" content=\"es_ES\" \/>\n<meta property=\"og:type\" content=\"article\" \/>\n<meta property=\"og:title\" content=\"Un caf\u00e9 con Marco Pedrari | Aretha Explora\" \/>\n<meta property=\"og:description\" content=\"Marco Predari, presidente de Universal Selecta y tesorero del Museo ADI, recorriendo los hitos m\u00e1s importantes del Dise\u00f1o Industrial.\" \/>\n<meta property=\"og:url\" content=\"https:\/\/espacioaretha.com\/explora\/video-series\/marco-pedrari\/\" \/>\n<meta property=\"og:site_name\" content=\"Aretha Explora\" \/>\n<meta property=\"article:modified_time\" content=\"2025-05-29T11:28:19+00:00\" \/>\n<meta property=\"og:image\" content=\"https:\/\/espacioaretha.com\/explora\/wp-content\/uploads\/2022\/04\/marco-pedrari.webp\" \/>\n\t<meta property=\"og:image:width\" content=\"1920\" \/>\n\t<meta property=\"og:image:height\" content=\"1080\" \/>\n\t<meta property=\"og:image:type\" content=\"image\/webp\" \/>\n<meta name=\"twitter:card\" content=\"summary_large_image\" \/>\n<meta name=\"twitter:label1\" content=\"Tiempo de lectura\" \/>\n\t<meta name=\"twitter:data1\" content=\"1 minuto\" \/>\n<script type=\"application\/ld+json\" class=\"yoast-schema-graph\">{\"@context\":\"https:\\\/\\\/schema.org\",\"@graph\":[{\"@type\":\"WebPage\",\"@id\":\"https:\\\/\\\/espacioaretha.com\\\/explora\\\/video-series\\\/marco-pedrari\\\/\",\"url\":\"https:\\\/\\\/espacioaretha.com\\\/explora\\\/video-series\\\/marco-pedrari\\\/\",\"name\":\"Un caf\u00e9 con Marco Predari | Aretha Explora\",\"isPartOf\":{\"@id\":\"https:\\\/\\\/espacioaretha.com\\\/explora\\\/#website\"},\"primaryImageOfPage\":{\"@id\":\"https:\\\/\\\/espacioaretha.com\\\/explora\\\/video-series\\\/marco-pedrari\\\/#primaryimage\"},\"image\":{\"@id\":\"https:\\\/\\\/espacioaretha.com\\\/explora\\\/video-series\\\/marco-pedrari\\\/#primaryimage\"},\"thumbnailUrl\":\"https:\\\/\\\/espacioaretha.com\\\/explora\\\/wp-content\\\/uploads\\\/2022\\\/04\\\/marco-pedrari.webp\",\"datePublished\":\"2022-03-18T09:35:32+00:00\",\"dateModified\":\"2025-05-29T11:28:19+00:00\",\"description\":\"Marco Predari, presidente de Universal Selecta y tesorero del Museo ADI, recorriendo los hitos m\u00e1s importantes del Dise\u00f1o Industrial.\",\"breadcrumb\":{\"@id\":\"https:\\\/\\\/espacioaretha.com\\\/explora\\\/video-series\\\/marco-pedrari\\\/#breadcrumb\"},\"inLanguage\":\"es\",\"potentialAction\":[{\"@type\":\"ReadAction\",\"target\":[\"https:\\\/\\\/espacioaretha.com\\\/explora\\\/video-series\\\/marco-pedrari\\\/\"]}]},{\"@type\":\"ImageObject\",\"inLanguage\":\"es\",\"@id\":\"https:\\\/\\\/espacioaretha.com\\\/explora\\\/video-series\\\/marco-pedrari\\\/#primaryimage\",\"url\":\"https:\\\/\\\/espacioaretha.com\\\/explora\\\/wp-content\\\/uploads\\\/2022\\\/04\\\/marco-pedrari.webp\",\"contentUrl\":\"https:\\\/\\\/espacioaretha.com\\\/explora\\\/wp-content\\\/uploads\\\/2022\\\/04\\\/marco-pedrari.webp\",\"width\":1920,\"height\":1080},{\"@type\":\"BreadcrumbList\",\"@id\":\"https:\\\/\\\/espacioaretha.com\\\/explora\\\/video-series\\\/marco-pedrari\\\/#breadcrumb\",\"itemListElement\":[{\"@type\":\"ListItem\",\"position\":1,\"name\":\"Portada\",\"item\":\"https:\\\/\\\/espacioaretha.com\\\/explora\\\/\"},{\"@type\":\"ListItem\",\"position\":2,\"name\":\"Video series\",\"item\":\"https:\\\/\\\/espacioaretha.com\\\/explora\\\/video-series\\\/\"},{\"@type\":\"ListItem\",\"position\":3,\"name\":\"Marco Predari\"}]},{\"@type\":\"WebSite\",\"@id\":\"https:\\\/\\\/espacioaretha.com\\\/explora\\\/#website\",\"url\":\"https:\\\/\\\/espacioaretha.com\\\/explora\\\/\",\"name\":\"Aretha Explora\",\"description\":\"Plataforma de contenidos e inspiraci\u00f3n sobre arquitectura, dise\u00f1o y mucho m\u00e1s\",\"publisher\":{\"@id\":\"https:\\\/\\\/espacioaretha.com\\\/explora\\\/#organization\"},\"potentialAction\":[{\"@type\":\"SearchAction\",\"target\":{\"@type\":\"EntryPoint\",\"urlTemplate\":\"https:\\\/\\\/espacioaretha.com\\\/explora\\\/?s={search_term_string}\"},\"query-input\":{\"@type\":\"PropertyValueSpecification\",\"valueRequired\":true,\"valueName\":\"search_term_string\"}}],\"inLanguage\":\"es\"},{\"@type\":\"Organization\",\"@id\":\"https:\\\/\\\/espacioaretha.com\\\/explora\\\/#organization\",\"name\":\"Aretha Explora\",\"alternateName\":\"Aretha\",\"url\":\"https:\\\/\\\/espacioaretha.com\\\/explora\\\/\",\"logo\":{\"@type\":\"ImageObject\",\"inLanguage\":\"es\",\"@id\":\"https:\\\/\\\/espacioaretha.com\\\/explora\\\/#\\\/schema\\\/logo\\\/image\\\/\",\"url\":\"https:\\\/\\\/espacioaretha.com\\\/explora\\\/wp-content\\\/uploads\\\/2022\\\/05\\\/Ojo-web.jpg\",\"contentUrl\":\"https:\\\/\\\/espacioaretha.com\\\/explora\\\/wp-content\\\/uploads\\\/2022\\\/05\\\/Ojo-web.jpg\",\"width\":1920,\"height\":1080,\"caption\":\"Aretha Explora\"},\"image\":{\"@id\":\"https:\\\/\\\/espacioaretha.com\\\/explora\\\/#\\\/schema\\\/logo\\\/image\\\/\"}}]}<\/script>\n<!-- \/ Yoast SEO plugin. -->","yoast_head_json":{"title":"Un caf\u00e9 con Marco Predari | Aretha Explora","description":"Marco Predari, presidente de Universal Selecta y tesorero del Museo ADI, recorriendo los hitos m\u00e1s importantes del Dise\u00f1o Industrial.","robots":{"index":"index","follow":"follow","max-snippet":"max-snippet:-1","max-image-preview":"max-image-preview:large","max-video-preview":"max-video-preview:-1"},"canonical":"https:\/\/espacioaretha.com\/explora\/video-series\/marco-pedrari\/","og_locale":"es_ES","og_type":"article","og_title":"Un caf\u00e9 con Marco Pedrari | Aretha Explora","og_description":"Marco Predari, presidente de Universal Selecta y tesorero del Museo ADI, recorriendo los hitos m\u00e1s importantes del Dise\u00f1o Industrial.","og_url":"https:\/\/espacioaretha.com\/explora\/video-series\/marco-pedrari\/","og_site_name":"Aretha Explora","article_modified_time":"2025-05-29T11:28:19+00:00","og_image":[{"width":1920,"height":1080,"url":"https:\/\/espacioaretha.com\/explora\/wp-content\/uploads\/2022\/04\/marco-pedrari.webp","type":"image\/webp"}],"twitter_card":"summary_large_image","twitter_misc":{"Tiempo de lectura":"1 minuto"},"schema":{"@context":"https:\/\/schema.org","@graph":[{"@type":"WebPage","@id":"https:\/\/espacioaretha.com\/explora\/video-series\/marco-pedrari\/","url":"https:\/\/espacioaretha.com\/explora\/video-series\/marco-pedrari\/","name":"Un caf\u00e9 con Marco Predari | Aretha Explora","isPartOf":{"@id":"https:\/\/espacioaretha.com\/explora\/#website"},"primaryImageOfPage":{"@id":"https:\/\/espacioaretha.com\/explora\/video-series\/marco-pedrari\/#primaryimage"},"image":{"@id":"https:\/\/espacioaretha.com\/explora\/video-series\/marco-pedrari\/#primaryimage"},"thumbnailUrl":"https:\/\/espacioaretha.com\/explora\/wp-content\/uploads\/2022\/04\/marco-pedrari.webp","datePublished":"2022-03-18T09:35:32+00:00","dateModified":"2025-05-29T11:28:19+00:00","description":"Marco Predari, presidente de Universal Selecta y tesorero del Museo ADI, recorriendo los hitos m\u00e1s importantes del Dise\u00f1o Industrial.","breadcrumb":{"@id":"https:\/\/espacioaretha.com\/explora\/video-series\/marco-pedrari\/#breadcrumb"},"inLanguage":"es","potentialAction":[{"@type":"ReadAction","target":["https:\/\/espacioaretha.com\/explora\/video-series\/marco-pedrari\/"]}]},{"@type":"ImageObject","inLanguage":"es","@id":"https:\/\/espacioaretha.com\/explora\/video-series\/marco-pedrari\/#primaryimage","url":"https:\/\/espacioaretha.com\/explora\/wp-content\/uploads\/2022\/04\/marco-pedrari.webp","contentUrl":"https:\/\/espacioaretha.com\/explora\/wp-content\/uploads\/2022\/04\/marco-pedrari.webp","width":1920,"height":1080},{"@type":"BreadcrumbList","@id":"https:\/\/espacioaretha.com\/explora\/video-series\/marco-pedrari\/#breadcrumb","itemListElement":[{"@type":"ListItem","position":1,"name":"Portada","item":"https:\/\/espacioaretha.com\/explora\/"},{"@type":"ListItem","position":2,"name":"Video series","item":"https:\/\/espacioaretha.com\/explora\/video-series\/"},{"@type":"ListItem","position":3,"name":"Marco Predari"}]},{"@type":"WebSite","@id":"https:\/\/espacioaretha.com\/explora\/#website","url":"https:\/\/espacioaretha.com\/explora\/","name":"Aretha Explora","description":"Plataforma de contenidos e inspiraci\u00f3n sobre arquitectura, dise\u00f1o y mucho m\u00e1s","publisher":{"@id":"https:\/\/espacioaretha.com\/explora\/#organization"},"potentialAction":[{"@type":"SearchAction","target":{"@type":"EntryPoint","urlTemplate":"https:\/\/espacioaretha.com\/explora\/?s={search_term_string}"},"query-input":{"@type":"PropertyValueSpecification","valueRequired":true,"valueName":"search_term_string"}}],"inLanguage":"es"},{"@type":"Organization","@id":"https:\/\/espacioaretha.com\/explora\/#organization","name":"Aretha Explora","alternateName":"Aretha","url":"https:\/\/espacioaretha.com\/explora\/","logo":{"@type":"ImageObject","inLanguage":"es","@id":"https:\/\/espacioaretha.com\/explora\/#\/schema\/logo\/image\/","url":"https:\/\/espacioaretha.com\/explora\/wp-content\/uploads\/2022\/05\/Ojo-web.jpg","contentUrl":"https:\/\/espacioaretha.com\/explora\/wp-content\/uploads\/2022\/05\/Ojo-web.jpg","width":1920,"height":1080,"caption":"Aretha Explora"},"image":{"@id":"https:\/\/espacioaretha.com\/explora\/#\/schema\/logo\/image\/"}}]}},"_links":{"self":[{"href":"https:\/\/espacioaretha.com\/explora\/wp-json\/wp\/v2\/video_serie\/1793","targetHints":{"allow":["GET"]}}],"collection":[{"href":"https:\/\/espacioaretha.com\/explora\/wp-json\/wp\/v2\/video_serie"}],"about":[{"href":"https:\/\/espacioaretha.com\/explora\/wp-json\/wp\/v2\/types\/video_serie"}],"author":[{"embeddable":true,"href":"https:\/\/espacioaretha.com\/explora\/wp-json\/wp\/v2\/users\/6"}],"version-history":[{"count":6,"href":"https:\/\/espacioaretha.com\/explora\/wp-json\/wp\/v2\/video_serie\/1793\/revisions"}],"predecessor-version":[{"id":2821,"href":"https:\/\/espacioaretha.com\/explora\/wp-json\/wp\/v2\/video_serie\/1793\/revisions\/2821"}],"wp:featuredmedia":[{"embeddable":true,"href":"https:\/\/espacioaretha.com\/explora\/wp-json\/wp\/v2\/media\/1795"}],"wp:attachment":[{"href":"https:\/\/espacioaretha.com\/explora\/wp-json\/wp\/v2\/media?parent=1793"}],"wp:term":[{"taxonomy":"video_category","embeddable":true,"href":"https:\/\/espacioaretha.com\/explora\/wp-json\/wp\/v2\/video_category?post=1793"},{"taxonomy":"video_tag","embeddable":true,"href":"https:\/\/espacioaretha.com\/explora\/wp-json\/wp\/v2\/video_tag?post=1793"}],"curies":[{"name":"wp","href":"https:\/\/api.w.org\/{rel}","templated":true}]}}

<p>A lo largo de la visita pudimos descubrir el paso de la historia del diseño a través de los Premios Compasso d’Oro, que sin duda pueden catalogarse como los premios Nobel del Diseño.</p>



<p>Diseñadores y arquitectos de enorme trayectoria y prestigio, importantes empresas que han marcado hitos significativos en la historia, materiales innovadores, técnicas constructivas, mecanismos. Diseño adelantado a su tiempo y consolidado tras décadas es lo que podrás descubrir en este espectacular Museo al que desde Aretha invitamos a que visites en tu próxima parada en Milán. </p>

<p>Es un verdadero privilegio el poder visitar el Museo ADI ( Asociación de Diseño Industrial Italiana ) de la mano de Marco Predari, presidente de Universal Selecta y tesorero del Museo, recorriendo en un paseo por el tiempo los hitos más importantes del Diseño Industrial con mayúsculas.</p>

<!-- This site is optimized with the Yoast SEO plugin v27.4 - https://yoast.com/product/yoast-seo-wordpress/ -->
<title>Un café con Marco Predari | Aretha Explora</title>
<meta name="description" content="Marco Predari, presidente de Universal Selecta y tesorero del Museo ADI, recorriendo los hitos más importantes del Diseño Industrial." />
<meta name="robots" content="index, follow, max-snippet:-1, max-image-preview:large, max-video-preview:-1" />
<link rel="canonical" href="https://espacioaretha.com/explora/video-series/marco-pedrari/" />
<meta property="og:locale" content="es_ES" />
<meta property="og:type" content="article" />
<meta property="og:title" content="Un café con Marco Pedrari | Aretha Explora" />
<meta property="og:description" content="Marco Predari, presidente de Universal Selecta y tesorero del Museo ADI, recorriendo los hitos más importantes del Diseño Industrial." />
<meta property="og:url" content="https://espacioaretha.com/explora/video-series/marco-pedrari/" />
<meta property="og:site_name" content="Aretha Explora" />
<meta property="article:modified_time" content="2025-05-29T11:28:19+00:00" />
<meta property="og:image" content="https://espacioaretha.com/explora/wp-content/uploads/2022/04/marco-pedrari.webp" />
	<meta property="og:image:width" content="1920" />
	<meta property="og:image:height" content="1080" />
	<meta property="og:image:type" content="image/webp" />
<meta name="twitter:card" content="summary_large_image" />
<meta name="twitter:label1" content="Tiempo de lectura" />
	<meta name="twitter:data1" content="1 minuto" />
<script type="application/ld+json" class="yoast-schema-graph">{"@context":"https:\/\/schema.org","@graph":[{"@type":"WebPage","@id":"https:\/\/espacioaretha.com\/explora\/video-series\/marco-pedrari\/","url":"https:\/\/espacioaretha.com\/explora\/video-series\/marco-pedrari\/","name":"Un café con Marco Predari | Aretha Explora","isPartOf":{"@id":"https:\/\/espacioaretha.com\/explora\/#website"},"primaryImageOfPage":{"@id":"https:\/\/espacioaretha.com\/explora\/video-series\/marco-pedrari\/#primaryimage"},"image":{"@id":"https:\/\/espacioaretha.com\/explora\/video-series\/marco-pedrari\/#primaryimage"},"thumbnailUrl":"https:\/\/espacioaretha.com\/explora\/wp-content\/uploads\/2022\/04\/marco-pedrari.webp","datePublished":"2022-03-18T09:35:32+00:00","dateModified":"2025-05-29T11:28:19+00:00","description":"Marco Predari, presidente de Universal Selecta y tesorero del Museo ADI, recorriendo los hitos más importantes del Diseño Industrial.","breadcrumb":{"@id":"https:\/\/espacioaretha.com\/explora\/video-series\/marco-pedrari\/#breadcrumb"},"inLanguage":"es","potentialAction":[{"@type":"ReadAction","target":["https:\/\/espacioaretha.com\/explora\/video-series\/marco-pedrari\/"]}]},{"@type":"ImageObject","inLanguage":"es","@id":"https:\/\/espacioaretha.com\/explora\/video-series\/marco-pedrari\/#primaryimage","url":"https:\/\/espacioaretha.com\/explora\/wp-content\/uploads\/2022\/04\/marco-pedrari.webp","contentUrl":"https:\/\/espacioaretha.com\/explora\/wp-content\/uploads\/2022\/04\/marco-pedrari.webp","width":1920,"height":1080},{"@type":"BreadcrumbList","@id":"https:\/\/espacioaretha.com\/explora\/video-series\/marco-pedrari\/#breadcrumb","itemListElement":[{"@type":"ListItem","position":1,"name":"Portada","item":"https:\/\/espacioaretha.com\/explora\/"},{"@type":"ListItem","position":2,"name":"Video series","item":"https:\/\/espacioaretha.com\/explora\/video-series\/"},{"@type":"ListItem","position":3,"name":"Marco Predari"}]},{"@type":"WebSite","@id":"https:\/\/espacioaretha.com\/explora\/#website","url":"https:\/\/espacioaretha.com\/explora\/","name":"Aretha Explora","description":"Plataforma de contenidos e inspiración sobre arquitectura, diseño y mucho más","publisher":{"@id":"https:\/\/espacioaretha.com\/explora\/#organization"},"potentialAction":[{"@type":"SearchAction","target":{"@type":"EntryPoint","urlTemplate":"https:\/\/espacioaretha.com\/explora\/?s={search_term_string}"},"query-input":{"@type":"PropertyValueSpecification","valueRequired":true,"valueName":"search_term_string"}}],"inLanguage":"es"},{"@type":"Organization","@id":"https:\/\/espacioaretha.com\/explora\/#organization","name":"Aretha Explora","alternateName":"Aretha","url":"https:\/\/espacioaretha.com\/explora\/","logo":{"@type":"ImageObject","inLanguage":"es","@id":"https:\/\/espacioaretha.com\/explora\/#\/schema\/logo\/image\/","url":"https:\/\/espacioaretha.com\/explora\/wp-content\/uploads\/2022\/05\/Ojo-web.jpg","contentUrl":"https:\/\/espacioaretha.com\/explora\/wp-content\/uploads\/2022\/05\/Ojo-web.jpg","width":1920,"height":1080,"caption":"Aretha Explora"},"image":{"@id":"https:\/\/espacioaretha.com\/explora\/#\/schema\/logo\/image\/"}}]}</script>
<!-- / Yoast SEO plugin. -->

Un café con Marco Predari | Aretha Explora

Marco Predari, presidente de Universal Selecta y tesorero del Museo ADI, recorriendo los hitos más importantes del Diseño Industrial.

Un café con Marco Pedrari | Aretha Explora

Plataforma de contenidos e inspiración sobre arquitectura, diseño y mucho más
