{"id":4095,"date":"2024-04-11T20:05:00","date_gmt":"2024-04-11T18:05:00","guid":{"rendered":"https:\/\/espacioaretha.com\/explora\/?post_type=video_serie&#038;p=4095"},"modified":"2025-05-28T12:55:19","modified_gmt":"2025-05-28T10:55:19","slug":"rafael-gallego","status":"publish","type":"video_serie","link":"https:\/\/espacioaretha.com\/explora\/video-series\/rafael-gallego\/","title":{"rendered":"Rafael Gallego"},"content":{"rendered":"\n<p>Como especialista en dise\u00f1o de iluminaci\u00f3n, nos sumerge en el proceso de trabajo de su estudio. Nos desvela la importancia de concebir los proyectos desde tres pilares fundamentales: el espacio, la iluminaci\u00f3n y el comportamiento de las personas. Valores clave para transformar un proyecto lum\u00ednico en un oasis de confort.<\/p>\n\n\n\n<p>Descubrimos el intrigante viaje de crear experiencias de usuario a trav\u00e9s de la iluminaci\u00f3n, donde la luz se convierte en la creadora de sensaciones y emociones, conectando a las personas con su entorno, y exploramos la potencia de la luz para comunicar un mensaje \u00fanico, el ADN de cada espacio.<\/p>\n\n\n\n<p>En palabras de Rafael Gallego, \u201cas\u00ed como 20 minutos de luz azul animan m\u00e1s que dos caf\u00e9s\u201c, te invitamos a sumergirte en estos 20 minutos que seguramente dejar\u00e1 una huella brillante en tus futuros proyectos. &nbsp;<\/p>\n","protected":false},"excerpt":{"rendered":"<p>Rafael Gallego nos ilumina en esta entrevista. <\/p>\n","protected":false},"author":25,"featured_media":4100,"template":"","meta":{"footnotes":""},"video_category":[8],"video_tag":[],"class_list":["post-4095","video_serie","type-video_serie","status-publish","has-post-thumbnail","hentry","video_category-un-cafe"],"yoast_head":"<!-- This site is optimized with the Yoast SEO plugin v27.4 - https:\/\/yoast.com\/product\/yoast-seo-wordpress\/ -->\n<title>Un caf\u00e9 con Rafael Gallego | Aretha Explora<\/title>\n<meta name=\"description\" content=\"Rafael Gallego, lighting designer, desvela las claves de incorporar la luz en proyectos de interiorismo. La luz y las emociones.\" \/>\n<meta name=\"robots\" content=\"index, follow, max-snippet:-1, max-image-preview:large, max-video-preview:-1\" \/>\n<link rel=\"canonical\" href=\"https:\/\/espacioaretha.com\/explora\/video-series\/rafael-gallego\/\" \/>\n<meta property=\"og:locale\" content=\"es_ES\" \/>\n<meta property=\"og:type\" content=\"article\" \/>\n<meta property=\"og:title\" content=\"Un caf\u00e9 con... Rafael Gallego | Aretha Explora\" \/>\n<meta property=\"og:description\" content=\"Rafael Gallego, lighting designer, desvela las claves de incorporar la luz en proyectos de interiorismo. La luz y las emociones.\" \/>\n<meta property=\"og:url\" content=\"https:\/\/espacioaretha.com\/explora\/video-series\/rafael-gallego\/\" \/>\n<meta property=\"og:site_name\" content=\"Aretha Explora\" \/>\n<meta property=\"article:modified_time\" content=\"2025-05-28T10:55:19+00:00\" \/>\n<meta property=\"og:image\" content=\"https:\/\/espacioaretha.com\/explora\/wp-content\/uploads\/2024\/01\/1_Cafe-con-Rafael-Gallego.jpg\" \/>\n\t<meta property=\"og:image:width\" content=\"1862\" \/>\n\t<meta property=\"og:image:height\" content=\"1080\" \/>\n\t<meta property=\"og:image:type\" content=\"image\/jpeg\" \/>\n<meta name=\"twitter:card\" content=\"summary_large_image\" \/>\n<meta name=\"twitter:title\" content=\"Un caf\u00e9 con... Rafael Gallego | Aretha Explora\" \/>\n<meta name=\"twitter:description\" content=\"Rafael Gallego, lighting designer, desvela las claves de incorporar la luz en proyectos de interiorismo. La luz y las emociones.\" \/>\n<meta name=\"twitter:image\" content=\"https:\/\/espacioaretha.com\/explora\/wp-content\/uploads\/2024\/01\/1_Cafe-con-Rafael-Gallego.jpg\" \/>\n<meta name=\"twitter:label1\" content=\"Tiempo de lectura\" \/>\n\t<meta name=\"twitter:data1\" content=\"1 minuto\" \/>\n<script type=\"application\/ld+json\" class=\"yoast-schema-graph\">{\"@context\":\"https:\\\/\\\/schema.org\",\"@graph\":[{\"@type\":\"WebPage\",\"@id\":\"https:\\\/\\\/espacioaretha.com\\\/explora\\\/video-series\\\/rafael-gallego\\\/\",\"url\":\"https:\\\/\\\/espacioaretha.com\\\/explora\\\/video-series\\\/rafael-gallego\\\/\",\"name\":\"Un caf\u00e9 con Rafael Gallego | Aretha Explora\",\"isPartOf\":{\"@id\":\"https:\\\/\\\/espacioaretha.com\\\/explora\\\/#website\"},\"primaryImageOfPage\":{\"@id\":\"https:\\\/\\\/espacioaretha.com\\\/explora\\\/video-series\\\/rafael-gallego\\\/#primaryimage\"},\"image\":{\"@id\":\"https:\\\/\\\/espacioaretha.com\\\/explora\\\/video-series\\\/rafael-gallego\\\/#primaryimage\"},\"thumbnailUrl\":\"https:\\\/\\\/espacioaretha.com\\\/explora\\\/wp-content\\\/uploads\\\/2024\\\/01\\\/1_Cafe-con-Rafael-Gallego.jpg\",\"datePublished\":\"2024-04-11T18:05:00+00:00\",\"dateModified\":\"2025-05-28T10:55:19+00:00\",\"description\":\"Rafael Gallego, lighting designer, desvela las claves de incorporar la luz en proyectos de interiorismo. La luz y las emociones.\",\"breadcrumb\":{\"@id\":\"https:\\\/\\\/espacioaretha.com\\\/explora\\\/video-series\\\/rafael-gallego\\\/#breadcrumb\"},\"inLanguage\":\"es\",\"potentialAction\":[{\"@type\":\"ReadAction\",\"target\":[\"https:\\\/\\\/espacioaretha.com\\\/explora\\\/video-series\\\/rafael-gallego\\\/\"]}]},{\"@type\":\"ImageObject\",\"inLanguage\":\"es\",\"@id\":\"https:\\\/\\\/espacioaretha.com\\\/explora\\\/video-series\\\/rafael-gallego\\\/#primaryimage\",\"url\":\"https:\\\/\\\/espacioaretha.com\\\/explora\\\/wp-content\\\/uploads\\\/2024\\\/01\\\/1_Cafe-con-Rafael-Gallego.jpg\",\"contentUrl\":\"https:\\\/\\\/espacioaretha.com\\\/explora\\\/wp-content\\\/uploads\\\/2024\\\/01\\\/1_Cafe-con-Rafael-Gallego.jpg\",\"width\":1862,\"height\":1080,\"caption\":\"Rafael Gallego caf\u00e9 con Aretha Explora\"},{\"@type\":\"BreadcrumbList\",\"@id\":\"https:\\\/\\\/espacioaretha.com\\\/explora\\\/video-series\\\/rafael-gallego\\\/#breadcrumb\",\"itemListElement\":[{\"@type\":\"ListItem\",\"position\":1,\"name\":\"Portada\",\"item\":\"https:\\\/\\\/espacioaretha.com\\\/explora\\\/\"},{\"@type\":\"ListItem\",\"position\":2,\"name\":\"Video series\",\"item\":\"https:\\\/\\\/espacioaretha.com\\\/explora\\\/video-series\\\/\"},{\"@type\":\"ListItem\",\"position\":3,\"name\":\"Rafael Gallego\"}]},{\"@type\":\"WebSite\",\"@id\":\"https:\\\/\\\/espacioaretha.com\\\/explora\\\/#website\",\"url\":\"https:\\\/\\\/espacioaretha.com\\\/explora\\\/\",\"name\":\"Aretha Explora\",\"description\":\"Plataforma de contenidos e inspiraci\u00f3n sobre arquitectura, dise\u00f1o y mucho m\u00e1s\",\"publisher\":{\"@id\":\"https:\\\/\\\/espacioaretha.com\\\/explora\\\/#organization\"},\"potentialAction\":[{\"@type\":\"SearchAction\",\"target\":{\"@type\":\"EntryPoint\",\"urlTemplate\":\"https:\\\/\\\/espacioaretha.com\\\/explora\\\/?s={search_term_string}\"},\"query-input\":{\"@type\":\"PropertyValueSpecification\",\"valueRequired\":true,\"valueName\":\"search_term_string\"}}],\"inLanguage\":\"es\"},{\"@type\":\"Organization\",\"@id\":\"https:\\\/\\\/espacioaretha.com\\\/explora\\\/#organization\",\"name\":\"Aretha Explora\",\"alternateName\":\"Aretha\",\"url\":\"https:\\\/\\\/espacioaretha.com\\\/explora\\\/\",\"logo\":{\"@type\":\"ImageObject\",\"inLanguage\":\"es\",\"@id\":\"https:\\\/\\\/espacioaretha.com\\\/explora\\\/#\\\/schema\\\/logo\\\/image\\\/\",\"url\":\"https:\\\/\\\/espacioaretha.com\\\/explora\\\/wp-content\\\/uploads\\\/2022\\\/05\\\/Ojo-web.jpg\",\"contentUrl\":\"https:\\\/\\\/espacioaretha.com\\\/explora\\\/wp-content\\\/uploads\\\/2022\\\/05\\\/Ojo-web.jpg\",\"width\":1920,\"height\":1080,\"caption\":\"Aretha Explora\"},\"image\":{\"@id\":\"https:\\\/\\\/espacioaretha.com\\\/explora\\\/#\\\/schema\\\/logo\\\/image\\\/\"}}]}<\/script>\n<!-- \/ Yoast SEO plugin. -->","yoast_head_json":{"title":"Un caf\u00e9 con Rafael Gallego | Aretha Explora","description":"Rafael Gallego, lighting designer, desvela las claves de incorporar la luz en proyectos de interiorismo. La luz y las emociones.","robots":{"index":"index","follow":"follow","max-snippet":"max-snippet:-1","max-image-preview":"max-image-preview:large","max-video-preview":"max-video-preview:-1"},"canonical":"https:\/\/espacioaretha.com\/explora\/video-series\/rafael-gallego\/","og_locale":"es_ES","og_type":"article","og_title":"Un caf\u00e9 con... Rafael Gallego | Aretha Explora","og_description":"Rafael Gallego, lighting designer, desvela las claves de incorporar la luz en proyectos de interiorismo. La luz y las emociones.","og_url":"https:\/\/espacioaretha.com\/explora\/video-series\/rafael-gallego\/","og_site_name":"Aretha Explora","article_modified_time":"2025-05-28T10:55:19+00:00","og_image":[{"width":1862,"height":1080,"url":"https:\/\/espacioaretha.com\/explora\/wp-content\/uploads\/2024\/01\/1_Cafe-con-Rafael-Gallego.jpg","type":"image\/jpeg"}],"twitter_card":"summary_large_image","twitter_title":"Un caf\u00e9 con... Rafael Gallego | Aretha Explora","twitter_description":"Rafael Gallego, lighting designer, desvela las claves de incorporar la luz en proyectos de interiorismo. La luz y las emociones.","twitter_image":"https:\/\/espacioaretha.com\/explora\/wp-content\/uploads\/2024\/01\/1_Cafe-con-Rafael-Gallego.jpg","twitter_misc":{"Tiempo de lectura":"1 minuto"},"schema":{"@context":"https:\/\/schema.org","@graph":[{"@type":"WebPage","@id":"https:\/\/espacioaretha.com\/explora\/video-series\/rafael-gallego\/","url":"https:\/\/espacioaretha.com\/explora\/video-series\/rafael-gallego\/","name":"Un caf\u00e9 con Rafael Gallego | Aretha Explora","isPartOf":{"@id":"https:\/\/espacioaretha.com\/explora\/#website"},"primaryImageOfPage":{"@id":"https:\/\/espacioaretha.com\/explora\/video-series\/rafael-gallego\/#primaryimage"},"image":{"@id":"https:\/\/espacioaretha.com\/explora\/video-series\/rafael-gallego\/#primaryimage"},"thumbnailUrl":"https:\/\/espacioaretha.com\/explora\/wp-content\/uploads\/2024\/01\/1_Cafe-con-Rafael-Gallego.jpg","datePublished":"2024-04-11T18:05:00+00:00","dateModified":"2025-05-28T10:55:19+00:00","description":"Rafael Gallego, lighting designer, desvela las claves de incorporar la luz en proyectos de interiorismo. La luz y las emociones.","breadcrumb":{"@id":"https:\/\/espacioaretha.com\/explora\/video-series\/rafael-gallego\/#breadcrumb"},"inLanguage":"es","potentialAction":[{"@type":"ReadAction","target":["https:\/\/espacioaretha.com\/explora\/video-series\/rafael-gallego\/"]}]},{"@type":"ImageObject","inLanguage":"es","@id":"https:\/\/espacioaretha.com\/explora\/video-series\/rafael-gallego\/#primaryimage","url":"https:\/\/espacioaretha.com\/explora\/wp-content\/uploads\/2024\/01\/1_Cafe-con-Rafael-Gallego.jpg","contentUrl":"https:\/\/espacioaretha.com\/explora\/wp-content\/uploads\/2024\/01\/1_Cafe-con-Rafael-Gallego.jpg","width":1862,"height":1080,"caption":"Rafael Gallego caf\u00e9 con Aretha Explora"},{"@type":"BreadcrumbList","@id":"https:\/\/espacioaretha.com\/explora\/video-series\/rafael-gallego\/#breadcrumb","itemListElement":[{"@type":"ListItem","position":1,"name":"Portada","item":"https:\/\/espacioaretha.com\/explora\/"},{"@type":"ListItem","position":2,"name":"Video series","item":"https:\/\/espacioaretha.com\/explora\/video-series\/"},{"@type":"ListItem","position":3,"name":"Rafael Gallego"}]},{"@type":"WebSite","@id":"https:\/\/espacioaretha.com\/explora\/#website","url":"https:\/\/espacioaretha.com\/explora\/","name":"Aretha Explora","description":"Plataforma de contenidos e inspiraci\u00f3n sobre arquitectura, dise\u00f1o y mucho m\u00e1s","publisher":{"@id":"https:\/\/espacioaretha.com\/explora\/#organization"},"potentialAction":[{"@type":"SearchAction","target":{"@type":"EntryPoint","urlTemplate":"https:\/\/espacioaretha.com\/explora\/?s={search_term_string}"},"query-input":{"@type":"PropertyValueSpecification","valueRequired":true,"valueName":"search_term_string"}}],"inLanguage":"es"},{"@type":"Organization","@id":"https:\/\/espacioaretha.com\/explora\/#organization","name":"Aretha Explora","alternateName":"Aretha","url":"https:\/\/espacioaretha.com\/explora\/","logo":{"@type":"ImageObject","inLanguage":"es","@id":"https:\/\/espacioaretha.com\/explora\/#\/schema\/logo\/image\/","url":"https:\/\/espacioaretha.com\/explora\/wp-content\/uploads\/2022\/05\/Ojo-web.jpg","contentUrl":"https:\/\/espacioaretha.com\/explora\/wp-content\/uploads\/2022\/05\/Ojo-web.jpg","width":1920,"height":1080,"caption":"Aretha Explora"},"image":{"@id":"https:\/\/espacioaretha.com\/explora\/#\/schema\/logo\/image\/"}}]}},"_links":{"self":[{"href":"https:\/\/espacioaretha.com\/explora\/wp-json\/wp\/v2\/video_serie\/4095","targetHints":{"allow":["GET"]}}],"collection":[{"href":"https:\/\/espacioaretha.com\/explora\/wp-json\/wp\/v2\/video_serie"}],"about":[{"href":"https:\/\/espacioaretha.com\/explora\/wp-json\/wp\/v2\/types\/video_serie"}],"author":[{"embeddable":true,"href":"https:\/\/espacioaretha.com\/explora\/wp-json\/wp\/v2\/users\/25"}],"version-history":[{"count":4,"href":"https:\/\/espacioaretha.com\/explora\/wp-json\/wp\/v2\/video_serie\/4095\/revisions"}],"predecessor-version":[{"id":4104,"href":"https:\/\/espacioaretha.com\/explora\/wp-json\/wp\/v2\/video_serie\/4095\/revisions\/4104"}],"wp:featuredmedia":[{"embeddable":true,"href":"https:\/\/espacioaretha.com\/explora\/wp-json\/wp\/v2\/media\/4100"}],"wp:attachment":[{"href":"https:\/\/espacioaretha.com\/explora\/wp-json\/wp\/v2\/media?parent=4095"}],"wp:term":[{"taxonomy":"video_category","embeddable":true,"href":"https:\/\/espacioaretha.com\/explora\/wp-json\/wp\/v2\/video_category?post=4095"},{"taxonomy":"video_tag","embeddable":true,"href":"https:\/\/espacioaretha.com\/explora\/wp-json\/wp\/v2\/video_tag?post=4095"}],"curies":[{"name":"wp","href":"https:\/\/api.w.org\/{rel}","templated":true}]}}

<p>Como especialista en diseño de iluminación, nos sumerge en el proceso de trabajo de su estudio. Nos desvela la importancia de concebir los proyectos desde tres pilares fundamentales: el espacio, la iluminación y el comportamiento de las personas. Valores clave para transformar un proyecto lumínico en un oasis de confort.</p>



<p>Descubrimos el intrigante viaje de crear experiencias de usuario a través de la iluminación, donde la luz se convierte en la creadora de sensaciones y emociones, conectando a las personas con su entorno, y exploramos la potencia de la luz para comunicar un mensaje único, el ADN de cada espacio.</p>



<p>En palabras de Rafael Gallego, “así como 20 minutos de luz azul animan más que dos cafés“, te invitamos a sumergirte en estos 20 minutos que seguramente dejará una huella brillante en tus futuros proyectos. &nbsp;</p>

<!-- This site is optimized with the Yoast SEO plugin v27.4 - https://yoast.com/product/yoast-seo-wordpress/ -->
<title>Un café con Rafael Gallego | Aretha Explora</title>
<meta name="description" content="Rafael Gallego, lighting designer, desvela las claves de incorporar la luz en proyectos de interiorismo. La luz y las emociones." />
<meta name="robots" content="index, follow, max-snippet:-1, max-image-preview:large, max-video-preview:-1" />
<link rel="canonical" href="https://espacioaretha.com/explora/video-series/rafael-gallego/" />
<meta property="og:locale" content="es_ES" />
<meta property="og:type" content="article" />
<meta property="og:title" content="Un café con... Rafael Gallego | Aretha Explora" />
<meta property="og:description" content="Rafael Gallego, lighting designer, desvela las claves de incorporar la luz en proyectos de interiorismo. La luz y las emociones." />
<meta property="og:url" content="https://espacioaretha.com/explora/video-series/rafael-gallego/" />
<meta property="og:site_name" content="Aretha Explora" />
<meta property="article:modified_time" content="2025-05-28T10:55:19+00:00" />
<meta property="og:image" content="https://espacioaretha.com/explora/wp-content/uploads/2024/01/1_Cafe-con-Rafael-Gallego.jpg" />
	<meta property="og:image:width" content="1862" />
	<meta property="og:image:height" content="1080" />
	<meta property="og:image:type" content="image/jpeg" />
<meta name="twitter:card" content="summary_large_image" />
<meta name="twitter:title" content="Un café con... Rafael Gallego | Aretha Explora" />
<meta name="twitter:description" content="Rafael Gallego, lighting designer, desvela las claves de incorporar la luz en proyectos de interiorismo. La luz y las emociones." />
<meta name="twitter:image" content="https://espacioaretha.com/explora/wp-content/uploads/2024/01/1_Cafe-con-Rafael-Gallego.jpg" />
<meta name="twitter:label1" content="Tiempo de lectura" />
	<meta name="twitter:data1" content="1 minuto" />
<script type="application/ld+json" class="yoast-schema-graph">{"@context":"https:\/\/schema.org","@graph":[{"@type":"WebPage","@id":"https:\/\/espacioaretha.com\/explora\/video-series\/rafael-gallego\/","url":"https:\/\/espacioaretha.com\/explora\/video-series\/rafael-gallego\/","name":"Un café con Rafael Gallego | Aretha Explora","isPartOf":{"@id":"https:\/\/espacioaretha.com\/explora\/#website"},"primaryImageOfPage":{"@id":"https:\/\/espacioaretha.com\/explora\/video-series\/rafael-gallego\/#primaryimage"},"image":{"@id":"https:\/\/espacioaretha.com\/explora\/video-series\/rafael-gallego\/#primaryimage"},"thumbnailUrl":"https:\/\/espacioaretha.com\/explora\/wp-content\/uploads\/2024\/01\/1_Cafe-con-Rafael-Gallego.jpg","datePublished":"2024-04-11T18:05:00+00:00","dateModified":"2025-05-28T10:55:19+00:00","description":"Rafael Gallego, lighting designer, desvela las claves de incorporar la luz en proyectos de interiorismo. La luz y las emociones.","breadcrumb":{"@id":"https:\/\/espacioaretha.com\/explora\/video-series\/rafael-gallego\/#breadcrumb"},"inLanguage":"es","potentialAction":[{"@type":"ReadAction","target":["https:\/\/espacioaretha.com\/explora\/video-series\/rafael-gallego\/"]}]},{"@type":"ImageObject","inLanguage":"es","@id":"https:\/\/espacioaretha.com\/explora\/video-series\/rafael-gallego\/#primaryimage","url":"https:\/\/espacioaretha.com\/explora\/wp-content\/uploads\/2024\/01\/1_Cafe-con-Rafael-Gallego.jpg","contentUrl":"https:\/\/espacioaretha.com\/explora\/wp-content\/uploads\/2024\/01\/1_Cafe-con-Rafael-Gallego.jpg","width":1862,"height":1080,"caption":"Rafael Gallego café con Aretha Explora"},{"@type":"BreadcrumbList","@id":"https:\/\/espacioaretha.com\/explora\/video-series\/rafael-gallego\/#breadcrumb","itemListElement":[{"@type":"ListItem","position":1,"name":"Portada","item":"https:\/\/espacioaretha.com\/explora\/"},{"@type":"ListItem","position":2,"name":"Video series","item":"https:\/\/espacioaretha.com\/explora\/video-series\/"},{"@type":"ListItem","position":3,"name":"Rafael Gallego"}]},{"@type":"WebSite","@id":"https:\/\/espacioaretha.com\/explora\/#website","url":"https:\/\/espacioaretha.com\/explora\/","name":"Aretha Explora","description":"Plataforma de contenidos e inspiración sobre arquitectura, diseño y mucho más","publisher":{"@id":"https:\/\/espacioaretha.com\/explora\/#organization"},"potentialAction":[{"@type":"SearchAction","target":{"@type":"EntryPoint","urlTemplate":"https:\/\/espacioaretha.com\/explora\/?s={search_term_string}"},"query-input":{"@type":"PropertyValueSpecification","valueRequired":true,"valueName":"search_term_string"}}],"inLanguage":"es"},{"@type":"Organization","@id":"https:\/\/espacioaretha.com\/explora\/#organization","name":"Aretha Explora","alternateName":"Aretha","url":"https:\/\/espacioaretha.com\/explora\/","logo":{"@type":"ImageObject","inLanguage":"es","@id":"https:\/\/espacioaretha.com\/explora\/#\/schema\/logo\/image\/","url":"https:\/\/espacioaretha.com\/explora\/wp-content\/uploads\/2022\/05\/Ojo-web.jpg","contentUrl":"https:\/\/espacioaretha.com\/explora\/wp-content\/uploads\/2022\/05\/Ojo-web.jpg","width":1920,"height":1080,"caption":"Aretha Explora"},"image":{"@id":"https:\/\/espacioaretha.com\/explora\/#\/schema\/logo\/image\/"}}]}</script>
<!-- / Yoast SEO plugin. -->

Un café con Rafael Gallego | Aretha Explora

Un café con... Rafael Gallego | Aretha Explora

Rafael Gallego café con Aretha Explora

Plataforma de contenidos e inspiración sobre arquitectura, diseño y mucho más
