{"id":4125,"date":"2023-10-13T10:38:47","date_gmt":"2023-10-13T08:38:47","guid":{"rendered":"https:\/\/espacioaretha.com\/explora\/?post_type=video_serie&#038;p=4125"},"modified":"2025-05-29T15:26:49","modified_gmt":"2025-05-29T13:26:49","slug":"confort-acustico","status":"publish","type":"video_serie","link":"https:\/\/espacioaretha.com\/explora\/video-series\/confort-acustico\/","title":{"rendered":"Confort ac\u00fastico"},"content":{"rendered":"\n<p>Prestigiosas firmas nacionales e internacionales, profesionales de la arquitectura y el interiorismo y escuelas de dise\u00f1o se dieron cita en nuestro espacio en la pasada Semana del Dise\u00f1o de Aretha. Innovaci\u00f3n, arquitectura ef\u00edmera, construcci\u00f3n industrializada, nuevas tecnolog\u00edas aplicadas a la construcci\u00f3n, iluminaci\u00f3n, ac\u00fastica, nuevos materiales y Design Thinking fueron algunos de los muchos temas tratados. <\/p>\n\n\n\n<p>En esta ponencia, Alejandro Sansegundo, experto en ac\u00fastica, comparte su conocimiento sobre c\u00f3mo analizar la calidad ac\u00fastica de los espacios y su influencia en el dise\u00f1o para crear entornos ac\u00fasticamente agradables.<\/p>\n","protected":false},"excerpt":{"rendered":"<p>Alejandro Sansegundo nos ense\u00f1a la importancia del confort ac\u00fastico en los espacios durante la primera Semana del Dise\u00f1o de Aretha.<\/p>\n","protected":false},"author":25,"featured_media":4130,"template":"","meta":{"footnotes":""},"video_category":[189],"video_tag":[],"class_list":["post-4125","video_serie","type-video_serie","status-publish","has-post-thumbnail","hentry","video_category-semana-del-diseno"],"yoast_head":"<!-- This site is optimized with the Yoast SEO plugin v27.4 - https:\/\/yoast.com\/product\/yoast-seo-wordpress\/ -->\n<title>Confort ac\u00fastico | Masterclass de la Semana del Dise\u00f1o | Aretha Explora<\/title>\n<meta name=\"description\" content=\"Alejandro Sansegundo ense\u00f1a a c\u00f3mo analizar la calidad ac\u00fastica de los espacios. El confort ac\u00fastico en la Semana del Dise\u00f1o de Aretha.\" \/>\n<meta name=\"robots\" content=\"index, follow, max-snippet:-1, max-image-preview:large, max-video-preview:-1\" \/>\n<link rel=\"canonical\" href=\"https:\/\/espacioaretha.com\/explora\/video-series\/confort-acustico\/\" \/>\n<meta property=\"og:locale\" content=\"es_ES\" \/>\n<meta property=\"og:type\" content=\"article\" \/>\n<meta property=\"og:title\" content=\"Confort ac\u00fastico por Alejandro Sansegundo | Aretha Explora\" \/>\n<meta property=\"og:description\" content=\"Alejandro Sansegundo ense\u00f1a a c\u00f3mo analizar la calidad ac\u00fastica de los espacios. El confort ac\u00fastico en la Semana del Dise\u00f1o de Aretha.\" \/>\n<meta property=\"og:url\" content=\"https:\/\/espacioaretha.com\/explora\/video-series\/confort-acustico\/\" \/>\n<meta property=\"og:site_name\" content=\"Aretha Explora\" \/>\n<meta property=\"article:modified_time\" content=\"2025-05-29T13:26:49+00:00\" \/>\n<meta property=\"og:image\" content=\"https:\/\/espacioaretha.com\/explora\/wp-content\/uploads\/2024\/01\/SS_Ponencia-Alejandro-Sansegundo.jpg\" \/>\n\t<meta property=\"og:image:width\" content=\"1862\" \/>\n\t<meta property=\"og:image:height\" content=\"1080\" \/>\n\t<meta property=\"og:image:type\" content=\"image\/jpeg\" \/>\n<meta name=\"twitter:card\" content=\"summary_large_image\" \/>\n<meta name=\"twitter:title\" content=\"Confort ac\u00fastico por Alejandro Sansegundo | Aretha Explora\" \/>\n<meta name=\"twitter:description\" content=\"Alejandro Sansegundo ense\u00f1a a c\u00f3mo analizar la calidad ac\u00fastica de los espacios. El confort ac\u00fastico en la Semana del Dise\u00f1o de Aretha.\" \/>\n<meta name=\"twitter:image\" content=\"https:\/\/espacioaretha.com\/explora\/wp-content\/uploads\/2024\/01\/SS_Ponencia-Alejandro-Sansegundo.jpg\" \/>\n<meta name=\"twitter:label1\" content=\"Tiempo de lectura\" \/>\n\t<meta name=\"twitter:data1\" content=\"1 minuto\" \/>\n<script type=\"application\/ld+json\" class=\"yoast-schema-graph\">{\"@context\":\"https:\\\/\\\/schema.org\",\"@graph\":[{\"@type\":\"WebPage\",\"@id\":\"https:\\\/\\\/espacioaretha.com\\\/explora\\\/video-series\\\/confort-acustico\\\/\",\"url\":\"https:\\\/\\\/espacioaretha.com\\\/explora\\\/video-series\\\/confort-acustico\\\/\",\"name\":\"Confort ac\u00fastico | Masterclass de la Semana del Dise\u00f1o | Aretha Explora\",\"isPartOf\":{\"@id\":\"https:\\\/\\\/espacioaretha.com\\\/explora\\\/#website\"},\"primaryImageOfPage\":{\"@id\":\"https:\\\/\\\/espacioaretha.com\\\/explora\\\/video-series\\\/confort-acustico\\\/#primaryimage\"},\"image\":{\"@id\":\"https:\\\/\\\/espacioaretha.com\\\/explora\\\/video-series\\\/confort-acustico\\\/#primaryimage\"},\"thumbnailUrl\":\"https:\\\/\\\/espacioaretha.com\\\/explora\\\/wp-content\\\/uploads\\\/2024\\\/01\\\/SS_Ponencia-Alejandro-Sansegundo.jpg\",\"datePublished\":\"2023-10-13T08:38:47+00:00\",\"dateModified\":\"2025-05-29T13:26:49+00:00\",\"description\":\"Alejandro Sansegundo ense\u00f1a a c\u00f3mo analizar la calidad ac\u00fastica de los espacios. El confort ac\u00fastico en la Semana del Dise\u00f1o de Aretha.\",\"breadcrumb\":{\"@id\":\"https:\\\/\\\/espacioaretha.com\\\/explora\\\/video-series\\\/confort-acustico\\\/#breadcrumb\"},\"inLanguage\":\"es\",\"potentialAction\":[{\"@type\":\"ReadAction\",\"target\":[\"https:\\\/\\\/espacioaretha.com\\\/explora\\\/video-series\\\/confort-acustico\\\/\"]}]},{\"@type\":\"ImageObject\",\"inLanguage\":\"es\",\"@id\":\"https:\\\/\\\/espacioaretha.com\\\/explora\\\/video-series\\\/confort-acustico\\\/#primaryimage\",\"url\":\"https:\\\/\\\/espacioaretha.com\\\/explora\\\/wp-content\\\/uploads\\\/2024\\\/01\\\/SS_Ponencia-Alejandro-Sansegundo.jpg\",\"contentUrl\":\"https:\\\/\\\/espacioaretha.com\\\/explora\\\/wp-content\\\/uploads\\\/2024\\\/01\\\/SS_Ponencia-Alejandro-Sansegundo.jpg\",\"width\":1862,\"height\":1080},{\"@type\":\"BreadcrumbList\",\"@id\":\"https:\\\/\\\/espacioaretha.com\\\/explora\\\/video-series\\\/confort-acustico\\\/#breadcrumb\",\"itemListElement\":[{\"@type\":\"ListItem\",\"position\":1,\"name\":\"Portada\",\"item\":\"https:\\\/\\\/espacioaretha.com\\\/explora\\\/\"},{\"@type\":\"ListItem\",\"position\":2,\"name\":\"Video series\",\"item\":\"https:\\\/\\\/espacioaretha.com\\\/explora\\\/video-series\\\/\"},{\"@type\":\"ListItem\",\"position\":3,\"name\":\"Confort ac\u00fastico\"}]},{\"@type\":\"WebSite\",\"@id\":\"https:\\\/\\\/espacioaretha.com\\\/explora\\\/#website\",\"url\":\"https:\\\/\\\/espacioaretha.com\\\/explora\\\/\",\"name\":\"Aretha Explora\",\"description\":\"Plataforma de contenidos e inspiraci\u00f3n sobre arquitectura, dise\u00f1o y mucho m\u00e1s\",\"publisher\":{\"@id\":\"https:\\\/\\\/espacioaretha.com\\\/explora\\\/#organization\"},\"potentialAction\":[{\"@type\":\"SearchAction\",\"target\":{\"@type\":\"EntryPoint\",\"urlTemplate\":\"https:\\\/\\\/espacioaretha.com\\\/explora\\\/?s={search_term_string}\"},\"query-input\":{\"@type\":\"PropertyValueSpecification\",\"valueRequired\":true,\"valueName\":\"search_term_string\"}}],\"inLanguage\":\"es\"},{\"@type\":\"Organization\",\"@id\":\"https:\\\/\\\/espacioaretha.com\\\/explora\\\/#organization\",\"name\":\"Aretha Explora\",\"alternateName\":\"Aretha\",\"url\":\"https:\\\/\\\/espacioaretha.com\\\/explora\\\/\",\"logo\":{\"@type\":\"ImageObject\",\"inLanguage\":\"es\",\"@id\":\"https:\\\/\\\/espacioaretha.com\\\/explora\\\/#\\\/schema\\\/logo\\\/image\\\/\",\"url\":\"https:\\\/\\\/espacioaretha.com\\\/explora\\\/wp-content\\\/uploads\\\/2022\\\/05\\\/Ojo-web.jpg\",\"contentUrl\":\"https:\\\/\\\/espacioaretha.com\\\/explora\\\/wp-content\\\/uploads\\\/2022\\\/05\\\/Ojo-web.jpg\",\"width\":1920,\"height\":1080,\"caption\":\"Aretha Explora\"},\"image\":{\"@id\":\"https:\\\/\\\/espacioaretha.com\\\/explora\\\/#\\\/schema\\\/logo\\\/image\\\/\"}}]}<\/script>\n<!-- \/ Yoast SEO plugin. -->","yoast_head_json":{"title":"Confort ac\u00fastico | Masterclass de la Semana del Dise\u00f1o | Aretha Explora","description":"Alejandro Sansegundo ense\u00f1a a c\u00f3mo analizar la calidad ac\u00fastica de los espacios. El confort ac\u00fastico en la Semana del Dise\u00f1o de Aretha.","robots":{"index":"index","follow":"follow","max-snippet":"max-snippet:-1","max-image-preview":"max-image-preview:large","max-video-preview":"max-video-preview:-1"},"canonical":"https:\/\/espacioaretha.com\/explora\/video-series\/confort-acustico\/","og_locale":"es_ES","og_type":"article","og_title":"Confort ac\u00fastico por Alejandro Sansegundo | Aretha Explora","og_description":"Alejandro Sansegundo ense\u00f1a a c\u00f3mo analizar la calidad ac\u00fastica de los espacios. El confort ac\u00fastico en la Semana del Dise\u00f1o de Aretha.","og_url":"https:\/\/espacioaretha.com\/explora\/video-series\/confort-acustico\/","og_site_name":"Aretha Explora","article_modified_time":"2025-05-29T13:26:49+00:00","og_image":[{"width":1862,"height":1080,"url":"https:\/\/espacioaretha.com\/explora\/wp-content\/uploads\/2024\/01\/SS_Ponencia-Alejandro-Sansegundo.jpg","type":"image\/jpeg"}],"twitter_card":"summary_large_image","twitter_title":"Confort ac\u00fastico por Alejandro Sansegundo | Aretha Explora","twitter_description":"Alejandro Sansegundo ense\u00f1a a c\u00f3mo analizar la calidad ac\u00fastica de los espacios. El confort ac\u00fastico en la Semana del Dise\u00f1o de Aretha.","twitter_image":"https:\/\/espacioaretha.com\/explora\/wp-content\/uploads\/2024\/01\/SS_Ponencia-Alejandro-Sansegundo.jpg","twitter_misc":{"Tiempo de lectura":"1 minuto"},"schema":{"@context":"https:\/\/schema.org","@graph":[{"@type":"WebPage","@id":"https:\/\/espacioaretha.com\/explora\/video-series\/confort-acustico\/","url":"https:\/\/espacioaretha.com\/explora\/video-series\/confort-acustico\/","name":"Confort ac\u00fastico | Masterclass de la Semana del Dise\u00f1o | Aretha Explora","isPartOf":{"@id":"https:\/\/espacioaretha.com\/explora\/#website"},"primaryImageOfPage":{"@id":"https:\/\/espacioaretha.com\/explora\/video-series\/confort-acustico\/#primaryimage"},"image":{"@id":"https:\/\/espacioaretha.com\/explora\/video-series\/confort-acustico\/#primaryimage"},"thumbnailUrl":"https:\/\/espacioaretha.com\/explora\/wp-content\/uploads\/2024\/01\/SS_Ponencia-Alejandro-Sansegundo.jpg","datePublished":"2023-10-13T08:38:47+00:00","dateModified":"2025-05-29T13:26:49+00:00","description":"Alejandro Sansegundo ense\u00f1a a c\u00f3mo analizar la calidad ac\u00fastica de los espacios. El confort ac\u00fastico en la Semana del Dise\u00f1o de Aretha.","breadcrumb":{"@id":"https:\/\/espacioaretha.com\/explora\/video-series\/confort-acustico\/#breadcrumb"},"inLanguage":"es","potentialAction":[{"@type":"ReadAction","target":["https:\/\/espacioaretha.com\/explora\/video-series\/confort-acustico\/"]}]},{"@type":"ImageObject","inLanguage":"es","@id":"https:\/\/espacioaretha.com\/explora\/video-series\/confort-acustico\/#primaryimage","url":"https:\/\/espacioaretha.com\/explora\/wp-content\/uploads\/2024\/01\/SS_Ponencia-Alejandro-Sansegundo.jpg","contentUrl":"https:\/\/espacioaretha.com\/explora\/wp-content\/uploads\/2024\/01\/SS_Ponencia-Alejandro-Sansegundo.jpg","width":1862,"height":1080},{"@type":"BreadcrumbList","@id":"https:\/\/espacioaretha.com\/explora\/video-series\/confort-acustico\/#breadcrumb","itemListElement":[{"@type":"ListItem","position":1,"name":"Portada","item":"https:\/\/espacioaretha.com\/explora\/"},{"@type":"ListItem","position":2,"name":"Video series","item":"https:\/\/espacioaretha.com\/explora\/video-series\/"},{"@type":"ListItem","position":3,"name":"Confort ac\u00fastico"}]},{"@type":"WebSite","@id":"https:\/\/espacioaretha.com\/explora\/#website","url":"https:\/\/espacioaretha.com\/explora\/","name":"Aretha Explora","description":"Plataforma de contenidos e inspiraci\u00f3n sobre arquitectura, dise\u00f1o y mucho m\u00e1s","publisher":{"@id":"https:\/\/espacioaretha.com\/explora\/#organization"},"potentialAction":[{"@type":"SearchAction","target":{"@type":"EntryPoint","urlTemplate":"https:\/\/espacioaretha.com\/explora\/?s={search_term_string}"},"query-input":{"@type":"PropertyValueSpecification","valueRequired":true,"valueName":"search_term_string"}}],"inLanguage":"es"},{"@type":"Organization","@id":"https:\/\/espacioaretha.com\/explora\/#organization","name":"Aretha Explora","alternateName":"Aretha","url":"https:\/\/espacioaretha.com\/explora\/","logo":{"@type":"ImageObject","inLanguage":"es","@id":"https:\/\/espacioaretha.com\/explora\/#\/schema\/logo\/image\/","url":"https:\/\/espacioaretha.com\/explora\/wp-content\/uploads\/2022\/05\/Ojo-web.jpg","contentUrl":"https:\/\/espacioaretha.com\/explora\/wp-content\/uploads\/2022\/05\/Ojo-web.jpg","width":1920,"height":1080,"caption":"Aretha Explora"},"image":{"@id":"https:\/\/espacioaretha.com\/explora\/#\/schema\/logo\/image\/"}}]}},"_links":{"self":[{"href":"https:\/\/espacioaretha.com\/explora\/wp-json\/wp\/v2\/video_serie\/4125","targetHints":{"allow":["GET"]}}],"collection":[{"href":"https:\/\/espacioaretha.com\/explora\/wp-json\/wp\/v2\/video_serie"}],"about":[{"href":"https:\/\/espacioaretha.com\/explora\/wp-json\/wp\/v2\/types\/video_serie"}],"author":[{"embeddable":true,"href":"https:\/\/espacioaretha.com\/explora\/wp-json\/wp\/v2\/users\/25"}],"version-history":[{"count":11,"href":"https:\/\/espacioaretha.com\/explora\/wp-json\/wp\/v2\/video_serie\/4125\/revisions"}],"predecessor-version":[{"id":4192,"href":"https:\/\/espacioaretha.com\/explora\/wp-json\/wp\/v2\/video_serie\/4125\/revisions\/4192"}],"wp:featuredmedia":[{"embeddable":true,"href":"https:\/\/espacioaretha.com\/explora\/wp-json\/wp\/v2\/media\/4130"}],"wp:attachment":[{"href":"https:\/\/espacioaretha.com\/explora\/wp-json\/wp\/v2\/media?parent=4125"}],"wp:term":[{"taxonomy":"video_category","embeddable":true,"href":"https:\/\/espacioaretha.com\/explora\/wp-json\/wp\/v2\/video_category?post=4125"},{"taxonomy":"video_tag","embeddable":true,"href":"https:\/\/espacioaretha.com\/explora\/wp-json\/wp\/v2\/video_tag?post=4125"}],"curies":[{"name":"wp","href":"https:\/\/api.w.org\/{rel}","templated":true}]}}

Confort acústico

<p>Prestigiosas firmas nacionales e internacionales, profesionales de la arquitectura y el interiorismo y escuelas de diseño se dieron cita en nuestro espacio en la pasada Semana del Diseño de Aretha. Innovación, arquitectura efímera, construcción industrializada, nuevas tecnologías aplicadas a la construcción, iluminación, acústica, nuevos materiales y Design Thinking fueron algunos de los muchos temas tratados. </p>



<p>En esta ponencia, Alejandro Sansegundo, experto en acústica, comparte su conocimiento sobre cómo analizar la calidad acústica de los espacios y su influencia en el diseño para crear entornos acústicamente agradables.</p>

<p>Alejandro Sansegundo nos enseña la importancia del confort acústico en los espacios durante la primera Semana del Diseño de Aretha.</p>

<!-- This site is optimized with the Yoast SEO plugin v27.4 - https://yoast.com/product/yoast-seo-wordpress/ -->
<title>Confort acústico | Masterclass de la Semana del Diseño | Aretha Explora</title>
<meta name="description" content="Alejandro Sansegundo enseña a cómo analizar la calidad acústica de los espacios. El confort acústico en la Semana del Diseño de Aretha." />
<meta name="robots" content="index, follow, max-snippet:-1, max-image-preview:large, max-video-preview:-1" />
<link rel="canonical" href="https://espacioaretha.com/explora/video-series/confort-acustico/" />
<meta property="og:locale" content="es_ES" />
<meta property="og:type" content="article" />
<meta property="og:title" content="Confort acústico por Alejandro Sansegundo | Aretha Explora" />
<meta property="og:description" content="Alejandro Sansegundo enseña a cómo analizar la calidad acústica de los espacios. El confort acústico en la Semana del Diseño de Aretha." />
<meta property="og:url" content="https://espacioaretha.com/explora/video-series/confort-acustico/" />
<meta property="og:site_name" content="Aretha Explora" />
<meta property="article:modified_time" content="2025-05-29T13:26:49+00:00" />
<meta property="og:image" content="https://espacioaretha.com/explora/wp-content/uploads/2024/01/SS_Ponencia-Alejandro-Sansegundo.jpg" />
	<meta property="og:image:width" content="1862" />
	<meta property="og:image:height" content="1080" />
	<meta property="og:image:type" content="image/jpeg" />
<meta name="twitter:card" content="summary_large_image" />
<meta name="twitter:title" content="Confort acústico por Alejandro Sansegundo | Aretha Explora" />
<meta name="twitter:description" content="Alejandro Sansegundo enseña a cómo analizar la calidad acústica de los espacios. El confort acústico en la Semana del Diseño de Aretha." />
<meta name="twitter:image" content="https://espacioaretha.com/explora/wp-content/uploads/2024/01/SS_Ponencia-Alejandro-Sansegundo.jpg" />
<meta name="twitter:label1" content="Tiempo de lectura" />
	<meta name="twitter:data1" content="1 minuto" />
<script type="application/ld+json" class="yoast-schema-graph">{"@context":"https:\/\/schema.org","@graph":[{"@type":"WebPage","@id":"https:\/\/espacioaretha.com\/explora\/video-series\/confort-acustico\/","url":"https:\/\/espacioaretha.com\/explora\/video-series\/confort-acustico\/","name":"Confort acústico | Masterclass de la Semana del Diseño | Aretha Explora","isPartOf":{"@id":"https:\/\/espacioaretha.com\/explora\/#website"},"primaryImageOfPage":{"@id":"https:\/\/espacioaretha.com\/explora\/video-series\/confort-acustico\/#primaryimage"},"image":{"@id":"https:\/\/espacioaretha.com\/explora\/video-series\/confort-acustico\/#primaryimage"},"thumbnailUrl":"https:\/\/espacioaretha.com\/explora\/wp-content\/uploads\/2024\/01\/SS_Ponencia-Alejandro-Sansegundo.jpg","datePublished":"2023-10-13T08:38:47+00:00","dateModified":"2025-05-29T13:26:49+00:00","description":"Alejandro Sansegundo enseña a cómo analizar la calidad acústica de los espacios. El confort acústico en la Semana del Diseño de Aretha.","breadcrumb":{"@id":"https:\/\/espacioaretha.com\/explora\/video-series\/confort-acustico\/#breadcrumb"},"inLanguage":"es","potentialAction":[{"@type":"ReadAction","target":["https:\/\/espacioaretha.com\/explora\/video-series\/confort-acustico\/"]}]},{"@type":"ImageObject","inLanguage":"es","@id":"https:\/\/espacioaretha.com\/explora\/video-series\/confort-acustico\/#primaryimage","url":"https:\/\/espacioaretha.com\/explora\/wp-content\/uploads\/2024\/01\/SS_Ponencia-Alejandro-Sansegundo.jpg","contentUrl":"https:\/\/espacioaretha.com\/explora\/wp-content\/uploads\/2024\/01\/SS_Ponencia-Alejandro-Sansegundo.jpg","width":1862,"height":1080},{"@type":"BreadcrumbList","@id":"https:\/\/espacioaretha.com\/explora\/video-series\/confort-acustico\/#breadcrumb","itemListElement":[{"@type":"ListItem","position":1,"name":"Portada","item":"https:\/\/espacioaretha.com\/explora\/"},{"@type":"ListItem","position":2,"name":"Video series","item":"https:\/\/espacioaretha.com\/explora\/video-series\/"},{"@type":"ListItem","position":3,"name":"Confort acústico"}]},{"@type":"WebSite","@id":"https:\/\/espacioaretha.com\/explora\/#website","url":"https:\/\/espacioaretha.com\/explora\/","name":"Aretha Explora","description":"Plataforma de contenidos e inspiración sobre arquitectura, diseño y mucho más","publisher":{"@id":"https:\/\/espacioaretha.com\/explora\/#organization"},"potentialAction":[{"@type":"SearchAction","target":{"@type":"EntryPoint","urlTemplate":"https:\/\/espacioaretha.com\/explora\/?s={search_term_string}"},"query-input":{"@type":"PropertyValueSpecification","valueRequired":true,"valueName":"search_term_string"}}],"inLanguage":"es"},{"@type":"Organization","@id":"https:\/\/espacioaretha.com\/explora\/#organization","name":"Aretha Explora","alternateName":"Aretha","url":"https:\/\/espacioaretha.com\/explora\/","logo":{"@type":"ImageObject","inLanguage":"es","@id":"https:\/\/espacioaretha.com\/explora\/#\/schema\/logo\/image\/","url":"https:\/\/espacioaretha.com\/explora\/wp-content\/uploads\/2022\/05\/Ojo-web.jpg","contentUrl":"https:\/\/espacioaretha.com\/explora\/wp-content\/uploads\/2022\/05\/Ojo-web.jpg","width":1920,"height":1080,"caption":"Aretha Explora"},"image":{"@id":"https:\/\/espacioaretha.com\/explora\/#\/schema\/logo\/image\/"}}]}</script>
<!-- / Yoast SEO plugin. -->

Confort acústico | Masterclass de la Semana del Diseño | Aretha Explora

Alejandro Sansegundo enseña a cómo analizar la calidad acústica de los espacios. El confort acústico en la Semana del Diseño de Aretha.

Confort acústico por Alejandro Sansegundo | Aretha Explora

Plataforma de contenidos e inspiración sobre arquitectura, diseño y mucho más
