{"id":4200,"date":"2024-03-04T13:27:00","date_gmt":"2024-03-04T12:27:00","guid":{"rendered":"https:\/\/espacioaretha.com\/explora\/?post_type=video_serie&#038;p=4200"},"modified":"2025-05-28T10:44:19","modified_gmt":"2025-05-28T08:44:19","slug":"alfonso-bruna","status":"publish","type":"video_serie","link":"https:\/\/espacioaretha.com\/explora\/video-series\/alfonso-bruna\/","title":{"rendered":"Alfonso Bruna"},"content":{"rendered":"\n<p>La accesibilidad puede entenderse desde el punto de vista de la normativa y reglamentos a cumplir, o desde el pensamiento real de c\u00f3mo un usuario utiliza un espacio. Alfonso nos acerca a esta \u00faltima visi\u00f3n, poniendo en valor la importancia de dise\u00f1ar teniendo presente a todas las personas, sus caracter\u00edsticas y necesidades varias.<\/p>\n\n\n\n<p>Una conversaci\u00f3n que pone en valor la importancia de concebir cada proyecto y espacio\u00a0pensando siempre en las personas que lo vivir\u00e1n, para crear as\u00ed verdaderas experiencias memorables. \u00a0<\/p>\n","protected":false},"excerpt":{"rendered":"<p>\u00abLa accesibilidad es un derecho de las personas, sin medias tintas\u201d Alfonso Bruna, ingeniero de edificaci\u00f3n y dise\u00f1ador especializado en esta tem\u00e1tica, nos descubre su importancia en los proyectos y en la vida diaria.<\/p>\n","protected":false},"author":25,"featured_media":4201,"template":"","meta":{"footnotes":""},"video_category":[8],"video_tag":[],"class_list":["post-4200","video_serie","type-video_serie","status-publish","has-post-thumbnail","hentry","video_category-un-cafe"],"yoast_head":"<!-- This site is optimized with the Yoast SEO plugin v27.4 - https:\/\/yoast.com\/product\/yoast-seo-wordpress\/ -->\n<title>Un caf\u00e9 con Alfonso Bruna sobre accesibilidad | Aretha Explora<\/title>\n<meta name=\"description\" content=\"Aplicar la accesibilidad al dise\u00f1o de proyectos es pensar en las necesidades de las personas. Una conversaci\u00f3n con Alfonso Bruna.\" \/>\n<meta name=\"robots\" content=\"index, follow, max-snippet:-1, max-image-preview:large, max-video-preview:-1\" \/>\n<link rel=\"canonical\" href=\"https:\/\/espacioaretha.com\/explora\/video-series\/alfonso-bruna\/\" \/>\n<meta property=\"og:locale\" content=\"es_ES\" \/>\n<meta property=\"og:type\" content=\"article\" \/>\n<meta property=\"og:title\" content=\"Un caf\u00e9 con... Alfonso Bruna | Aretha Explora\" \/>\n<meta property=\"og:description\" content=\"Aplicar la accesibilidad al dise\u00f1o de proyectos es pensar en las necesidades de las personas. Una conversaci\u00f3n con Alfonso Bruna.\" \/>\n<meta property=\"og:url\" content=\"https:\/\/espacioaretha.com\/explora\/video-series\/alfonso-bruna\/\" \/>\n<meta property=\"og:site_name\" content=\"Aretha Explora\" \/>\n<meta property=\"article:modified_time\" content=\"2025-05-28T08:44:19+00:00\" \/>\n<meta property=\"og:image\" content=\"https:\/\/espacioaretha.com\/explora\/wp-content\/uploads\/2024\/02\/2.-Cafe-alfonso-bruna.jpg\" \/>\n\t<meta property=\"og:image:width\" content=\"1862\" \/>\n\t<meta property=\"og:image:height\" content=\"1080\" \/>\n\t<meta property=\"og:image:type\" content=\"image\/jpeg\" \/>\n<meta name=\"twitter:card\" content=\"summary_large_image\" \/>\n<meta name=\"twitter:title\" content=\"Un caf\u00e9 con... Alfonso Bruna | Aretha Explora\" \/>\n<meta name=\"twitter:description\" content=\"Aplicar la accesibilidad al dise\u00f1o de proyectos es pensar en las necesidades de las personas. Una conversaci\u00f3n con Alfonso Bruna.\" \/>\n<meta name=\"twitter:image\" content=\"https:\/\/espacioaretha.com\/explora\/wp-content\/uploads\/2024\/02\/2.-Cafe-alfonso-bruna.jpg\" \/>\n<meta name=\"twitter:label1\" content=\"Tiempo de lectura\" \/>\n\t<meta name=\"twitter:data1\" content=\"1 minuto\" \/>\n<script type=\"application\/ld+json\" class=\"yoast-schema-graph\">{\"@context\":\"https:\\\/\\\/schema.org\",\"@graph\":[{\"@type\":\"WebPage\",\"@id\":\"https:\\\/\\\/espacioaretha.com\\\/explora\\\/video-series\\\/alfonso-bruna\\\/\",\"url\":\"https:\\\/\\\/espacioaretha.com\\\/explora\\\/video-series\\\/alfonso-bruna\\\/\",\"name\":\"Un caf\u00e9 con Alfonso Bruna sobre accesibilidad | Aretha Explora\",\"isPartOf\":{\"@id\":\"https:\\\/\\\/espacioaretha.com\\\/explora\\\/#website\"},\"primaryImageOfPage\":{\"@id\":\"https:\\\/\\\/espacioaretha.com\\\/explora\\\/video-series\\\/alfonso-bruna\\\/#primaryimage\"},\"image\":{\"@id\":\"https:\\\/\\\/espacioaretha.com\\\/explora\\\/video-series\\\/alfonso-bruna\\\/#primaryimage\"},\"thumbnailUrl\":\"https:\\\/\\\/espacioaretha.com\\\/explora\\\/wp-content\\\/uploads\\\/2024\\\/02\\\/2.-Cafe-alfonso-bruna.jpg\",\"datePublished\":\"2024-03-04T12:27:00+00:00\",\"dateModified\":\"2025-05-28T08:44:19+00:00\",\"description\":\"Aplicar la accesibilidad al dise\u00f1o de proyectos es pensar en las necesidades de las personas. Una conversaci\u00f3n con Alfonso Bruna.\",\"breadcrumb\":{\"@id\":\"https:\\\/\\\/espacioaretha.com\\\/explora\\\/video-series\\\/alfonso-bruna\\\/#breadcrumb\"},\"inLanguage\":\"es\",\"potentialAction\":[{\"@type\":\"ReadAction\",\"target\":[\"https:\\\/\\\/espacioaretha.com\\\/explora\\\/video-series\\\/alfonso-bruna\\\/\"]}]},{\"@type\":\"ImageObject\",\"inLanguage\":\"es\",\"@id\":\"https:\\\/\\\/espacioaretha.com\\\/explora\\\/video-series\\\/alfonso-bruna\\\/#primaryimage\",\"url\":\"https:\\\/\\\/espacioaretha.com\\\/explora\\\/wp-content\\\/uploads\\\/2024\\\/02\\\/2.-Cafe-alfonso-bruna.jpg\",\"contentUrl\":\"https:\\\/\\\/espacioaretha.com\\\/explora\\\/wp-content\\\/uploads\\\/2024\\\/02\\\/2.-Cafe-alfonso-bruna.jpg\",\"width\":1862,\"height\":1080,\"caption\":\"caf\u00e9 con alfonso bruna sobre accesibilidad\"},{\"@type\":\"BreadcrumbList\",\"@id\":\"https:\\\/\\\/espacioaretha.com\\\/explora\\\/video-series\\\/alfonso-bruna\\\/#breadcrumb\",\"itemListElement\":[{\"@type\":\"ListItem\",\"position\":1,\"name\":\"Portada\",\"item\":\"https:\\\/\\\/espacioaretha.com\\\/explora\\\/\"},{\"@type\":\"ListItem\",\"position\":2,\"name\":\"Video series\",\"item\":\"https:\\\/\\\/espacioaretha.com\\\/explora\\\/video-series\\\/\"},{\"@type\":\"ListItem\",\"position\":3,\"name\":\"Alfonso Bruna\"}]},{\"@type\":\"WebSite\",\"@id\":\"https:\\\/\\\/espacioaretha.com\\\/explora\\\/#website\",\"url\":\"https:\\\/\\\/espacioaretha.com\\\/explora\\\/\",\"name\":\"Aretha Explora\",\"description\":\"Plataforma de contenidos e inspiraci\u00f3n sobre arquitectura, dise\u00f1o y mucho m\u00e1s\",\"publisher\":{\"@id\":\"https:\\\/\\\/espacioaretha.com\\\/explora\\\/#organization\"},\"potentialAction\":[{\"@type\":\"SearchAction\",\"target\":{\"@type\":\"EntryPoint\",\"urlTemplate\":\"https:\\\/\\\/espacioaretha.com\\\/explora\\\/?s={search_term_string}\"},\"query-input\":{\"@type\":\"PropertyValueSpecification\",\"valueRequired\":true,\"valueName\":\"search_term_string\"}}],\"inLanguage\":\"es\"},{\"@type\":\"Organization\",\"@id\":\"https:\\\/\\\/espacioaretha.com\\\/explora\\\/#organization\",\"name\":\"Aretha Explora\",\"alternateName\":\"Aretha\",\"url\":\"https:\\\/\\\/espacioaretha.com\\\/explora\\\/\",\"logo\":{\"@type\":\"ImageObject\",\"inLanguage\":\"es\",\"@id\":\"https:\\\/\\\/espacioaretha.com\\\/explora\\\/#\\\/schema\\\/logo\\\/image\\\/\",\"url\":\"https:\\\/\\\/espacioaretha.com\\\/explora\\\/wp-content\\\/uploads\\\/2022\\\/05\\\/Ojo-web.jpg\",\"contentUrl\":\"https:\\\/\\\/espacioaretha.com\\\/explora\\\/wp-content\\\/uploads\\\/2022\\\/05\\\/Ojo-web.jpg\",\"width\":1920,\"height\":1080,\"caption\":\"Aretha Explora\"},\"image\":{\"@id\":\"https:\\\/\\\/espacioaretha.com\\\/explora\\\/#\\\/schema\\\/logo\\\/image\\\/\"}}]}<\/script>\n<!-- \/ Yoast SEO plugin. -->","yoast_head_json":{"title":"Un caf\u00e9 con Alfonso Bruna sobre accesibilidad | Aretha Explora","description":"Aplicar la accesibilidad al dise\u00f1o de proyectos es pensar en las necesidades de las personas. Una conversaci\u00f3n con Alfonso Bruna.","robots":{"index":"index","follow":"follow","max-snippet":"max-snippet:-1","max-image-preview":"max-image-preview:large","max-video-preview":"max-video-preview:-1"},"canonical":"https:\/\/espacioaretha.com\/explora\/video-series\/alfonso-bruna\/","og_locale":"es_ES","og_type":"article","og_title":"Un caf\u00e9 con... Alfonso Bruna | Aretha Explora","og_description":"Aplicar la accesibilidad al dise\u00f1o de proyectos es pensar en las necesidades de las personas. Una conversaci\u00f3n con Alfonso Bruna.","og_url":"https:\/\/espacioaretha.com\/explora\/video-series\/alfonso-bruna\/","og_site_name":"Aretha Explora","article_modified_time":"2025-05-28T08:44:19+00:00","og_image":[{"width":1862,"height":1080,"url":"https:\/\/espacioaretha.com\/explora\/wp-content\/uploads\/2024\/02\/2.-Cafe-alfonso-bruna.jpg","type":"image\/jpeg"}],"twitter_card":"summary_large_image","twitter_title":"Un caf\u00e9 con... Alfonso Bruna | Aretha Explora","twitter_description":"Aplicar la accesibilidad al dise\u00f1o de proyectos es pensar en las necesidades de las personas. Una conversaci\u00f3n con Alfonso Bruna.","twitter_image":"https:\/\/espacioaretha.com\/explora\/wp-content\/uploads\/2024\/02\/2.-Cafe-alfonso-bruna.jpg","twitter_misc":{"Tiempo de lectura":"1 minuto"},"schema":{"@context":"https:\/\/schema.org","@graph":[{"@type":"WebPage","@id":"https:\/\/espacioaretha.com\/explora\/video-series\/alfonso-bruna\/","url":"https:\/\/espacioaretha.com\/explora\/video-series\/alfonso-bruna\/","name":"Un caf\u00e9 con Alfonso Bruna sobre accesibilidad | Aretha Explora","isPartOf":{"@id":"https:\/\/espacioaretha.com\/explora\/#website"},"primaryImageOfPage":{"@id":"https:\/\/espacioaretha.com\/explora\/video-series\/alfonso-bruna\/#primaryimage"},"image":{"@id":"https:\/\/espacioaretha.com\/explora\/video-series\/alfonso-bruna\/#primaryimage"},"thumbnailUrl":"https:\/\/espacioaretha.com\/explora\/wp-content\/uploads\/2024\/02\/2.-Cafe-alfonso-bruna.jpg","datePublished":"2024-03-04T12:27:00+00:00","dateModified":"2025-05-28T08:44:19+00:00","description":"Aplicar la accesibilidad al dise\u00f1o de proyectos es pensar en las necesidades de las personas. Una conversaci\u00f3n con Alfonso Bruna.","breadcrumb":{"@id":"https:\/\/espacioaretha.com\/explora\/video-series\/alfonso-bruna\/#breadcrumb"},"inLanguage":"es","potentialAction":[{"@type":"ReadAction","target":["https:\/\/espacioaretha.com\/explora\/video-series\/alfonso-bruna\/"]}]},{"@type":"ImageObject","inLanguage":"es","@id":"https:\/\/espacioaretha.com\/explora\/video-series\/alfonso-bruna\/#primaryimage","url":"https:\/\/espacioaretha.com\/explora\/wp-content\/uploads\/2024\/02\/2.-Cafe-alfonso-bruna.jpg","contentUrl":"https:\/\/espacioaretha.com\/explora\/wp-content\/uploads\/2024\/02\/2.-Cafe-alfonso-bruna.jpg","width":1862,"height":1080,"caption":"caf\u00e9 con alfonso bruna sobre accesibilidad"},{"@type":"BreadcrumbList","@id":"https:\/\/espacioaretha.com\/explora\/video-series\/alfonso-bruna\/#breadcrumb","itemListElement":[{"@type":"ListItem","position":1,"name":"Portada","item":"https:\/\/espacioaretha.com\/explora\/"},{"@type":"ListItem","position":2,"name":"Video series","item":"https:\/\/espacioaretha.com\/explora\/video-series\/"},{"@type":"ListItem","position":3,"name":"Alfonso Bruna"}]},{"@type":"WebSite","@id":"https:\/\/espacioaretha.com\/explora\/#website","url":"https:\/\/espacioaretha.com\/explora\/","name":"Aretha Explora","description":"Plataforma de contenidos e inspiraci\u00f3n sobre arquitectura, dise\u00f1o y mucho m\u00e1s","publisher":{"@id":"https:\/\/espacioaretha.com\/explora\/#organization"},"potentialAction":[{"@type":"SearchAction","target":{"@type":"EntryPoint","urlTemplate":"https:\/\/espacioaretha.com\/explora\/?s={search_term_string}"},"query-input":{"@type":"PropertyValueSpecification","valueRequired":true,"valueName":"search_term_string"}}],"inLanguage":"es"},{"@type":"Organization","@id":"https:\/\/espacioaretha.com\/explora\/#organization","name":"Aretha Explora","alternateName":"Aretha","url":"https:\/\/espacioaretha.com\/explora\/","logo":{"@type":"ImageObject","inLanguage":"es","@id":"https:\/\/espacioaretha.com\/explora\/#\/schema\/logo\/image\/","url":"https:\/\/espacioaretha.com\/explora\/wp-content\/uploads\/2022\/05\/Ojo-web.jpg","contentUrl":"https:\/\/espacioaretha.com\/explora\/wp-content\/uploads\/2022\/05\/Ojo-web.jpg","width":1920,"height":1080,"caption":"Aretha Explora"},"image":{"@id":"https:\/\/espacioaretha.com\/explora\/#\/schema\/logo\/image\/"}}]}},"_links":{"self":[{"href":"https:\/\/espacioaretha.com\/explora\/wp-json\/wp\/v2\/video_serie\/4200","targetHints":{"allow":["GET"]}}],"collection":[{"href":"https:\/\/espacioaretha.com\/explora\/wp-json\/wp\/v2\/video_serie"}],"about":[{"href":"https:\/\/espacioaretha.com\/explora\/wp-json\/wp\/v2\/types\/video_serie"}],"author":[{"embeddable":true,"href":"https:\/\/espacioaretha.com\/explora\/wp-json\/wp\/v2\/users\/25"}],"version-history":[{"count":6,"href":"https:\/\/espacioaretha.com\/explora\/wp-json\/wp\/v2\/video_serie\/4200\/revisions"}],"predecessor-version":[{"id":4227,"href":"https:\/\/espacioaretha.com\/explora\/wp-json\/wp\/v2\/video_serie\/4200\/revisions\/4227"}],"wp:featuredmedia":[{"embeddable":true,"href":"https:\/\/espacioaretha.com\/explora\/wp-json\/wp\/v2\/media\/4201"}],"wp:attachment":[{"href":"https:\/\/espacioaretha.com\/explora\/wp-json\/wp\/v2\/media?parent=4200"}],"wp:term":[{"taxonomy":"video_category","embeddable":true,"href":"https:\/\/espacioaretha.com\/explora\/wp-json\/wp\/v2\/video_category?post=4200"},{"taxonomy":"video_tag","embeddable":true,"href":"https:\/\/espacioaretha.com\/explora\/wp-json\/wp\/v2\/video_tag?post=4200"}],"curies":[{"name":"wp","href":"https:\/\/api.w.org\/{rel}","templated":true}]}}

<p>La accesibilidad puede entenderse desde el punto de vista de la normativa y reglamentos a cumplir, o desde el pensamiento real de cómo un usuario utiliza un espacio. Alfonso nos acerca a esta última visión, poniendo en valor la importancia de diseñar teniendo presente a todas las personas, sus características y necesidades varias.</p>



<p>Una conversación que pone en valor la importancia de concebir cada proyecto y espacio pensando siempre en las personas que lo vivirán, para crear así verdaderas experiencias memorables.  </p>

<p>«La accesibilidad es un derecho de las personas, sin medias tintas” Alfonso Bruna, ingeniero de edificación y diseñador especializado en esta temática, nos descubre su importancia en los proyectos y en la vida diaria.</p>

<!-- This site is optimized with the Yoast SEO plugin v27.4 - https://yoast.com/product/yoast-seo-wordpress/ -->
<title>Un café con Alfonso Bruna sobre accesibilidad | Aretha Explora</title>
<meta name="description" content="Aplicar la accesibilidad al diseño de proyectos es pensar en las necesidades de las personas. Una conversación con Alfonso Bruna." />
<meta name="robots" content="index, follow, max-snippet:-1, max-image-preview:large, max-video-preview:-1" />
<link rel="canonical" href="https://espacioaretha.com/explora/video-series/alfonso-bruna/" />
<meta property="og:locale" content="es_ES" />
<meta property="og:type" content="article" />
<meta property="og:title" content="Un café con... Alfonso Bruna | Aretha Explora" />
<meta property="og:description" content="Aplicar la accesibilidad al diseño de proyectos es pensar en las necesidades de las personas. Una conversación con Alfonso Bruna." />
<meta property="og:url" content="https://espacioaretha.com/explora/video-series/alfonso-bruna/" />
<meta property="og:site_name" content="Aretha Explora" />
<meta property="article:modified_time" content="2025-05-28T08:44:19+00:00" />
<meta property="og:image" content="https://espacioaretha.com/explora/wp-content/uploads/2024/02/2.-Cafe-alfonso-bruna.jpg" />
	<meta property="og:image:width" content="1862" />
	<meta property="og:image:height" content="1080" />
	<meta property="og:image:type" content="image/jpeg" />
<meta name="twitter:card" content="summary_large_image" />
<meta name="twitter:title" content="Un café con... Alfonso Bruna | Aretha Explora" />
<meta name="twitter:description" content="Aplicar la accesibilidad al diseño de proyectos es pensar en las necesidades de las personas. Una conversación con Alfonso Bruna." />
<meta name="twitter:image" content="https://espacioaretha.com/explora/wp-content/uploads/2024/02/2.-Cafe-alfonso-bruna.jpg" />
<meta name="twitter:label1" content="Tiempo de lectura" />
	<meta name="twitter:data1" content="1 minuto" />
<script type="application/ld+json" class="yoast-schema-graph">{"@context":"https:\/\/schema.org","@graph":[{"@type":"WebPage","@id":"https:\/\/espacioaretha.com\/explora\/video-series\/alfonso-bruna\/","url":"https:\/\/espacioaretha.com\/explora\/video-series\/alfonso-bruna\/","name":"Un café con Alfonso Bruna sobre accesibilidad | Aretha Explora","isPartOf":{"@id":"https:\/\/espacioaretha.com\/explora\/#website"},"primaryImageOfPage":{"@id":"https:\/\/espacioaretha.com\/explora\/video-series\/alfonso-bruna\/#primaryimage"},"image":{"@id":"https:\/\/espacioaretha.com\/explora\/video-series\/alfonso-bruna\/#primaryimage"},"thumbnailUrl":"https:\/\/espacioaretha.com\/explora\/wp-content\/uploads\/2024\/02\/2.-Cafe-alfonso-bruna.jpg","datePublished":"2024-03-04T12:27:00+00:00","dateModified":"2025-05-28T08:44:19+00:00","description":"Aplicar la accesibilidad al diseño de proyectos es pensar en las necesidades de las personas. Una conversación con Alfonso Bruna.","breadcrumb":{"@id":"https:\/\/espacioaretha.com\/explora\/video-series\/alfonso-bruna\/#breadcrumb"},"inLanguage":"es","potentialAction":[{"@type":"ReadAction","target":["https:\/\/espacioaretha.com\/explora\/video-series\/alfonso-bruna\/"]}]},{"@type":"ImageObject","inLanguage":"es","@id":"https:\/\/espacioaretha.com\/explora\/video-series\/alfonso-bruna\/#primaryimage","url":"https:\/\/espacioaretha.com\/explora\/wp-content\/uploads\/2024\/02\/2.-Cafe-alfonso-bruna.jpg","contentUrl":"https:\/\/espacioaretha.com\/explora\/wp-content\/uploads\/2024\/02\/2.-Cafe-alfonso-bruna.jpg","width":1862,"height":1080,"caption":"café con alfonso bruna sobre accesibilidad"},{"@type":"BreadcrumbList","@id":"https:\/\/espacioaretha.com\/explora\/video-series\/alfonso-bruna\/#breadcrumb","itemListElement":[{"@type":"ListItem","position":1,"name":"Portada","item":"https:\/\/espacioaretha.com\/explora\/"},{"@type":"ListItem","position":2,"name":"Video series","item":"https:\/\/espacioaretha.com\/explora\/video-series\/"},{"@type":"ListItem","position":3,"name":"Alfonso Bruna"}]},{"@type":"WebSite","@id":"https:\/\/espacioaretha.com\/explora\/#website","url":"https:\/\/espacioaretha.com\/explora\/","name":"Aretha Explora","description":"Plataforma de contenidos e inspiración sobre arquitectura, diseño y mucho más","publisher":{"@id":"https:\/\/espacioaretha.com\/explora\/#organization"},"potentialAction":[{"@type":"SearchAction","target":{"@type":"EntryPoint","urlTemplate":"https:\/\/espacioaretha.com\/explora\/?s={search_term_string}"},"query-input":{"@type":"PropertyValueSpecification","valueRequired":true,"valueName":"search_term_string"}}],"inLanguage":"es"},{"@type":"Organization","@id":"https:\/\/espacioaretha.com\/explora\/#organization","name":"Aretha Explora","alternateName":"Aretha","url":"https:\/\/espacioaretha.com\/explora\/","logo":{"@type":"ImageObject","inLanguage":"es","@id":"https:\/\/espacioaretha.com\/explora\/#\/schema\/logo\/image\/","url":"https:\/\/espacioaretha.com\/explora\/wp-content\/uploads\/2022\/05\/Ojo-web.jpg","contentUrl":"https:\/\/espacioaretha.com\/explora\/wp-content\/uploads\/2022\/05\/Ojo-web.jpg","width":1920,"height":1080,"caption":"Aretha Explora"},"image":{"@id":"https:\/\/espacioaretha.com\/explora\/#\/schema\/logo\/image\/"}}]}</script>
<!-- / Yoast SEO plugin. -->

Un café con Alfonso Bruna sobre accesibilidad | Aretha Explora

Aplicar la accesibilidad al diseño de proyectos es pensar en las necesidades de las personas. Una conversación con Alfonso Bruna.

Un café con... Alfonso Bruna | Aretha Explora

café con alfonso bruna sobre accesibilidad

Plataforma de contenidos e inspiración sobre arquitectura, diseño y mucho más
