{"id":4314,"date":"2023-10-18T16:14:00","date_gmt":"2023-10-18T14:14:00","guid":{"rendered":"https:\/\/espacioaretha.com\/explora\/?post_type=video_serie&#038;p=4314"},"modified":"2025-05-29T15:11:45","modified_gmt":"2025-05-29T13:11:45","slug":"diseno-ambiental","status":"publish","type":"video_serie","link":"https:\/\/espacioaretha.com\/explora\/video-series\/diseno-ambiental\/","title":{"rendered":"Dise\u00f1o ambiental"},"content":{"rendered":"\n<p>El arquitecto director de <a href=\"https:\/\/madc-arquitectos.com\/\">MADC Arquitectos<\/a> nos acerca a c\u00f3mo se pueden crear espacios sostenibles y en armon\u00eda con el entorno.<\/p>\n\n\n\n<p>Descubrimos materiales y t\u00e9cnicas que minimizan el impacto ambiental y promueven la sostenibilidad, y cu\u00e1les son los procesos que la arquitectura y el sector ha de incorporar para mejorar el impacto global.<\/p>\n\n\n\n<p>\u00abDise\u00f1ar es cuidar el Mundo. Sin excusas\u201d<\/p>\n\n\n\n<p>Una masterclass realizada durante la primera Semana del Dise\u00f1o de <a href=\"https:\/\/espacioaretha.com\/\" target=\"_blank\" rel=\"noreferrer noopener\">Aretha<\/a>. Un espacio donde aprender de la mano de grandes profesionales de la arquitectura y el interiorismo.<\/p>\n","protected":false},"excerpt":{"rendered":"<p>\u00abDise\u00f1o sin sostenibilidad ya no es dise\u00f1o\u00bb, es el lema que defiende Miguel \u00c1ngel D\u00edaz Camacho y la premisa principal de esta ponencia. <\/p>\n","protected":false},"author":25,"featured_media":4315,"template":"","meta":{"footnotes":""},"video_category":[189],"video_tag":[],"class_list":["post-4314","video_serie","type-video_serie","status-publish","has-post-thumbnail","hentry","video_category-semana-del-diseno"],"yoast_head":"<!-- This site is optimized with the Yoast SEO plugin v27.4 - https:\/\/yoast.com\/product\/yoast-seo-wordpress\/ -->\n<title>Dise\u00f1o ambiental y sostenible en arquitectura | Masterclass | Aretha Explora<\/title>\n<meta name=\"description\" content=\"El dise\u00f1o ambiental, descubrimos las claves del dise\u00f1o m\u00e1s sostenible en esta masterclass con MADC Arquitectos.\" \/>\n<meta name=\"robots\" content=\"index, follow, max-snippet:-1, max-image-preview:large, max-video-preview:-1\" \/>\n<link rel=\"canonical\" href=\"https:\/\/espacioaretha.com\/explora\/video-series\/diseno-ambiental\/\" \/>\n<meta property=\"og:locale\" content=\"es_ES\" \/>\n<meta property=\"og:type\" content=\"article\" \/>\n<meta property=\"og:title\" content=\"Dise\u00f1o ambiental por Miguel \u00c1ngel D\u00edaz Camacho | Aretha Explora\" \/>\n<meta property=\"og:description\" content=\"El dise\u00f1o ambiental, descubrimos las claves del dise\u00f1o m\u00e1s sostenible en esta masterclass con MADC Arquitectos.\" \/>\n<meta property=\"og:url\" content=\"https:\/\/espacioaretha.com\/explora\/video-series\/diseno-ambiental\/\" \/>\n<meta property=\"og:site_name\" content=\"Aretha Explora\" \/>\n<meta property=\"article:modified_time\" content=\"2025-05-29T13:11:45+00:00\" \/>\n<meta property=\"og:image\" content=\"https:\/\/espacioaretha.com\/explora\/wp-content\/uploads\/2024\/06\/MADC.jpg\" \/>\n\t<meta property=\"og:image:width\" content=\"1862\" \/>\n\t<meta property=\"og:image:height\" content=\"1080\" \/>\n\t<meta property=\"og:image:type\" content=\"image\/jpeg\" \/>\n<meta name=\"twitter:card\" content=\"summary_large_image\" \/>\n<meta name=\"twitter:title\" content=\"Dise\u00f1o ambiental por Miguel \u00c1ngel D\u00edaz Camacho | Aretha Explora\" \/>\n<meta name=\"twitter:description\" content=\"El dise\u00f1o ambiental, descubrimos las claves del dise\u00f1o m\u00e1s sostenible en esta masterclass con MADC Arquitectos.\" \/>\n<meta name=\"twitter:image\" content=\"https:\/\/espacioaretha.com\/explora\/wp-content\/uploads\/2024\/06\/MADC.jpg\" \/>\n<meta name=\"twitter:label1\" content=\"Tiempo de lectura\" \/>\n\t<meta name=\"twitter:data1\" content=\"1 minuto\" \/>\n<script type=\"application\/ld+json\" class=\"yoast-schema-graph\">{\"@context\":\"https:\\\/\\\/schema.org\",\"@graph\":[{\"@type\":\"WebPage\",\"@id\":\"https:\\\/\\\/espacioaretha.com\\\/explora\\\/video-series\\\/diseno-ambiental\\\/\",\"url\":\"https:\\\/\\\/espacioaretha.com\\\/explora\\\/video-series\\\/diseno-ambiental\\\/\",\"name\":\"Dise\u00f1o ambiental y sostenible en arquitectura | Masterclass | Aretha Explora\",\"isPartOf\":{\"@id\":\"https:\\\/\\\/espacioaretha.com\\\/explora\\\/#website\"},\"primaryImageOfPage\":{\"@id\":\"https:\\\/\\\/espacioaretha.com\\\/explora\\\/video-series\\\/diseno-ambiental\\\/#primaryimage\"},\"image\":{\"@id\":\"https:\\\/\\\/espacioaretha.com\\\/explora\\\/video-series\\\/diseno-ambiental\\\/#primaryimage\"},\"thumbnailUrl\":\"https:\\\/\\\/espacioaretha.com\\\/explora\\\/wp-content\\\/uploads\\\/2024\\\/06\\\/MADC.jpg\",\"datePublished\":\"2023-10-18T14:14:00+00:00\",\"dateModified\":\"2025-05-29T13:11:45+00:00\",\"description\":\"El dise\u00f1o ambiental, descubrimos las claves del dise\u00f1o m\u00e1s sostenible en esta masterclass con MADC Arquitectos.\",\"breadcrumb\":{\"@id\":\"https:\\\/\\\/espacioaretha.com\\\/explora\\\/video-series\\\/diseno-ambiental\\\/#breadcrumb\"},\"inLanguage\":\"es\",\"potentialAction\":[{\"@type\":\"ReadAction\",\"target\":[\"https:\\\/\\\/espacioaretha.com\\\/explora\\\/video-series\\\/diseno-ambiental\\\/\"]}]},{\"@type\":\"ImageObject\",\"inLanguage\":\"es\",\"@id\":\"https:\\\/\\\/espacioaretha.com\\\/explora\\\/video-series\\\/diseno-ambiental\\\/#primaryimage\",\"url\":\"https:\\\/\\\/espacioaretha.com\\\/explora\\\/wp-content\\\/uploads\\\/2024\\\/06\\\/MADC.jpg\",\"contentUrl\":\"https:\\\/\\\/espacioaretha.com\\\/explora\\\/wp-content\\\/uploads\\\/2024\\\/06\\\/MADC.jpg\",\"width\":1862,\"height\":1080,\"caption\":\"DISE\u00d1O AMBIENTAL por MADC ARQUITECTOS\"},{\"@type\":\"BreadcrumbList\",\"@id\":\"https:\\\/\\\/espacioaretha.com\\\/explora\\\/video-series\\\/diseno-ambiental\\\/#breadcrumb\",\"itemListElement\":[{\"@type\":\"ListItem\",\"position\":1,\"name\":\"Portada\",\"item\":\"https:\\\/\\\/espacioaretha.com\\\/explora\\\/\"},{\"@type\":\"ListItem\",\"position\":2,\"name\":\"Video series\",\"item\":\"https:\\\/\\\/espacioaretha.com\\\/explora\\\/video-series\\\/\"},{\"@type\":\"ListItem\",\"position\":3,\"name\":\"Dise\u00f1o ambiental\"}]},{\"@type\":\"WebSite\",\"@id\":\"https:\\\/\\\/espacioaretha.com\\\/explora\\\/#website\",\"url\":\"https:\\\/\\\/espacioaretha.com\\\/explora\\\/\",\"name\":\"Aretha Explora\",\"description\":\"Plataforma de contenidos e inspiraci\u00f3n sobre arquitectura, dise\u00f1o y mucho m\u00e1s\",\"publisher\":{\"@id\":\"https:\\\/\\\/espacioaretha.com\\\/explora\\\/#organization\"},\"potentialAction\":[{\"@type\":\"SearchAction\",\"target\":{\"@type\":\"EntryPoint\",\"urlTemplate\":\"https:\\\/\\\/espacioaretha.com\\\/explora\\\/?s={search_term_string}\"},\"query-input\":{\"@type\":\"PropertyValueSpecification\",\"valueRequired\":true,\"valueName\":\"search_term_string\"}}],\"inLanguage\":\"es\"},{\"@type\":\"Organization\",\"@id\":\"https:\\\/\\\/espacioaretha.com\\\/explora\\\/#organization\",\"name\":\"Aretha Explora\",\"alternateName\":\"Aretha\",\"url\":\"https:\\\/\\\/espacioaretha.com\\\/explora\\\/\",\"logo\":{\"@type\":\"ImageObject\",\"inLanguage\":\"es\",\"@id\":\"https:\\\/\\\/espacioaretha.com\\\/explora\\\/#\\\/schema\\\/logo\\\/image\\\/\",\"url\":\"https:\\\/\\\/espacioaretha.com\\\/explora\\\/wp-content\\\/uploads\\\/2022\\\/05\\\/Ojo-web.jpg\",\"contentUrl\":\"https:\\\/\\\/espacioaretha.com\\\/explora\\\/wp-content\\\/uploads\\\/2022\\\/05\\\/Ojo-web.jpg\",\"width\":1920,\"height\":1080,\"caption\":\"Aretha Explora\"},\"image\":{\"@id\":\"https:\\\/\\\/espacioaretha.com\\\/explora\\\/#\\\/schema\\\/logo\\\/image\\\/\"}}]}<\/script>\n<!-- \/ Yoast SEO plugin. -->","yoast_head_json":{"title":"Dise\u00f1o ambiental y sostenible en arquitectura | Masterclass | Aretha Explora","description":"El dise\u00f1o ambiental, descubrimos las claves del dise\u00f1o m\u00e1s sostenible en esta masterclass con MADC Arquitectos.","robots":{"index":"index","follow":"follow","max-snippet":"max-snippet:-1","max-image-preview":"max-image-preview:large","max-video-preview":"max-video-preview:-1"},"canonical":"https:\/\/espacioaretha.com\/explora\/video-series\/diseno-ambiental\/","og_locale":"es_ES","og_type":"article","og_title":"Dise\u00f1o ambiental por Miguel \u00c1ngel D\u00edaz Camacho | Aretha Explora","og_description":"El dise\u00f1o ambiental, descubrimos las claves del dise\u00f1o m\u00e1s sostenible en esta masterclass con MADC Arquitectos.","og_url":"https:\/\/espacioaretha.com\/explora\/video-series\/diseno-ambiental\/","og_site_name":"Aretha Explora","article_modified_time":"2025-05-29T13:11:45+00:00","og_image":[{"width":1862,"height":1080,"url":"https:\/\/espacioaretha.com\/explora\/wp-content\/uploads\/2024\/06\/MADC.jpg","type":"image\/jpeg"}],"twitter_card":"summary_large_image","twitter_title":"Dise\u00f1o ambiental por Miguel \u00c1ngel D\u00edaz Camacho | Aretha Explora","twitter_description":"El dise\u00f1o ambiental, descubrimos las claves del dise\u00f1o m\u00e1s sostenible en esta masterclass con MADC Arquitectos.","twitter_image":"https:\/\/espacioaretha.com\/explora\/wp-content\/uploads\/2024\/06\/MADC.jpg","twitter_misc":{"Tiempo de lectura":"1 minuto"},"schema":{"@context":"https:\/\/schema.org","@graph":[{"@type":"WebPage","@id":"https:\/\/espacioaretha.com\/explora\/video-series\/diseno-ambiental\/","url":"https:\/\/espacioaretha.com\/explora\/video-series\/diseno-ambiental\/","name":"Dise\u00f1o ambiental y sostenible en arquitectura | Masterclass | Aretha Explora","isPartOf":{"@id":"https:\/\/espacioaretha.com\/explora\/#website"},"primaryImageOfPage":{"@id":"https:\/\/espacioaretha.com\/explora\/video-series\/diseno-ambiental\/#primaryimage"},"image":{"@id":"https:\/\/espacioaretha.com\/explora\/video-series\/diseno-ambiental\/#primaryimage"},"thumbnailUrl":"https:\/\/espacioaretha.com\/explora\/wp-content\/uploads\/2024\/06\/MADC.jpg","datePublished":"2023-10-18T14:14:00+00:00","dateModified":"2025-05-29T13:11:45+00:00","description":"El dise\u00f1o ambiental, descubrimos las claves del dise\u00f1o m\u00e1s sostenible en esta masterclass con MADC Arquitectos.","breadcrumb":{"@id":"https:\/\/espacioaretha.com\/explora\/video-series\/diseno-ambiental\/#breadcrumb"},"inLanguage":"es","potentialAction":[{"@type":"ReadAction","target":["https:\/\/espacioaretha.com\/explora\/video-series\/diseno-ambiental\/"]}]},{"@type":"ImageObject","inLanguage":"es","@id":"https:\/\/espacioaretha.com\/explora\/video-series\/diseno-ambiental\/#primaryimage","url":"https:\/\/espacioaretha.com\/explora\/wp-content\/uploads\/2024\/06\/MADC.jpg","contentUrl":"https:\/\/espacioaretha.com\/explora\/wp-content\/uploads\/2024\/06\/MADC.jpg","width":1862,"height":1080,"caption":"DISE\u00d1O AMBIENTAL por MADC ARQUITECTOS"},{"@type":"BreadcrumbList","@id":"https:\/\/espacioaretha.com\/explora\/video-series\/diseno-ambiental\/#breadcrumb","itemListElement":[{"@type":"ListItem","position":1,"name":"Portada","item":"https:\/\/espacioaretha.com\/explora\/"},{"@type":"ListItem","position":2,"name":"Video series","item":"https:\/\/espacioaretha.com\/explora\/video-series\/"},{"@type":"ListItem","position":3,"name":"Dise\u00f1o ambiental"}]},{"@type":"WebSite","@id":"https:\/\/espacioaretha.com\/explora\/#website","url":"https:\/\/espacioaretha.com\/explora\/","name":"Aretha Explora","description":"Plataforma de contenidos e inspiraci\u00f3n sobre arquitectura, dise\u00f1o y mucho m\u00e1s","publisher":{"@id":"https:\/\/espacioaretha.com\/explora\/#organization"},"potentialAction":[{"@type":"SearchAction","target":{"@type":"EntryPoint","urlTemplate":"https:\/\/espacioaretha.com\/explora\/?s={search_term_string}"},"query-input":{"@type":"PropertyValueSpecification","valueRequired":true,"valueName":"search_term_string"}}],"inLanguage":"es"},{"@type":"Organization","@id":"https:\/\/espacioaretha.com\/explora\/#organization","name":"Aretha Explora","alternateName":"Aretha","url":"https:\/\/espacioaretha.com\/explora\/","logo":{"@type":"ImageObject","inLanguage":"es","@id":"https:\/\/espacioaretha.com\/explora\/#\/schema\/logo\/image\/","url":"https:\/\/espacioaretha.com\/explora\/wp-content\/uploads\/2022\/05\/Ojo-web.jpg","contentUrl":"https:\/\/espacioaretha.com\/explora\/wp-content\/uploads\/2022\/05\/Ojo-web.jpg","width":1920,"height":1080,"caption":"Aretha Explora"},"image":{"@id":"https:\/\/espacioaretha.com\/explora\/#\/schema\/logo\/image\/"}}]}},"_links":{"self":[{"href":"https:\/\/espacioaretha.com\/explora\/wp-json\/wp\/v2\/video_serie\/4314","targetHints":{"allow":["GET"]}}],"collection":[{"href":"https:\/\/espacioaretha.com\/explora\/wp-json\/wp\/v2\/video_serie"}],"about":[{"href":"https:\/\/espacioaretha.com\/explora\/wp-json\/wp\/v2\/types\/video_serie"}],"author":[{"embeddable":true,"href":"https:\/\/espacioaretha.com\/explora\/wp-json\/wp\/v2\/users\/25"}],"version-history":[{"count":3,"href":"https:\/\/espacioaretha.com\/explora\/wp-json\/wp\/v2\/video_serie\/4314\/revisions"}],"predecessor-version":[{"id":4319,"href":"https:\/\/espacioaretha.com\/explora\/wp-json\/wp\/v2\/video_serie\/4314\/revisions\/4319"}],"wp:featuredmedia":[{"embeddable":true,"href":"https:\/\/espacioaretha.com\/explora\/wp-json\/wp\/v2\/media\/4315"}],"wp:attachment":[{"href":"https:\/\/espacioaretha.com\/explora\/wp-json\/wp\/v2\/media?parent=4314"}],"wp:term":[{"taxonomy":"video_category","embeddable":true,"href":"https:\/\/espacioaretha.com\/explora\/wp-json\/wp\/v2\/video_category?post=4314"},{"taxonomy":"video_tag","embeddable":true,"href":"https:\/\/espacioaretha.com\/explora\/wp-json\/wp\/v2\/video_tag?post=4314"}],"curies":[{"name":"wp","href":"https:\/\/api.w.org\/{rel}","templated":true}]}}

Diseño ambiental

<p>El arquitecto director de <a href="https://madc-arquitectos.com/">MADC Arquitectos</a> nos acerca a cómo se pueden crear espacios sostenibles y en armonía con el entorno.</p>



<p>Descubrimos materiales y técnicas que minimizan el impacto ambiental y promueven la sostenibilidad, y cuáles son los procesos que la arquitectura y el sector ha de incorporar para mejorar el impacto global.</p>



<p>«Diseñar es cuidar el Mundo. Sin excusas”</p>



<p>Una masterclass realizada durante la primera Semana del Diseño de <a href="https://espacioaretha.com/" target="_blank" rel="noreferrer noopener">Aretha</a>. Un espacio donde aprender de la mano de grandes profesionales de la arquitectura y el interiorismo.</p>

<p>«Diseño sin sostenibilidad ya no es diseño», es el lema que defiende Miguel Ángel Díaz Camacho y la premisa principal de esta ponencia. </p>

<!-- This site is optimized with the Yoast SEO plugin v27.4 - https://yoast.com/product/yoast-seo-wordpress/ -->
<title>Diseño ambiental y sostenible en arquitectura | Masterclass | Aretha Explora</title>
<meta name="description" content="El diseño ambiental, descubrimos las claves del diseño más sostenible en esta masterclass con MADC Arquitectos." />
<meta name="robots" content="index, follow, max-snippet:-1, max-image-preview:large, max-video-preview:-1" />
<link rel="canonical" href="https://espacioaretha.com/explora/video-series/diseno-ambiental/" />
<meta property="og:locale" content="es_ES" />
<meta property="og:type" content="article" />
<meta property="og:title" content="Diseño ambiental por Miguel Ángel Díaz Camacho | Aretha Explora" />
<meta property="og:description" content="El diseño ambiental, descubrimos las claves del diseño más sostenible en esta masterclass con MADC Arquitectos." />
<meta property="og:url" content="https://espacioaretha.com/explora/video-series/diseno-ambiental/" />
<meta property="og:site_name" content="Aretha Explora" />
<meta property="article:modified_time" content="2025-05-29T13:11:45+00:00" />
<meta property="og:image" content="https://espacioaretha.com/explora/wp-content/uploads/2024/06/MADC.jpg" />
	<meta property="og:image:width" content="1862" />
	<meta property="og:image:height" content="1080" />
	<meta property="og:image:type" content="image/jpeg" />
<meta name="twitter:card" content="summary_large_image" />
<meta name="twitter:title" content="Diseño ambiental por Miguel Ángel Díaz Camacho | Aretha Explora" />
<meta name="twitter:description" content="El diseño ambiental, descubrimos las claves del diseño más sostenible en esta masterclass con MADC Arquitectos." />
<meta name="twitter:image" content="https://espacioaretha.com/explora/wp-content/uploads/2024/06/MADC.jpg" />
<meta name="twitter:label1" content="Tiempo de lectura" />
	<meta name="twitter:data1" content="1 minuto" />
<script type="application/ld+json" class="yoast-schema-graph">{"@context":"https:\/\/schema.org","@graph":[{"@type":"WebPage","@id":"https:\/\/espacioaretha.com\/explora\/video-series\/diseno-ambiental\/","url":"https:\/\/espacioaretha.com\/explora\/video-series\/diseno-ambiental\/","name":"Diseño ambiental y sostenible en arquitectura | Masterclass | Aretha Explora","isPartOf":{"@id":"https:\/\/espacioaretha.com\/explora\/#website"},"primaryImageOfPage":{"@id":"https:\/\/espacioaretha.com\/explora\/video-series\/diseno-ambiental\/#primaryimage"},"image":{"@id":"https:\/\/espacioaretha.com\/explora\/video-series\/diseno-ambiental\/#primaryimage"},"thumbnailUrl":"https:\/\/espacioaretha.com\/explora\/wp-content\/uploads\/2024\/06\/MADC.jpg","datePublished":"2023-10-18T14:14:00+00:00","dateModified":"2025-05-29T13:11:45+00:00","description":"El diseño ambiental, descubrimos las claves del diseño más sostenible en esta masterclass con MADC Arquitectos.","breadcrumb":{"@id":"https:\/\/espacioaretha.com\/explora\/video-series\/diseno-ambiental\/#breadcrumb"},"inLanguage":"es","potentialAction":[{"@type":"ReadAction","target":["https:\/\/espacioaretha.com\/explora\/video-series\/diseno-ambiental\/"]}]},{"@type":"ImageObject","inLanguage":"es","@id":"https:\/\/espacioaretha.com\/explora\/video-series\/diseno-ambiental\/#primaryimage","url":"https:\/\/espacioaretha.com\/explora\/wp-content\/uploads\/2024\/06\/MADC.jpg","contentUrl":"https:\/\/espacioaretha.com\/explora\/wp-content\/uploads\/2024\/06\/MADC.jpg","width":1862,"height":1080,"caption":"DISEÑO AMBIENTAL por MADC ARQUITECTOS"},{"@type":"BreadcrumbList","@id":"https:\/\/espacioaretha.com\/explora\/video-series\/diseno-ambiental\/#breadcrumb","itemListElement":[{"@type":"ListItem","position":1,"name":"Portada","item":"https:\/\/espacioaretha.com\/explora\/"},{"@type":"ListItem","position":2,"name":"Video series","item":"https:\/\/espacioaretha.com\/explora\/video-series\/"},{"@type":"ListItem","position":3,"name":"Diseño ambiental"}]},{"@type":"WebSite","@id":"https:\/\/espacioaretha.com\/explora\/#website","url":"https:\/\/espacioaretha.com\/explora\/","name":"Aretha Explora","description":"Plataforma de contenidos e inspiración sobre arquitectura, diseño y mucho más","publisher":{"@id":"https:\/\/espacioaretha.com\/explora\/#organization"},"potentialAction":[{"@type":"SearchAction","target":{"@type":"EntryPoint","urlTemplate":"https:\/\/espacioaretha.com\/explora\/?s={search_term_string}"},"query-input":{"@type":"PropertyValueSpecification","valueRequired":true,"valueName":"search_term_string"}}],"inLanguage":"es"},{"@type":"Organization","@id":"https:\/\/espacioaretha.com\/explora\/#organization","name":"Aretha Explora","alternateName":"Aretha","url":"https:\/\/espacioaretha.com\/explora\/","logo":{"@type":"ImageObject","inLanguage":"es","@id":"https:\/\/espacioaretha.com\/explora\/#\/schema\/logo\/image\/","url":"https:\/\/espacioaretha.com\/explora\/wp-content\/uploads\/2022\/05\/Ojo-web.jpg","contentUrl":"https:\/\/espacioaretha.com\/explora\/wp-content\/uploads\/2022\/05\/Ojo-web.jpg","width":1920,"height":1080,"caption":"Aretha Explora"},"image":{"@id":"https:\/\/espacioaretha.com\/explora\/#\/schema\/logo\/image\/"}}]}</script>
<!-- / Yoast SEO plugin. -->

Diseño ambiental y sostenible en arquitectura | Masterclass | Aretha Explora

El diseño ambiental, descubrimos las claves del diseño más sostenible en esta masterclass con MADC Arquitectos.

Diseño ambiental por Miguel Ángel Díaz Camacho | Aretha Explora

DISEÑO AMBIENTAL por MADC ARQUITECTOS

Plataforma de contenidos e inspiración sobre arquitectura, diseño y mucho más
