{"id":4459,"date":"2023-10-05T15:47:00","date_gmt":"2023-10-05T13:47:00","guid":{"rendered":"https:\/\/espacioaretha.com\/explora\/?post_type=video_serie&#038;p=4459"},"modified":"2025-05-29T13:59:51","modified_gmt":"2025-05-29T11:59:51","slug":"arquitectura-efimera","status":"publish","type":"video_serie","link":"https:\/\/espacioaretha.com\/explora\/video-series\/arquitectura-efimera\/","title":{"rendered":"Arquitectura ef\u00edmera"},"content":{"rendered":"\n<p>Exploramos qu\u00e9 es la arquitectura ef\u00edmera y su impacto en la cultura del dise\u00f1o, destacando su capacidad para ofrecer soluciones innovadoras y temporales. Por \u00faltimo, profundizamos en casos de instalaciones ef\u00edmeras de <a href=\"https:\/\/equipo01.com\/\">Equipo 01<\/a> que han transformado entornos urbanos y culturales.<\/p>\n\n\n\n<p>Una ponencia que inspira a arquitectos a innovar y crear espacios temporales con un impacto duradero.<\/p>\n\n\n\n<p>Una masterclass realizada durante la primera Semana del Dise\u00f1o de <a href=\"https:\/\/espacioaretha.com\/\" target=\"_blank\" rel=\"noreferrer noopener\">Aretha<\/a>. Un espacio donde aprender de la mano de grandes profesionales de la arquitectura y el interiorismo.<\/p>\n","protected":false},"excerpt":{"rendered":"<p>En esta ponencia Jes\u00fas San Vicente expone su trabajo de arquitectura ef\u00edmera y nos presenta su visi\u00f3n de esta disciplina c\u00f3mo un laboratorio experimental de la propia arquitectura.<\/p>\n","protected":false},"author":25,"featured_media":4461,"template":"","meta":{"footnotes":""},"video_category":[189],"video_tag":[],"class_list":["post-4459","video_serie","type-video_serie","status-publish","has-post-thumbnail","hentry","video_category-semana-del-diseno"],"yoast_head":"<!-- This site is optimized with the Yoast SEO plugin v27.4 - https:\/\/yoast.com\/product\/yoast-seo-wordpress\/ -->\n<title>Ejemplos de arquitectura ef\u00edmera |Aretha Explora<\/title>\n<meta name=\"description\" content=\"Jes\u00fas San Vicente de Equipo 01 explica qu\u00e9 es la arquitectura ef\u00edmera y expone sus casos de \u00e9xito m\u00e1s reconocidos.\" \/>\n<meta name=\"robots\" content=\"index, follow, max-snippet:-1, max-image-preview:large, max-video-preview:-1\" \/>\n<link rel=\"canonical\" href=\"https:\/\/espacioaretha.com\/explora\/video-series\/arquitectura-efimera\/\" \/>\n<meta property=\"og:locale\" content=\"es_ES\" \/>\n<meta property=\"og:type\" content=\"article\" \/>\n<meta property=\"og:title\" content=\"Arquitectura ef\u00edmera por Jes\u00fas San Vicente | Aretha Explora\" \/>\n<meta property=\"og:description\" content=\"Jes\u00fas San Vicente de Equipo 01 explica qu\u00e9 es la arquitectura ef\u00edmera y expone sus casos de \u00e9xito m\u00e1s reconocidos.\" \/>\n<meta property=\"og:url\" content=\"https:\/\/espacioaretha.com\/explora\/video-series\/arquitectura-efimera\/\" \/>\n<meta property=\"og:site_name\" content=\"Aretha Explora\" \/>\n<meta property=\"article:modified_time\" content=\"2025-05-29T11:59:51+00:00\" \/>\n<meta property=\"og:image\" content=\"https:\/\/espacioaretha.com\/explora\/wp-content\/uploads\/2024\/06\/SS10_-Jesus-SanVicente.jpg\" \/>\n\t<meta property=\"og:image:width\" content=\"1862\" \/>\n\t<meta property=\"og:image:height\" content=\"1080\" \/>\n\t<meta property=\"og:image:type\" content=\"image\/jpeg\" \/>\n<meta name=\"twitter:card\" content=\"summary_large_image\" \/>\n<meta name=\"twitter:title\" content=\"Arquitectura ef\u00edmera por Jes\u00fas San Vicente | Aretha Explora\" \/>\n<meta name=\"twitter:description\" content=\"Jes\u00fas San Vicente de Equipo 01 explica qu\u00e9 es la arquitectura ef\u00edmera y expone sus casos de \u00e9xito m\u00e1s reconocidos.\" \/>\n<meta name=\"twitter:image\" content=\"https:\/\/espacioaretha.com\/explora\/wp-content\/uploads\/2024\/06\/SS10_-Jesus-SanVicente.jpg\" \/>\n<meta name=\"twitter:label1\" content=\"Tiempo de lectura\" \/>\n\t<meta name=\"twitter:data1\" content=\"1 minuto\" \/>\n<script type=\"application\/ld+json\" class=\"yoast-schema-graph\">{\"@context\":\"https:\\\/\\\/schema.org\",\"@graph\":[{\"@type\":\"WebPage\",\"@id\":\"https:\\\/\\\/espacioaretha.com\\\/explora\\\/video-series\\\/arquitectura-efimera\\\/\",\"url\":\"https:\\\/\\\/espacioaretha.com\\\/explora\\\/video-series\\\/arquitectura-efimera\\\/\",\"name\":\"Ejemplos de arquitectura ef\u00edmera |Aretha Explora\",\"isPartOf\":{\"@id\":\"https:\\\/\\\/espacioaretha.com\\\/explora\\\/#website\"},\"primaryImageOfPage\":{\"@id\":\"https:\\\/\\\/espacioaretha.com\\\/explora\\\/video-series\\\/arquitectura-efimera\\\/#primaryimage\"},\"image\":{\"@id\":\"https:\\\/\\\/espacioaretha.com\\\/explora\\\/video-series\\\/arquitectura-efimera\\\/#primaryimage\"},\"thumbnailUrl\":\"https:\\\/\\\/espacioaretha.com\\\/explora\\\/wp-content\\\/uploads\\\/2024\\\/06\\\/SS10_-Jesus-SanVicente.jpg\",\"datePublished\":\"2023-10-05T13:47:00+00:00\",\"dateModified\":\"2025-05-29T11:59:51+00:00\",\"description\":\"Jes\u00fas San Vicente de Equipo 01 explica qu\u00e9 es la arquitectura ef\u00edmera y expone sus casos de \u00e9xito m\u00e1s reconocidos.\",\"breadcrumb\":{\"@id\":\"https:\\\/\\\/espacioaretha.com\\\/explora\\\/video-series\\\/arquitectura-efimera\\\/#breadcrumb\"},\"inLanguage\":\"es\",\"potentialAction\":[{\"@type\":\"ReadAction\",\"target\":[\"https:\\\/\\\/espacioaretha.com\\\/explora\\\/video-series\\\/arquitectura-efimera\\\/\"]}]},{\"@type\":\"ImageObject\",\"inLanguage\":\"es\",\"@id\":\"https:\\\/\\\/espacioaretha.com\\\/explora\\\/video-series\\\/arquitectura-efimera\\\/#primaryimage\",\"url\":\"https:\\\/\\\/espacioaretha.com\\\/explora\\\/wp-content\\\/uploads\\\/2024\\\/06\\\/SS10_-Jesus-SanVicente.jpg\",\"contentUrl\":\"https:\\\/\\\/espacioaretha.com\\\/explora\\\/wp-content\\\/uploads\\\/2024\\\/06\\\/SS10_-Jesus-SanVicente.jpg\",\"width\":1862,\"height\":1080,\"caption\":\"arquitectura ef\u00edmera que es por jesus san vicente\"},{\"@type\":\"BreadcrumbList\",\"@id\":\"https:\\\/\\\/espacioaretha.com\\\/explora\\\/video-series\\\/arquitectura-efimera\\\/#breadcrumb\",\"itemListElement\":[{\"@type\":\"ListItem\",\"position\":1,\"name\":\"Portada\",\"item\":\"https:\\\/\\\/espacioaretha.com\\\/explora\\\/\"},{\"@type\":\"ListItem\",\"position\":2,\"name\":\"Video series\",\"item\":\"https:\\\/\\\/espacioaretha.com\\\/explora\\\/video-series\\\/\"},{\"@type\":\"ListItem\",\"position\":3,\"name\":\"Arquitectura ef\u00edmera\"}]},{\"@type\":\"WebSite\",\"@id\":\"https:\\\/\\\/espacioaretha.com\\\/explora\\\/#website\",\"url\":\"https:\\\/\\\/espacioaretha.com\\\/explora\\\/\",\"name\":\"Aretha Explora\",\"description\":\"Plataforma de contenidos e inspiraci\u00f3n sobre arquitectura, dise\u00f1o y mucho m\u00e1s\",\"publisher\":{\"@id\":\"https:\\\/\\\/espacioaretha.com\\\/explora\\\/#organization\"},\"potentialAction\":[{\"@type\":\"SearchAction\",\"target\":{\"@type\":\"EntryPoint\",\"urlTemplate\":\"https:\\\/\\\/espacioaretha.com\\\/explora\\\/?s={search_term_string}\"},\"query-input\":{\"@type\":\"PropertyValueSpecification\",\"valueRequired\":true,\"valueName\":\"search_term_string\"}}],\"inLanguage\":\"es\"},{\"@type\":\"Organization\",\"@id\":\"https:\\\/\\\/espacioaretha.com\\\/explora\\\/#organization\",\"name\":\"Aretha Explora\",\"alternateName\":\"Aretha\",\"url\":\"https:\\\/\\\/espacioaretha.com\\\/explora\\\/\",\"logo\":{\"@type\":\"ImageObject\",\"inLanguage\":\"es\",\"@id\":\"https:\\\/\\\/espacioaretha.com\\\/explora\\\/#\\\/schema\\\/logo\\\/image\\\/\",\"url\":\"https:\\\/\\\/espacioaretha.com\\\/explora\\\/wp-content\\\/uploads\\\/2022\\\/05\\\/Ojo-web.jpg\",\"contentUrl\":\"https:\\\/\\\/espacioaretha.com\\\/explora\\\/wp-content\\\/uploads\\\/2022\\\/05\\\/Ojo-web.jpg\",\"width\":1920,\"height\":1080,\"caption\":\"Aretha Explora\"},\"image\":{\"@id\":\"https:\\\/\\\/espacioaretha.com\\\/explora\\\/#\\\/schema\\\/logo\\\/image\\\/\"}}]}<\/script>\n<!-- \/ Yoast SEO plugin. -->","yoast_head_json":{"title":"Ejemplos de arquitectura ef\u00edmera |Aretha Explora","description":"Jes\u00fas San Vicente de Equipo 01 explica qu\u00e9 es la arquitectura ef\u00edmera y expone sus casos de \u00e9xito m\u00e1s reconocidos.","robots":{"index":"index","follow":"follow","max-snippet":"max-snippet:-1","max-image-preview":"max-image-preview:large","max-video-preview":"max-video-preview:-1"},"canonical":"https:\/\/espacioaretha.com\/explora\/video-series\/arquitectura-efimera\/","og_locale":"es_ES","og_type":"article","og_title":"Arquitectura ef\u00edmera por Jes\u00fas San Vicente | Aretha Explora","og_description":"Jes\u00fas San Vicente de Equipo 01 explica qu\u00e9 es la arquitectura ef\u00edmera y expone sus casos de \u00e9xito m\u00e1s reconocidos.","og_url":"https:\/\/espacioaretha.com\/explora\/video-series\/arquitectura-efimera\/","og_site_name":"Aretha Explora","article_modified_time":"2025-05-29T11:59:51+00:00","og_image":[{"width":1862,"height":1080,"url":"https:\/\/espacioaretha.com\/explora\/wp-content\/uploads\/2024\/06\/SS10_-Jesus-SanVicente.jpg","type":"image\/jpeg"}],"twitter_card":"summary_large_image","twitter_title":"Arquitectura ef\u00edmera por Jes\u00fas San Vicente | Aretha Explora","twitter_description":"Jes\u00fas San Vicente de Equipo 01 explica qu\u00e9 es la arquitectura ef\u00edmera y expone sus casos de \u00e9xito m\u00e1s reconocidos.","twitter_image":"https:\/\/espacioaretha.com\/explora\/wp-content\/uploads\/2024\/06\/SS10_-Jesus-SanVicente.jpg","twitter_misc":{"Tiempo de lectura":"1 minuto"},"schema":{"@context":"https:\/\/schema.org","@graph":[{"@type":"WebPage","@id":"https:\/\/espacioaretha.com\/explora\/video-series\/arquitectura-efimera\/","url":"https:\/\/espacioaretha.com\/explora\/video-series\/arquitectura-efimera\/","name":"Ejemplos de arquitectura ef\u00edmera |Aretha Explora","isPartOf":{"@id":"https:\/\/espacioaretha.com\/explora\/#website"},"primaryImageOfPage":{"@id":"https:\/\/espacioaretha.com\/explora\/video-series\/arquitectura-efimera\/#primaryimage"},"image":{"@id":"https:\/\/espacioaretha.com\/explora\/video-series\/arquitectura-efimera\/#primaryimage"},"thumbnailUrl":"https:\/\/espacioaretha.com\/explora\/wp-content\/uploads\/2024\/06\/SS10_-Jesus-SanVicente.jpg","datePublished":"2023-10-05T13:47:00+00:00","dateModified":"2025-05-29T11:59:51+00:00","description":"Jes\u00fas San Vicente de Equipo 01 explica qu\u00e9 es la arquitectura ef\u00edmera y expone sus casos de \u00e9xito m\u00e1s reconocidos.","breadcrumb":{"@id":"https:\/\/espacioaretha.com\/explora\/video-series\/arquitectura-efimera\/#breadcrumb"},"inLanguage":"es","potentialAction":[{"@type":"ReadAction","target":["https:\/\/espacioaretha.com\/explora\/video-series\/arquitectura-efimera\/"]}]},{"@type":"ImageObject","inLanguage":"es","@id":"https:\/\/espacioaretha.com\/explora\/video-series\/arquitectura-efimera\/#primaryimage","url":"https:\/\/espacioaretha.com\/explora\/wp-content\/uploads\/2024\/06\/SS10_-Jesus-SanVicente.jpg","contentUrl":"https:\/\/espacioaretha.com\/explora\/wp-content\/uploads\/2024\/06\/SS10_-Jesus-SanVicente.jpg","width":1862,"height":1080,"caption":"arquitectura ef\u00edmera que es por jesus san vicente"},{"@type":"BreadcrumbList","@id":"https:\/\/espacioaretha.com\/explora\/video-series\/arquitectura-efimera\/#breadcrumb","itemListElement":[{"@type":"ListItem","position":1,"name":"Portada","item":"https:\/\/espacioaretha.com\/explora\/"},{"@type":"ListItem","position":2,"name":"Video series","item":"https:\/\/espacioaretha.com\/explora\/video-series\/"},{"@type":"ListItem","position":3,"name":"Arquitectura ef\u00edmera"}]},{"@type":"WebSite","@id":"https:\/\/espacioaretha.com\/explora\/#website","url":"https:\/\/espacioaretha.com\/explora\/","name":"Aretha Explora","description":"Plataforma de contenidos e inspiraci\u00f3n sobre arquitectura, dise\u00f1o y mucho m\u00e1s","publisher":{"@id":"https:\/\/espacioaretha.com\/explora\/#organization"},"potentialAction":[{"@type":"SearchAction","target":{"@type":"EntryPoint","urlTemplate":"https:\/\/espacioaretha.com\/explora\/?s={search_term_string}"},"query-input":{"@type":"PropertyValueSpecification","valueRequired":true,"valueName":"search_term_string"}}],"inLanguage":"es"},{"@type":"Organization","@id":"https:\/\/espacioaretha.com\/explora\/#organization","name":"Aretha Explora","alternateName":"Aretha","url":"https:\/\/espacioaretha.com\/explora\/","logo":{"@type":"ImageObject","inLanguage":"es","@id":"https:\/\/espacioaretha.com\/explora\/#\/schema\/logo\/image\/","url":"https:\/\/espacioaretha.com\/explora\/wp-content\/uploads\/2022\/05\/Ojo-web.jpg","contentUrl":"https:\/\/espacioaretha.com\/explora\/wp-content\/uploads\/2022\/05\/Ojo-web.jpg","width":1920,"height":1080,"caption":"Aretha Explora"},"image":{"@id":"https:\/\/espacioaretha.com\/explora\/#\/schema\/logo\/image\/"}}]}},"_links":{"self":[{"href":"https:\/\/espacioaretha.com\/explora\/wp-json\/wp\/v2\/video_serie\/4459","targetHints":{"allow":["GET"]}}],"collection":[{"href":"https:\/\/espacioaretha.com\/explora\/wp-json\/wp\/v2\/video_serie"}],"about":[{"href":"https:\/\/espacioaretha.com\/explora\/wp-json\/wp\/v2\/types\/video_serie"}],"author":[{"embeddable":true,"href":"https:\/\/espacioaretha.com\/explora\/wp-json\/wp\/v2\/users\/25"}],"version-history":[{"count":3,"href":"https:\/\/espacioaretha.com\/explora\/wp-json\/wp\/v2\/video_serie\/4459\/revisions"}],"predecessor-version":[{"id":4464,"href":"https:\/\/espacioaretha.com\/explora\/wp-json\/wp\/v2\/video_serie\/4459\/revisions\/4464"}],"wp:featuredmedia":[{"embeddable":true,"href":"https:\/\/espacioaretha.com\/explora\/wp-json\/wp\/v2\/media\/4461"}],"wp:attachment":[{"href":"https:\/\/espacioaretha.com\/explora\/wp-json\/wp\/v2\/media?parent=4459"}],"wp:term":[{"taxonomy":"video_category","embeddable":true,"href":"https:\/\/espacioaretha.com\/explora\/wp-json\/wp\/v2\/video_category?post=4459"},{"taxonomy":"video_tag","embeddable":true,"href":"https:\/\/espacioaretha.com\/explora\/wp-json\/wp\/v2\/video_tag?post=4459"}],"curies":[{"name":"wp","href":"https:\/\/api.w.org\/{rel}","templated":true}]}}

Arquitectura efímera

<p>Exploramos qué es la arquitectura efímera y su impacto en la cultura del diseño, destacando su capacidad para ofrecer soluciones innovadoras y temporales. Por último, profundizamos en casos de instalaciones efímeras de <a href="https://equipo01.com/">Equipo 01</a> que han transformado entornos urbanos y culturales.</p>



<p>Una ponencia que inspira a arquitectos a innovar y crear espacios temporales con un impacto duradero.</p>



<p>Una masterclass realizada durante la primera Semana del Diseño de <a href="https://espacioaretha.com/" target="_blank" rel="noreferrer noopener">Aretha</a>. Un espacio donde aprender de la mano de grandes profesionales de la arquitectura y el interiorismo.</p>

<p>En esta ponencia Jesús San Vicente expone su trabajo de arquitectura efímera y nos presenta su visión de esta disciplina cómo un laboratorio experimental de la propia arquitectura.</p>

<!-- This site is optimized with the Yoast SEO plugin v27.4 - https://yoast.com/product/yoast-seo-wordpress/ -->
<title>Ejemplos de arquitectura efímera |Aretha Explora</title>
<meta name="description" content="Jesús San Vicente de Equipo 01 explica qué es la arquitectura efímera y expone sus casos de éxito más reconocidos." />
<meta name="robots" content="index, follow, max-snippet:-1, max-image-preview:large, max-video-preview:-1" />
<link rel="canonical" href="https://espacioaretha.com/explora/video-series/arquitectura-efimera/" />
<meta property="og:locale" content="es_ES" />
<meta property="og:type" content="article" />
<meta property="og:title" content="Arquitectura efímera por Jesús San Vicente | Aretha Explora" />
<meta property="og:description" content="Jesús San Vicente de Equipo 01 explica qué es la arquitectura efímera y expone sus casos de éxito más reconocidos." />
<meta property="og:url" content="https://espacioaretha.com/explora/video-series/arquitectura-efimera/" />
<meta property="og:site_name" content="Aretha Explora" />
<meta property="article:modified_time" content="2025-05-29T11:59:51+00:00" />
<meta property="og:image" content="https://espacioaretha.com/explora/wp-content/uploads/2024/06/SS10_-Jesus-SanVicente.jpg" />
	<meta property="og:image:width" content="1862" />
	<meta property="og:image:height" content="1080" />
	<meta property="og:image:type" content="image/jpeg" />
<meta name="twitter:card" content="summary_large_image" />
<meta name="twitter:title" content="Arquitectura efímera por Jesús San Vicente | Aretha Explora" />
<meta name="twitter:description" content="Jesús San Vicente de Equipo 01 explica qué es la arquitectura efímera y expone sus casos de éxito más reconocidos." />
<meta name="twitter:image" content="https://espacioaretha.com/explora/wp-content/uploads/2024/06/SS10_-Jesus-SanVicente.jpg" />
<meta name="twitter:label1" content="Tiempo de lectura" />
	<meta name="twitter:data1" content="1 minuto" />
<script type="application/ld+json" class="yoast-schema-graph">{"@context":"https:\/\/schema.org","@graph":[{"@type":"WebPage","@id":"https:\/\/espacioaretha.com\/explora\/video-series\/arquitectura-efimera\/","url":"https:\/\/espacioaretha.com\/explora\/video-series\/arquitectura-efimera\/","name":"Ejemplos de arquitectura efímera |Aretha Explora","isPartOf":{"@id":"https:\/\/espacioaretha.com\/explora\/#website"},"primaryImageOfPage":{"@id":"https:\/\/espacioaretha.com\/explora\/video-series\/arquitectura-efimera\/#primaryimage"},"image":{"@id":"https:\/\/espacioaretha.com\/explora\/video-series\/arquitectura-efimera\/#primaryimage"},"thumbnailUrl":"https:\/\/espacioaretha.com\/explora\/wp-content\/uploads\/2024\/06\/SS10_-Jesus-SanVicente.jpg","datePublished":"2023-10-05T13:47:00+00:00","dateModified":"2025-05-29T11:59:51+00:00","description":"Jesús San Vicente de Equipo 01 explica qué es la arquitectura efímera y expone sus casos de éxito más reconocidos.","breadcrumb":{"@id":"https:\/\/espacioaretha.com\/explora\/video-series\/arquitectura-efimera\/#breadcrumb"},"inLanguage":"es","potentialAction":[{"@type":"ReadAction","target":["https:\/\/espacioaretha.com\/explora\/video-series\/arquitectura-efimera\/"]}]},{"@type":"ImageObject","inLanguage":"es","@id":"https:\/\/espacioaretha.com\/explora\/video-series\/arquitectura-efimera\/#primaryimage","url":"https:\/\/espacioaretha.com\/explora\/wp-content\/uploads\/2024\/06\/SS10_-Jesus-SanVicente.jpg","contentUrl":"https:\/\/espacioaretha.com\/explora\/wp-content\/uploads\/2024\/06\/SS10_-Jesus-SanVicente.jpg","width":1862,"height":1080,"caption":"arquitectura efímera que es por jesus san vicente"},{"@type":"BreadcrumbList","@id":"https:\/\/espacioaretha.com\/explora\/video-series\/arquitectura-efimera\/#breadcrumb","itemListElement":[{"@type":"ListItem","position":1,"name":"Portada","item":"https:\/\/espacioaretha.com\/explora\/"},{"@type":"ListItem","position":2,"name":"Video series","item":"https:\/\/espacioaretha.com\/explora\/video-series\/"},{"@type":"ListItem","position":3,"name":"Arquitectura efímera"}]},{"@type":"WebSite","@id":"https:\/\/espacioaretha.com\/explora\/#website","url":"https:\/\/espacioaretha.com\/explora\/","name":"Aretha Explora","description":"Plataforma de contenidos e inspiración sobre arquitectura, diseño y mucho más","publisher":{"@id":"https:\/\/espacioaretha.com\/explora\/#organization"},"potentialAction":[{"@type":"SearchAction","target":{"@type":"EntryPoint","urlTemplate":"https:\/\/espacioaretha.com\/explora\/?s={search_term_string}"},"query-input":{"@type":"PropertyValueSpecification","valueRequired":true,"valueName":"search_term_string"}}],"inLanguage":"es"},{"@type":"Organization","@id":"https:\/\/espacioaretha.com\/explora\/#organization","name":"Aretha Explora","alternateName":"Aretha","url":"https:\/\/espacioaretha.com\/explora\/","logo":{"@type":"ImageObject","inLanguage":"es","@id":"https:\/\/espacioaretha.com\/explora\/#\/schema\/logo\/image\/","url":"https:\/\/espacioaretha.com\/explora\/wp-content\/uploads\/2022\/05\/Ojo-web.jpg","contentUrl":"https:\/\/espacioaretha.com\/explora\/wp-content\/uploads\/2022\/05\/Ojo-web.jpg","width":1920,"height":1080,"caption":"Aretha Explora"},"image":{"@id":"https:\/\/espacioaretha.com\/explora\/#\/schema\/logo\/image\/"}}]}</script>
<!-- / Yoast SEO plugin. -->

Ejemplos de arquitectura efímera |Aretha Explora

Jesús San Vicente de Equipo 01 explica qué es la arquitectura efímera y expone sus casos de éxito más reconocidos.

Arquitectura efímera por Jesús San Vicente | Aretha Explora

arquitectura efímera que es por jesus san vicente

Plataforma de contenidos e inspiración sobre arquitectura, diseño y mucho más
