{"id":4468,"date":"2023-10-19T16:57:00","date_gmt":"2023-10-19T14:57:00","guid":{"rendered":"https:\/\/espacioaretha.com\/explora\/?post_type=video_serie&#038;p=4468"},"modified":"2025-05-29T13:48:30","modified_gmt":"2025-05-29T11:48:30","slug":"construccion-industrializada","status":"publish","type":"video_serie","link":"https:\/\/espacioaretha.com\/explora\/video-series\/construccion-industrializada\/","title":{"rendered":"Construcci\u00f3n industrializada"},"content":{"rendered":"\n<p>Descubrimos c\u00f3mo la construcci\u00f3n industrializada est\u00e1 revolucionando el sector, facilitando la creaci\u00f3n de espacios modulares, sostenibles y altamente conectados.<\/p>\n\n\n\n<p>Se presenta el caso de \u00e9xito del proyecto <a href=\"https:\/\/www.room2030.com\/\">ROOM 2030<\/a> y se aborda el impacto de la construcci\u00f3n industrializada en el futuro del dise\u00f1o arquitect\u00f3nico<\/p>\n\n\n\n<p>Este m\u00e9todo no solo optimiza los procesos de construcci\u00f3n, sino que tambi\u00e9n ofrece nuevas oportunidades para desarrollar viviendas y otras edificaciones de manera m\u00e1s r\u00e1pida y ecol\u00f3gica, marcando el camino hacia una nueva era en la arquitectura.<\/p>\n\n\n\n<p>Modularidad, sostenibilidad, y digitalizaci\u00f3n son la base del futuro de la construcci\u00f3n.<\/p>\n\n\n\n<p>Una masterclass realizada durante la primera Semana del Dise\u00f1o de <a href=\"https:\/\/espacioaretha.com\/\" target=\"_blank\" rel=\"noreferrer noopener\">Aretha<\/a>. Un espacio donde aprender de la mano de grandes profesionales de la arquitectura y el interiorismo.<\/p>\n","protected":false},"excerpt":{"rendered":"<p>Exploramos el futuro de la construcci\u00f3n con Sergio Baraga\u00f1o, arquitecto director de ROOM 2030.<\/p>\n","protected":false},"author":25,"featured_media":4462,"template":"","meta":{"footnotes":""},"video_category":[189],"video_tag":[],"class_list":["post-4468","video_serie","type-video_serie","status-publish","has-post-thumbnail","hentry","video_category-semana-del-diseno"],"yoast_head":"<!-- This site is optimized with the Yoast SEO plugin v27.4 - https:\/\/yoast.com\/product\/yoast-seo-wordpress\/ -->\n<title>La construcci\u00f3n industrializada el futuro de la arquitectura | Aretha Explora<\/title>\n<meta name=\"description\" content=\"Exploramos el futuro de la construcci\u00f3n industrializada con Sergio Baraga\u00f1o, arquitecto director del proyecto ROOM 2030.\" \/>\n<meta name=\"robots\" content=\"index, follow, max-snippet:-1, max-image-preview:large, max-video-preview:-1\" \/>\n<link rel=\"canonical\" href=\"https:\/\/espacioaretha.com\/explora\/video-series\/construccion-industrializada\/\" \/>\n<meta property=\"og:locale\" content=\"es_ES\" \/>\n<meta property=\"og:type\" content=\"article\" \/>\n<meta property=\"og:title\" content=\"Construcci\u00f3n industrializada por Sergio Baraga\u00f1o | Aretha Explora\" \/>\n<meta property=\"og:description\" content=\"Exploramos el futuro de la construcci\u00f3n industrializada con Sergio Baraga\u00f1o, arquitecto director del proyecto ROOM 2030.\" \/>\n<meta property=\"og:url\" content=\"https:\/\/espacioaretha.com\/explora\/video-series\/construccion-industrializada\/\" \/>\n<meta property=\"og:site_name\" content=\"Aretha Explora\" \/>\n<meta property=\"article:modified_time\" content=\"2025-05-29T11:48:30+00:00\" \/>\n<meta property=\"og:image\" content=\"https:\/\/espacioaretha.com\/explora\/wp-content\/uploads\/2024\/06\/SS09_-Sergio-Baragano.jpg\" \/>\n\t<meta property=\"og:image:width\" content=\"1862\" \/>\n\t<meta property=\"og:image:height\" content=\"1080\" \/>\n\t<meta property=\"og:image:type\" content=\"image\/jpeg\" \/>\n<meta name=\"twitter:card\" content=\"summary_large_image\" \/>\n<meta name=\"twitter:title\" content=\"Construcci\u00f3n industrializada por Sergio Baraga\u00f1o | Aretha Explora\" \/>\n<meta name=\"twitter:description\" content=\"Exploramos el futuro de la construcci\u00f3n industrializada con Sergio Baraga\u00f1o, arquitecto director del proyecto ROOM 2030.\" \/>\n<meta name=\"twitter:image\" content=\"https:\/\/espacioaretha.com\/explora\/wp-content\/uploads\/2024\/06\/SS09_-Sergio-Baragano.jpg\" \/>\n<meta name=\"twitter:label1\" content=\"Tiempo de lectura\" \/>\n\t<meta name=\"twitter:data1\" content=\"1 minuto\" \/>\n<script type=\"application\/ld+json\" class=\"yoast-schema-graph\">{\"@context\":\"https:\\\/\\\/schema.org\",\"@graph\":[{\"@type\":\"WebPage\",\"@id\":\"https:\\\/\\\/espacioaretha.com\\\/explora\\\/video-series\\\/construccion-industrializada\\\/\",\"url\":\"https:\\\/\\\/espacioaretha.com\\\/explora\\\/video-series\\\/construccion-industrializada\\\/\",\"name\":\"La construcci\u00f3n industrializada el futuro de la arquitectura | Aretha Explora\",\"isPartOf\":{\"@id\":\"https:\\\/\\\/espacioaretha.com\\\/explora\\\/#website\"},\"primaryImageOfPage\":{\"@id\":\"https:\\\/\\\/espacioaretha.com\\\/explora\\\/video-series\\\/construccion-industrializada\\\/#primaryimage\"},\"image\":{\"@id\":\"https:\\\/\\\/espacioaretha.com\\\/explora\\\/video-series\\\/construccion-industrializada\\\/#primaryimage\"},\"thumbnailUrl\":\"https:\\\/\\\/espacioaretha.com\\\/explora\\\/wp-content\\\/uploads\\\/2024\\\/06\\\/SS09_-Sergio-Baragano.jpg\",\"datePublished\":\"2023-10-19T14:57:00+00:00\",\"dateModified\":\"2025-05-29T11:48:30+00:00\",\"description\":\"Exploramos el futuro de la construcci\u00f3n industrializada con Sergio Baraga\u00f1o, arquitecto director del proyecto ROOM 2030.\",\"breadcrumb\":{\"@id\":\"https:\\\/\\\/espacioaretha.com\\\/explora\\\/video-series\\\/construccion-industrializada\\\/#breadcrumb\"},\"inLanguage\":\"es\",\"potentialAction\":[{\"@type\":\"ReadAction\",\"target\":[\"https:\\\/\\\/espacioaretha.com\\\/explora\\\/video-series\\\/construccion-industrializada\\\/\"]}]},{\"@type\":\"ImageObject\",\"inLanguage\":\"es\",\"@id\":\"https:\\\/\\\/espacioaretha.com\\\/explora\\\/video-series\\\/construccion-industrializada\\\/#primaryimage\",\"url\":\"https:\\\/\\\/espacioaretha.com\\\/explora\\\/wp-content\\\/uploads\\\/2024\\\/06\\\/SS09_-Sergio-Baragano.jpg\",\"contentUrl\":\"https:\\\/\\\/espacioaretha.com\\\/explora\\\/wp-content\\\/uploads\\\/2024\\\/06\\\/SS09_-Sergio-Baragano.jpg\",\"width\":1862,\"height\":1080,\"caption\":\"construccion industrializada ponencia\"},{\"@type\":\"BreadcrumbList\",\"@id\":\"https:\\\/\\\/espacioaretha.com\\\/explora\\\/video-series\\\/construccion-industrializada\\\/#breadcrumb\",\"itemListElement\":[{\"@type\":\"ListItem\",\"position\":1,\"name\":\"Portada\",\"item\":\"https:\\\/\\\/espacioaretha.com\\\/explora\\\/\"},{\"@type\":\"ListItem\",\"position\":2,\"name\":\"Video series\",\"item\":\"https:\\\/\\\/espacioaretha.com\\\/explora\\\/video-series\\\/\"},{\"@type\":\"ListItem\",\"position\":3,\"name\":\"Construcci\u00f3n industrializada\"}]},{\"@type\":\"WebSite\",\"@id\":\"https:\\\/\\\/espacioaretha.com\\\/explora\\\/#website\",\"url\":\"https:\\\/\\\/espacioaretha.com\\\/explora\\\/\",\"name\":\"Aretha Explora\",\"description\":\"Plataforma de contenidos e inspiraci\u00f3n sobre arquitectura, dise\u00f1o y mucho m\u00e1s\",\"publisher\":{\"@id\":\"https:\\\/\\\/espacioaretha.com\\\/explora\\\/#organization\"},\"potentialAction\":[{\"@type\":\"SearchAction\",\"target\":{\"@type\":\"EntryPoint\",\"urlTemplate\":\"https:\\\/\\\/espacioaretha.com\\\/explora\\\/?s={search_term_string}\"},\"query-input\":{\"@type\":\"PropertyValueSpecification\",\"valueRequired\":true,\"valueName\":\"search_term_string\"}}],\"inLanguage\":\"es\"},{\"@type\":\"Organization\",\"@id\":\"https:\\\/\\\/espacioaretha.com\\\/explora\\\/#organization\",\"name\":\"Aretha Explora\",\"alternateName\":\"Aretha\",\"url\":\"https:\\\/\\\/espacioaretha.com\\\/explora\\\/\",\"logo\":{\"@type\":\"ImageObject\",\"inLanguage\":\"es\",\"@id\":\"https:\\\/\\\/espacioaretha.com\\\/explora\\\/#\\\/schema\\\/logo\\\/image\\\/\",\"url\":\"https:\\\/\\\/espacioaretha.com\\\/explora\\\/wp-content\\\/uploads\\\/2022\\\/05\\\/Ojo-web.jpg\",\"contentUrl\":\"https:\\\/\\\/espacioaretha.com\\\/explora\\\/wp-content\\\/uploads\\\/2022\\\/05\\\/Ojo-web.jpg\",\"width\":1920,\"height\":1080,\"caption\":\"Aretha Explora\"},\"image\":{\"@id\":\"https:\\\/\\\/espacioaretha.com\\\/explora\\\/#\\\/schema\\\/logo\\\/image\\\/\"}}]}<\/script>\n<!-- \/ Yoast SEO plugin. -->","yoast_head_json":{"title":"La construcci\u00f3n industrializada el futuro de la arquitectura | Aretha Explora","description":"Exploramos el futuro de la construcci\u00f3n industrializada con Sergio Baraga\u00f1o, arquitecto director del proyecto ROOM 2030.","robots":{"index":"index","follow":"follow","max-snippet":"max-snippet:-1","max-image-preview":"max-image-preview:large","max-video-preview":"max-video-preview:-1"},"canonical":"https:\/\/espacioaretha.com\/explora\/video-series\/construccion-industrializada\/","og_locale":"es_ES","og_type":"article","og_title":"Construcci\u00f3n industrializada por Sergio Baraga\u00f1o | Aretha Explora","og_description":"Exploramos el futuro de la construcci\u00f3n industrializada con Sergio Baraga\u00f1o, arquitecto director del proyecto ROOM 2030.","og_url":"https:\/\/espacioaretha.com\/explora\/video-series\/construccion-industrializada\/","og_site_name":"Aretha Explora","article_modified_time":"2025-05-29T11:48:30+00:00","og_image":[{"width":1862,"height":1080,"url":"https:\/\/espacioaretha.com\/explora\/wp-content\/uploads\/2024\/06\/SS09_-Sergio-Baragano.jpg","type":"image\/jpeg"}],"twitter_card":"summary_large_image","twitter_title":"Construcci\u00f3n industrializada por Sergio Baraga\u00f1o | Aretha Explora","twitter_description":"Exploramos el futuro de la construcci\u00f3n industrializada con Sergio Baraga\u00f1o, arquitecto director del proyecto ROOM 2030.","twitter_image":"https:\/\/espacioaretha.com\/explora\/wp-content\/uploads\/2024\/06\/SS09_-Sergio-Baragano.jpg","twitter_misc":{"Tiempo de lectura":"1 minuto"},"schema":{"@context":"https:\/\/schema.org","@graph":[{"@type":"WebPage","@id":"https:\/\/espacioaretha.com\/explora\/video-series\/construccion-industrializada\/","url":"https:\/\/espacioaretha.com\/explora\/video-series\/construccion-industrializada\/","name":"La construcci\u00f3n industrializada el futuro de la arquitectura | Aretha Explora","isPartOf":{"@id":"https:\/\/espacioaretha.com\/explora\/#website"},"primaryImageOfPage":{"@id":"https:\/\/espacioaretha.com\/explora\/video-series\/construccion-industrializada\/#primaryimage"},"image":{"@id":"https:\/\/espacioaretha.com\/explora\/video-series\/construccion-industrializada\/#primaryimage"},"thumbnailUrl":"https:\/\/espacioaretha.com\/explora\/wp-content\/uploads\/2024\/06\/SS09_-Sergio-Baragano.jpg","datePublished":"2023-10-19T14:57:00+00:00","dateModified":"2025-05-29T11:48:30+00:00","description":"Exploramos el futuro de la construcci\u00f3n industrializada con Sergio Baraga\u00f1o, arquitecto director del proyecto ROOM 2030.","breadcrumb":{"@id":"https:\/\/espacioaretha.com\/explora\/video-series\/construccion-industrializada\/#breadcrumb"},"inLanguage":"es","potentialAction":[{"@type":"ReadAction","target":["https:\/\/espacioaretha.com\/explora\/video-series\/construccion-industrializada\/"]}]},{"@type":"ImageObject","inLanguage":"es","@id":"https:\/\/espacioaretha.com\/explora\/video-series\/construccion-industrializada\/#primaryimage","url":"https:\/\/espacioaretha.com\/explora\/wp-content\/uploads\/2024\/06\/SS09_-Sergio-Baragano.jpg","contentUrl":"https:\/\/espacioaretha.com\/explora\/wp-content\/uploads\/2024\/06\/SS09_-Sergio-Baragano.jpg","width":1862,"height":1080,"caption":"construccion industrializada ponencia"},{"@type":"BreadcrumbList","@id":"https:\/\/espacioaretha.com\/explora\/video-series\/construccion-industrializada\/#breadcrumb","itemListElement":[{"@type":"ListItem","position":1,"name":"Portada","item":"https:\/\/espacioaretha.com\/explora\/"},{"@type":"ListItem","position":2,"name":"Video series","item":"https:\/\/espacioaretha.com\/explora\/video-series\/"},{"@type":"ListItem","position":3,"name":"Construcci\u00f3n industrializada"}]},{"@type":"WebSite","@id":"https:\/\/espacioaretha.com\/explora\/#website","url":"https:\/\/espacioaretha.com\/explora\/","name":"Aretha Explora","description":"Plataforma de contenidos e inspiraci\u00f3n sobre arquitectura, dise\u00f1o y mucho m\u00e1s","publisher":{"@id":"https:\/\/espacioaretha.com\/explora\/#organization"},"potentialAction":[{"@type":"SearchAction","target":{"@type":"EntryPoint","urlTemplate":"https:\/\/espacioaretha.com\/explora\/?s={search_term_string}"},"query-input":{"@type":"PropertyValueSpecification","valueRequired":true,"valueName":"search_term_string"}}],"inLanguage":"es"},{"@type":"Organization","@id":"https:\/\/espacioaretha.com\/explora\/#organization","name":"Aretha Explora","alternateName":"Aretha","url":"https:\/\/espacioaretha.com\/explora\/","logo":{"@type":"ImageObject","inLanguage":"es","@id":"https:\/\/espacioaretha.com\/explora\/#\/schema\/logo\/image\/","url":"https:\/\/espacioaretha.com\/explora\/wp-content\/uploads\/2022\/05\/Ojo-web.jpg","contentUrl":"https:\/\/espacioaretha.com\/explora\/wp-content\/uploads\/2022\/05\/Ojo-web.jpg","width":1920,"height":1080,"caption":"Aretha Explora"},"image":{"@id":"https:\/\/espacioaretha.com\/explora\/#\/schema\/logo\/image\/"}}]}},"_links":{"self":[{"href":"https:\/\/espacioaretha.com\/explora\/wp-json\/wp\/v2\/video_serie\/4468","targetHints":{"allow":["GET"]}}],"collection":[{"href":"https:\/\/espacioaretha.com\/explora\/wp-json\/wp\/v2\/video_serie"}],"about":[{"href":"https:\/\/espacioaretha.com\/explora\/wp-json\/wp\/v2\/types\/video_serie"}],"author":[{"embeddable":true,"href":"https:\/\/espacioaretha.com\/explora\/wp-json\/wp\/v2\/users\/25"}],"version-history":[{"count":1,"href":"https:\/\/espacioaretha.com\/explora\/wp-json\/wp\/v2\/video_serie\/4468\/revisions"}],"predecessor-version":[{"id":4469,"href":"https:\/\/espacioaretha.com\/explora\/wp-json\/wp\/v2\/video_serie\/4468\/revisions\/4469"}],"wp:featuredmedia":[{"embeddable":true,"href":"https:\/\/espacioaretha.com\/explora\/wp-json\/wp\/v2\/media\/4462"}],"wp:attachment":[{"href":"https:\/\/espacioaretha.com\/explora\/wp-json\/wp\/v2\/media?parent=4468"}],"wp:term":[{"taxonomy":"video_category","embeddable":true,"href":"https:\/\/espacioaretha.com\/explora\/wp-json\/wp\/v2\/video_category?post=4468"},{"taxonomy":"video_tag","embeddable":true,"href":"https:\/\/espacioaretha.com\/explora\/wp-json\/wp\/v2\/video_tag?post=4468"}],"curies":[{"name":"wp","href":"https:\/\/api.w.org\/{rel}","templated":true}]}}

Construcción industrializada

<p>Descubrimos cómo la construcción industrializada está revolucionando el sector, facilitando la creación de espacios modulares, sostenibles y altamente conectados.</p>



<p>Se presenta el caso de éxito del proyecto <a href="https://www.room2030.com/">ROOM 2030</a> y se aborda el impacto de la construcción industrializada en el futuro del diseño arquitectónico</p>



<p>Este método no solo optimiza los procesos de construcción, sino que también ofrece nuevas oportunidades para desarrollar viviendas y otras edificaciones de manera más rápida y ecológica, marcando el camino hacia una nueva era en la arquitectura.</p>



<p>Modularidad, sostenibilidad, y digitalización son la base del futuro de la construcción.</p>



<p>Una masterclass realizada durante la primera Semana del Diseño de <a href="https://espacioaretha.com/" target="_blank" rel="noreferrer noopener">Aretha</a>. Un espacio donde aprender de la mano de grandes profesionales de la arquitectura y el interiorismo.</p>

<p>Exploramos el futuro de la construcción con Sergio Baragaño, arquitecto director de ROOM 2030.</p>

<!-- This site is optimized with the Yoast SEO plugin v27.4 - https://yoast.com/product/yoast-seo-wordpress/ -->
<title>La construcción industrializada el futuro de la arquitectura | Aretha Explora</title>
<meta name="description" content="Exploramos el futuro de la construcción industrializada con Sergio Baragaño, arquitecto director del proyecto ROOM 2030." />
<meta name="robots" content="index, follow, max-snippet:-1, max-image-preview:large, max-video-preview:-1" />
<link rel="canonical" href="https://espacioaretha.com/explora/video-series/construccion-industrializada/" />
<meta property="og:locale" content="es_ES" />
<meta property="og:type" content="article" />
<meta property="og:title" content="Construcción industrializada por Sergio Baragaño | Aretha Explora" />
<meta property="og:description" content="Exploramos el futuro de la construcción industrializada con Sergio Baragaño, arquitecto director del proyecto ROOM 2030." />
<meta property="og:url" content="https://espacioaretha.com/explora/video-series/construccion-industrializada/" />
<meta property="og:site_name" content="Aretha Explora" />
<meta property="article:modified_time" content="2025-05-29T11:48:30+00:00" />
<meta property="og:image" content="https://espacioaretha.com/explora/wp-content/uploads/2024/06/SS09_-Sergio-Baragano.jpg" />
	<meta property="og:image:width" content="1862" />
	<meta property="og:image:height" content="1080" />
	<meta property="og:image:type" content="image/jpeg" />
<meta name="twitter:card" content="summary_large_image" />
<meta name="twitter:title" content="Construcción industrializada por Sergio Baragaño | Aretha Explora" />
<meta name="twitter:description" content="Exploramos el futuro de la construcción industrializada con Sergio Baragaño, arquitecto director del proyecto ROOM 2030." />
<meta name="twitter:image" content="https://espacioaretha.com/explora/wp-content/uploads/2024/06/SS09_-Sergio-Baragano.jpg" />
<meta name="twitter:label1" content="Tiempo de lectura" />
	<meta name="twitter:data1" content="1 minuto" />
<script type="application/ld+json" class="yoast-schema-graph">{"@context":"https:\/\/schema.org","@graph":[{"@type":"WebPage","@id":"https:\/\/espacioaretha.com\/explora\/video-series\/construccion-industrializada\/","url":"https:\/\/espacioaretha.com\/explora\/video-series\/construccion-industrializada\/","name":"La construcción industrializada el futuro de la arquitectura | Aretha Explora","isPartOf":{"@id":"https:\/\/espacioaretha.com\/explora\/#website"},"primaryImageOfPage":{"@id":"https:\/\/espacioaretha.com\/explora\/video-series\/construccion-industrializada\/#primaryimage"},"image":{"@id":"https:\/\/espacioaretha.com\/explora\/video-series\/construccion-industrializada\/#primaryimage"},"thumbnailUrl":"https:\/\/espacioaretha.com\/explora\/wp-content\/uploads\/2024\/06\/SS09_-Sergio-Baragano.jpg","datePublished":"2023-10-19T14:57:00+00:00","dateModified":"2025-05-29T11:48:30+00:00","description":"Exploramos el futuro de la construcción industrializada con Sergio Baragaño, arquitecto director del proyecto ROOM 2030.","breadcrumb":{"@id":"https:\/\/espacioaretha.com\/explora\/video-series\/construccion-industrializada\/#breadcrumb"},"inLanguage":"es","potentialAction":[{"@type":"ReadAction","target":["https:\/\/espacioaretha.com\/explora\/video-series\/construccion-industrializada\/"]}]},{"@type":"ImageObject","inLanguage":"es","@id":"https:\/\/espacioaretha.com\/explora\/video-series\/construccion-industrializada\/#primaryimage","url":"https:\/\/espacioaretha.com\/explora\/wp-content\/uploads\/2024\/06\/SS09_-Sergio-Baragano.jpg","contentUrl":"https:\/\/espacioaretha.com\/explora\/wp-content\/uploads\/2024\/06\/SS09_-Sergio-Baragano.jpg","width":1862,"height":1080,"caption":"construccion industrializada ponencia"},{"@type":"BreadcrumbList","@id":"https:\/\/espacioaretha.com\/explora\/video-series\/construccion-industrializada\/#breadcrumb","itemListElement":[{"@type":"ListItem","position":1,"name":"Portada","item":"https:\/\/espacioaretha.com\/explora\/"},{"@type":"ListItem","position":2,"name":"Video series","item":"https:\/\/espacioaretha.com\/explora\/video-series\/"},{"@type":"ListItem","position":3,"name":"Construcción industrializada"}]},{"@type":"WebSite","@id":"https:\/\/espacioaretha.com\/explora\/#website","url":"https:\/\/espacioaretha.com\/explora\/","name":"Aretha Explora","description":"Plataforma de contenidos e inspiración sobre arquitectura, diseño y mucho más","publisher":{"@id":"https:\/\/espacioaretha.com\/explora\/#organization"},"potentialAction":[{"@type":"SearchAction","target":{"@type":"EntryPoint","urlTemplate":"https:\/\/espacioaretha.com\/explora\/?s={search_term_string}"},"query-input":{"@type":"PropertyValueSpecification","valueRequired":true,"valueName":"search_term_string"}}],"inLanguage":"es"},{"@type":"Organization","@id":"https:\/\/espacioaretha.com\/explora\/#organization","name":"Aretha Explora","alternateName":"Aretha","url":"https:\/\/espacioaretha.com\/explora\/","logo":{"@type":"ImageObject","inLanguage":"es","@id":"https:\/\/espacioaretha.com\/explora\/#\/schema\/logo\/image\/","url":"https:\/\/espacioaretha.com\/explora\/wp-content\/uploads\/2022\/05\/Ojo-web.jpg","contentUrl":"https:\/\/espacioaretha.com\/explora\/wp-content\/uploads\/2022\/05\/Ojo-web.jpg","width":1920,"height":1080,"caption":"Aretha Explora"},"image":{"@id":"https:\/\/espacioaretha.com\/explora\/#\/schema\/logo\/image\/"}}]}</script>
<!-- / Yoast SEO plugin. -->

La construcción industrializada el futuro de la arquitectura | Aretha Explora

Exploramos el futuro de la construcción industrializada con Sergio Baragaño, arquitecto director del proyecto ROOM 2030.

Construcción industrializada por Sergio Baragaño | Aretha Explora

Plataforma de contenidos e inspiración sobre arquitectura, diseño y mucho más
