{"id":4522,"date":"2023-10-24T12:34:00","date_gmt":"2023-10-24T10:34:00","guid":{"rendered":"https:\/\/espacioaretha.com\/explora\/?post_type=video_serie&#038;p=4522"},"modified":"2025-05-29T13:44:36","modified_gmt":"2025-05-29T11:44:36","slug":"texturas-sostenibles","status":"publish","type":"video_serie","link":"https:\/\/espacioaretha.com\/explora\/video-series\/texturas-sostenibles\/","title":{"rendered":"Texturas sostenibles"},"content":{"rendered":"\n<p>Texturas y sostenibilidad son los temas centrales de la ponencia. Descubrimos el sistema de fabricaci\u00f3n de <a href=\"https:\/\/www.gabrielfabrics.com\/\">Gabriel<\/a>, la procedencia de los tejidos y qu\u00e9 inspira a sus dise\u00f1adores a crear nuevas texturas y colores.<\/p>\n\n\n\n<p>En la ponencia presentan su \u00faltima novedad, el tejido <strong><a href=\"https:\/\/www.gabrielfabrics.com\/products\/upholstery\/renewed-loop\/66864\">LOOP<\/a><\/strong>, textiles cuidadosamente elaborados a trav\u00e9s del reciclaje de textil a textil. La apuesta de la firma para seguir evolucionando e innovando hacia un futuro m\u00e1s sostenible.<\/p>\n\n\n\n<p>Una masterclass realizada durante la primera Semana del Dise\u00f1o de <a href=\"https:\/\/espacioaretha.com\/\" target=\"_blank\" rel=\"noreferrer noopener\">Aretha<\/a>. Un espacio donde aprender de la mano de grandes profesionales de la arquitectura y el interiorismo.<\/p>\n","protected":false},"excerpt":{"rendered":"<p>La firma de tejidos Gabriel presenta su nuevo tejido sostenible de la mano de M\u00aa del Mar L\u00f3pez y Elena Diez representantes de la firma en Espa\u00f1a.<\/p>\n","protected":false},"author":25,"featured_media":4523,"template":"","meta":{"footnotes":""},"video_category":[189],"video_tag":[],"class_list":["post-4522","video_serie","type-video_serie","status-publish","has-post-thumbnail","hentry","video_category-semana-del-diseno"],"yoast_head":"<!-- This site is optimized with the Yoast SEO plugin v27.4 - https:\/\/yoast.com\/product\/yoast-seo-wordpress\/ -->\n<title>LOOP el nuevo tejido sostenible de Gabriel | Aretha Explora<\/title>\n<meta name=\"description\" content=\"La firma de tejidos Gabriel presenta su nuevo tejido sostenible LOOP de la mano de M\u00aa del Mar L\u00f3pez y Elena Diez representantes en Espa\u00f1a.\" \/>\n<meta name=\"robots\" content=\"index, follow, max-snippet:-1, max-image-preview:large, max-video-preview:-1\" \/>\n<link rel=\"canonical\" href=\"https:\/\/espacioaretha.com\/explora\/video-series\/texturas-sostenibles\/\" \/>\n<meta property=\"og:locale\" content=\"es_ES\" \/>\n<meta property=\"og:type\" content=\"article\" \/>\n<meta property=\"og:title\" content=\"Texturas sostenibles por M\u00aa del Mar L\u00f3pez y Elena Diez | Aretha Explora\" \/>\n<meta property=\"og:description\" content=\"La firma de tejidos Gabriel presenta su nuevo tejido sostenible LOOP de la mano de M\u00aa del Mar L\u00f3pez y Elena Diez representantes en Espa\u00f1a.\" \/>\n<meta property=\"og:url\" content=\"https:\/\/espacioaretha.com\/explora\/video-series\/texturas-sostenibles\/\" \/>\n<meta property=\"og:site_name\" content=\"Aretha Explora\" \/>\n<meta property=\"article:modified_time\" content=\"2025-05-29T11:44:36+00:00\" \/>\n<meta property=\"og:image\" content=\"https:\/\/espacioaretha.com\/explora\/wp-content\/uploads\/2024\/07\/SS14_Ponencia-Gabriel.jpg\" \/>\n\t<meta property=\"og:image:width\" content=\"1862\" \/>\n\t<meta property=\"og:image:height\" content=\"1080\" \/>\n\t<meta property=\"og:image:type\" content=\"image\/jpeg\" \/>\n<meta name=\"twitter:card\" content=\"summary_large_image\" \/>\n<meta name=\"twitter:title\" content=\"Texturas sostenibles por M\u00aa del Mar L\u00f3pez y Elena Diez | Aretha Explora\" \/>\n<meta name=\"twitter:description\" content=\"La firma de tejidos Gabriel presenta su nuevo tejido sostenible LOOP de la mano de M\u00aa del Mar L\u00f3pez y Elena Diez representantes en Espa\u00f1a.\" \/>\n<meta name=\"twitter:image\" content=\"https:\/\/espacioaretha.com\/explora\/wp-content\/uploads\/2024\/07\/SS14_Ponencia-Gabriel.jpg\" \/>\n<meta name=\"twitter:label1\" content=\"Tiempo de lectura\" \/>\n\t<meta name=\"twitter:data1\" content=\"1 minuto\" \/>\n<script type=\"application\/ld+json\" class=\"yoast-schema-graph\">{\"@context\":\"https:\\\/\\\/schema.org\",\"@graph\":[{\"@type\":\"WebPage\",\"@id\":\"https:\\\/\\\/espacioaretha.com\\\/explora\\\/video-series\\\/texturas-sostenibles\\\/\",\"url\":\"https:\\\/\\\/espacioaretha.com\\\/explora\\\/video-series\\\/texturas-sostenibles\\\/\",\"name\":\"LOOP el nuevo tejido sostenible de Gabriel | Aretha Explora\",\"isPartOf\":{\"@id\":\"https:\\\/\\\/espacioaretha.com\\\/explora\\\/#website\"},\"primaryImageOfPage\":{\"@id\":\"https:\\\/\\\/espacioaretha.com\\\/explora\\\/video-series\\\/texturas-sostenibles\\\/#primaryimage\"},\"image\":{\"@id\":\"https:\\\/\\\/espacioaretha.com\\\/explora\\\/video-series\\\/texturas-sostenibles\\\/#primaryimage\"},\"thumbnailUrl\":\"https:\\\/\\\/espacioaretha.com\\\/explora\\\/wp-content\\\/uploads\\\/2024\\\/07\\\/SS14_Ponencia-Gabriel.jpg\",\"datePublished\":\"2023-10-24T10:34:00+00:00\",\"dateModified\":\"2025-05-29T11:44:36+00:00\",\"description\":\"La firma de tejidos Gabriel presenta su nuevo tejido sostenible LOOP de la mano de M\u00aa del Mar L\u00f3pez y Elena Diez representantes en Espa\u00f1a.\",\"breadcrumb\":{\"@id\":\"https:\\\/\\\/espacioaretha.com\\\/explora\\\/video-series\\\/texturas-sostenibles\\\/#breadcrumb\"},\"inLanguage\":\"es\",\"potentialAction\":[{\"@type\":\"ReadAction\",\"target\":[\"https:\\\/\\\/espacioaretha.com\\\/explora\\\/video-series\\\/texturas-sostenibles\\\/\"]}]},{\"@type\":\"ImageObject\",\"inLanguage\":\"es\",\"@id\":\"https:\\\/\\\/espacioaretha.com\\\/explora\\\/video-series\\\/texturas-sostenibles\\\/#primaryimage\",\"url\":\"https:\\\/\\\/espacioaretha.com\\\/explora\\\/wp-content\\\/uploads\\\/2024\\\/07\\\/SS14_Ponencia-Gabriel.jpg\",\"contentUrl\":\"https:\\\/\\\/espacioaretha.com\\\/explora\\\/wp-content\\\/uploads\\\/2024\\\/07\\\/SS14_Ponencia-Gabriel.jpg\",\"width\":1862,\"height\":1080,\"caption\":\"tejidos sostenibles de gabriel\"},{\"@type\":\"BreadcrumbList\",\"@id\":\"https:\\\/\\\/espacioaretha.com\\\/explora\\\/video-series\\\/texturas-sostenibles\\\/#breadcrumb\",\"itemListElement\":[{\"@type\":\"ListItem\",\"position\":1,\"name\":\"Portada\",\"item\":\"https:\\\/\\\/espacioaretha.com\\\/explora\\\/\"},{\"@type\":\"ListItem\",\"position\":2,\"name\":\"Video series\",\"item\":\"https:\\\/\\\/espacioaretha.com\\\/explora\\\/video-series\\\/\"},{\"@type\":\"ListItem\",\"position\":3,\"name\":\"Texturas sostenibles\"}]},{\"@type\":\"WebSite\",\"@id\":\"https:\\\/\\\/espacioaretha.com\\\/explora\\\/#website\",\"url\":\"https:\\\/\\\/espacioaretha.com\\\/explora\\\/\",\"name\":\"Aretha Explora\",\"description\":\"Plataforma de contenidos e inspiraci\u00f3n sobre arquitectura, dise\u00f1o y mucho m\u00e1s\",\"publisher\":{\"@id\":\"https:\\\/\\\/espacioaretha.com\\\/explora\\\/#organization\"},\"potentialAction\":[{\"@type\":\"SearchAction\",\"target\":{\"@type\":\"EntryPoint\",\"urlTemplate\":\"https:\\\/\\\/espacioaretha.com\\\/explora\\\/?s={search_term_string}\"},\"query-input\":{\"@type\":\"PropertyValueSpecification\",\"valueRequired\":true,\"valueName\":\"search_term_string\"}}],\"inLanguage\":\"es\"},{\"@type\":\"Organization\",\"@id\":\"https:\\\/\\\/espacioaretha.com\\\/explora\\\/#organization\",\"name\":\"Aretha Explora\",\"alternateName\":\"Aretha\",\"url\":\"https:\\\/\\\/espacioaretha.com\\\/explora\\\/\",\"logo\":{\"@type\":\"ImageObject\",\"inLanguage\":\"es\",\"@id\":\"https:\\\/\\\/espacioaretha.com\\\/explora\\\/#\\\/schema\\\/logo\\\/image\\\/\",\"url\":\"https:\\\/\\\/espacioaretha.com\\\/explora\\\/wp-content\\\/uploads\\\/2022\\\/05\\\/Ojo-web.jpg\",\"contentUrl\":\"https:\\\/\\\/espacioaretha.com\\\/explora\\\/wp-content\\\/uploads\\\/2022\\\/05\\\/Ojo-web.jpg\",\"width\":1920,\"height\":1080,\"caption\":\"Aretha Explora\"},\"image\":{\"@id\":\"https:\\\/\\\/espacioaretha.com\\\/explora\\\/#\\\/schema\\\/logo\\\/image\\\/\"}}]}<\/script>\n<!-- \/ Yoast SEO plugin. -->","yoast_head_json":{"title":"LOOP el nuevo tejido sostenible de Gabriel | Aretha Explora","description":"La firma de tejidos Gabriel presenta su nuevo tejido sostenible LOOP de la mano de M\u00aa del Mar L\u00f3pez y Elena Diez representantes en Espa\u00f1a.","robots":{"index":"index","follow":"follow","max-snippet":"max-snippet:-1","max-image-preview":"max-image-preview:large","max-video-preview":"max-video-preview:-1"},"canonical":"https:\/\/espacioaretha.com\/explora\/video-series\/texturas-sostenibles\/","og_locale":"es_ES","og_type":"article","og_title":"Texturas sostenibles por M\u00aa del Mar L\u00f3pez y Elena Diez | Aretha Explora","og_description":"La firma de tejidos Gabriel presenta su nuevo tejido sostenible LOOP de la mano de M\u00aa del Mar L\u00f3pez y Elena Diez representantes en Espa\u00f1a.","og_url":"https:\/\/espacioaretha.com\/explora\/video-series\/texturas-sostenibles\/","og_site_name":"Aretha Explora","article_modified_time":"2025-05-29T11:44:36+00:00","og_image":[{"width":1862,"height":1080,"url":"https:\/\/espacioaretha.com\/explora\/wp-content\/uploads\/2024\/07\/SS14_Ponencia-Gabriel.jpg","type":"image\/jpeg"}],"twitter_card":"summary_large_image","twitter_title":"Texturas sostenibles por M\u00aa del Mar L\u00f3pez y Elena Diez | Aretha Explora","twitter_description":"La firma de tejidos Gabriel presenta su nuevo tejido sostenible LOOP de la mano de M\u00aa del Mar L\u00f3pez y Elena Diez representantes en Espa\u00f1a.","twitter_image":"https:\/\/espacioaretha.com\/explora\/wp-content\/uploads\/2024\/07\/SS14_Ponencia-Gabriel.jpg","twitter_misc":{"Tiempo de lectura":"1 minuto"},"schema":{"@context":"https:\/\/schema.org","@graph":[{"@type":"WebPage","@id":"https:\/\/espacioaretha.com\/explora\/video-series\/texturas-sostenibles\/","url":"https:\/\/espacioaretha.com\/explora\/video-series\/texturas-sostenibles\/","name":"LOOP el nuevo tejido sostenible de Gabriel | Aretha Explora","isPartOf":{"@id":"https:\/\/espacioaretha.com\/explora\/#website"},"primaryImageOfPage":{"@id":"https:\/\/espacioaretha.com\/explora\/video-series\/texturas-sostenibles\/#primaryimage"},"image":{"@id":"https:\/\/espacioaretha.com\/explora\/video-series\/texturas-sostenibles\/#primaryimage"},"thumbnailUrl":"https:\/\/espacioaretha.com\/explora\/wp-content\/uploads\/2024\/07\/SS14_Ponencia-Gabriel.jpg","datePublished":"2023-10-24T10:34:00+00:00","dateModified":"2025-05-29T11:44:36+00:00","description":"La firma de tejidos Gabriel presenta su nuevo tejido sostenible LOOP de la mano de M\u00aa del Mar L\u00f3pez y Elena Diez representantes en Espa\u00f1a.","breadcrumb":{"@id":"https:\/\/espacioaretha.com\/explora\/video-series\/texturas-sostenibles\/#breadcrumb"},"inLanguage":"es","potentialAction":[{"@type":"ReadAction","target":["https:\/\/espacioaretha.com\/explora\/video-series\/texturas-sostenibles\/"]}]},{"@type":"ImageObject","inLanguage":"es","@id":"https:\/\/espacioaretha.com\/explora\/video-series\/texturas-sostenibles\/#primaryimage","url":"https:\/\/espacioaretha.com\/explora\/wp-content\/uploads\/2024\/07\/SS14_Ponencia-Gabriel.jpg","contentUrl":"https:\/\/espacioaretha.com\/explora\/wp-content\/uploads\/2024\/07\/SS14_Ponencia-Gabriel.jpg","width":1862,"height":1080,"caption":"tejidos sostenibles de gabriel"},{"@type":"BreadcrumbList","@id":"https:\/\/espacioaretha.com\/explora\/video-series\/texturas-sostenibles\/#breadcrumb","itemListElement":[{"@type":"ListItem","position":1,"name":"Portada","item":"https:\/\/espacioaretha.com\/explora\/"},{"@type":"ListItem","position":2,"name":"Video series","item":"https:\/\/espacioaretha.com\/explora\/video-series\/"},{"@type":"ListItem","position":3,"name":"Texturas sostenibles"}]},{"@type":"WebSite","@id":"https:\/\/espacioaretha.com\/explora\/#website","url":"https:\/\/espacioaretha.com\/explora\/","name":"Aretha Explora","description":"Plataforma de contenidos e inspiraci\u00f3n sobre arquitectura, dise\u00f1o y mucho m\u00e1s","publisher":{"@id":"https:\/\/espacioaretha.com\/explora\/#organization"},"potentialAction":[{"@type":"SearchAction","target":{"@type":"EntryPoint","urlTemplate":"https:\/\/espacioaretha.com\/explora\/?s={search_term_string}"},"query-input":{"@type":"PropertyValueSpecification","valueRequired":true,"valueName":"search_term_string"}}],"inLanguage":"es"},{"@type":"Organization","@id":"https:\/\/espacioaretha.com\/explora\/#organization","name":"Aretha Explora","alternateName":"Aretha","url":"https:\/\/espacioaretha.com\/explora\/","logo":{"@type":"ImageObject","inLanguage":"es","@id":"https:\/\/espacioaretha.com\/explora\/#\/schema\/logo\/image\/","url":"https:\/\/espacioaretha.com\/explora\/wp-content\/uploads\/2022\/05\/Ojo-web.jpg","contentUrl":"https:\/\/espacioaretha.com\/explora\/wp-content\/uploads\/2022\/05\/Ojo-web.jpg","width":1920,"height":1080,"caption":"Aretha Explora"},"image":{"@id":"https:\/\/espacioaretha.com\/explora\/#\/schema\/logo\/image\/"}}]}},"_links":{"self":[{"href":"https:\/\/espacioaretha.com\/explora\/wp-json\/wp\/v2\/video_serie\/4522","targetHints":{"allow":["GET"]}}],"collection":[{"href":"https:\/\/espacioaretha.com\/explora\/wp-json\/wp\/v2\/video_serie"}],"about":[{"href":"https:\/\/espacioaretha.com\/explora\/wp-json\/wp\/v2\/types\/video_serie"}],"author":[{"embeddable":true,"href":"https:\/\/espacioaretha.com\/explora\/wp-json\/wp\/v2\/users\/25"}],"version-history":[{"count":1,"href":"https:\/\/espacioaretha.com\/explora\/wp-json\/wp\/v2\/video_serie\/4522\/revisions"}],"predecessor-version":[{"id":4524,"href":"https:\/\/espacioaretha.com\/explora\/wp-json\/wp\/v2\/video_serie\/4522\/revisions\/4524"}],"wp:featuredmedia":[{"embeddable":true,"href":"https:\/\/espacioaretha.com\/explora\/wp-json\/wp\/v2\/media\/4523"}],"wp:attachment":[{"href":"https:\/\/espacioaretha.com\/explora\/wp-json\/wp\/v2\/media?parent=4522"}],"wp:term":[{"taxonomy":"video_category","embeddable":true,"href":"https:\/\/espacioaretha.com\/explora\/wp-json\/wp\/v2\/video_category?post=4522"},{"taxonomy":"video_tag","embeddable":true,"href":"https:\/\/espacioaretha.com\/explora\/wp-json\/wp\/v2\/video_tag?post=4522"}],"curies":[{"name":"wp","href":"https:\/\/api.w.org\/{rel}","templated":true}]}}

<p>Texturas y sostenibilidad son los temas centrales de la ponencia. Descubrimos el sistema de fabricación de <a href="https://www.gabrielfabrics.com/">Gabriel</a>, la procedencia de los tejidos y qué inspira a sus diseñadores a crear nuevas texturas y colores.</p>



<p>En la ponencia presentan su última novedad, el tejido <strong><a href="https://www.gabrielfabrics.com/products/upholstery/renewed-loop/66864">LOOP</a></strong>, textiles cuidadosamente elaborados a través del reciclaje de textil a textil. La apuesta de la firma para seguir evolucionando e innovando hacia un futuro más sostenible.</p>



<p>Una masterclass realizada durante la primera Semana del Diseño de <a href="https://espacioaretha.com/" target="_blank" rel="noreferrer noopener">Aretha</a>. Un espacio donde aprender de la mano de grandes profesionales de la arquitectura y el interiorismo.</p>

<p>La firma de tejidos Gabriel presenta su nuevo tejido sostenible de la mano de Mª del Mar López y Elena Diez representantes de la firma en España.</p>

<!-- This site is optimized with the Yoast SEO plugin v27.4 - https://yoast.com/product/yoast-seo-wordpress/ -->
<title>LOOP el nuevo tejido sostenible de Gabriel | Aretha Explora</title>
<meta name="description" content="La firma de tejidos Gabriel presenta su nuevo tejido sostenible LOOP de la mano de Mª del Mar López y Elena Diez representantes en España." />
<meta name="robots" content="index, follow, max-snippet:-1, max-image-preview:large, max-video-preview:-1" />
<link rel="canonical" href="https://espacioaretha.com/explora/video-series/texturas-sostenibles/" />
<meta property="og:locale" content="es_ES" />
<meta property="og:type" content="article" />
<meta property="og:title" content="Texturas sostenibles por Mª del Mar López y Elena Diez | Aretha Explora" />
<meta property="og:description" content="La firma de tejidos Gabriel presenta su nuevo tejido sostenible LOOP de la mano de Mª del Mar López y Elena Diez representantes en España." />
<meta property="og:url" content="https://espacioaretha.com/explora/video-series/texturas-sostenibles/" />
<meta property="og:site_name" content="Aretha Explora" />
<meta property="article:modified_time" content="2025-05-29T11:44:36+00:00" />
<meta property="og:image" content="https://espacioaretha.com/explora/wp-content/uploads/2024/07/SS14_Ponencia-Gabriel.jpg" />
	<meta property="og:image:width" content="1862" />
	<meta property="og:image:height" content="1080" />
	<meta property="og:image:type" content="image/jpeg" />
<meta name="twitter:card" content="summary_large_image" />
<meta name="twitter:title" content="Texturas sostenibles por Mª del Mar López y Elena Diez | Aretha Explora" />
<meta name="twitter:description" content="La firma de tejidos Gabriel presenta su nuevo tejido sostenible LOOP de la mano de Mª del Mar López y Elena Diez representantes en España." />
<meta name="twitter:image" content="https://espacioaretha.com/explora/wp-content/uploads/2024/07/SS14_Ponencia-Gabriel.jpg" />
<meta name="twitter:label1" content="Tiempo de lectura" />
	<meta name="twitter:data1" content="1 minuto" />
<script type="application/ld+json" class="yoast-schema-graph">{"@context":"https:\/\/schema.org","@graph":[{"@type":"WebPage","@id":"https:\/\/espacioaretha.com\/explora\/video-series\/texturas-sostenibles\/","url":"https:\/\/espacioaretha.com\/explora\/video-series\/texturas-sostenibles\/","name":"LOOP el nuevo tejido sostenible de Gabriel | Aretha Explora","isPartOf":{"@id":"https:\/\/espacioaretha.com\/explora\/#website"},"primaryImageOfPage":{"@id":"https:\/\/espacioaretha.com\/explora\/video-series\/texturas-sostenibles\/#primaryimage"},"image":{"@id":"https:\/\/espacioaretha.com\/explora\/video-series\/texturas-sostenibles\/#primaryimage"},"thumbnailUrl":"https:\/\/espacioaretha.com\/explora\/wp-content\/uploads\/2024\/07\/SS14_Ponencia-Gabriel.jpg","datePublished":"2023-10-24T10:34:00+00:00","dateModified":"2025-05-29T11:44:36+00:00","description":"La firma de tejidos Gabriel presenta su nuevo tejido sostenible LOOP de la mano de Mª del Mar López y Elena Diez representantes en España.","breadcrumb":{"@id":"https:\/\/espacioaretha.com\/explora\/video-series\/texturas-sostenibles\/#breadcrumb"},"inLanguage":"es","potentialAction":[{"@type":"ReadAction","target":["https:\/\/espacioaretha.com\/explora\/video-series\/texturas-sostenibles\/"]}]},{"@type":"ImageObject","inLanguage":"es","@id":"https:\/\/espacioaretha.com\/explora\/video-series\/texturas-sostenibles\/#primaryimage","url":"https:\/\/espacioaretha.com\/explora\/wp-content\/uploads\/2024\/07\/SS14_Ponencia-Gabriel.jpg","contentUrl":"https:\/\/espacioaretha.com\/explora\/wp-content\/uploads\/2024\/07\/SS14_Ponencia-Gabriel.jpg","width":1862,"height":1080,"caption":"tejidos sostenibles de gabriel"},{"@type":"BreadcrumbList","@id":"https:\/\/espacioaretha.com\/explora\/video-series\/texturas-sostenibles\/#breadcrumb","itemListElement":[{"@type":"ListItem","position":1,"name":"Portada","item":"https:\/\/espacioaretha.com\/explora\/"},{"@type":"ListItem","position":2,"name":"Video series","item":"https:\/\/espacioaretha.com\/explora\/video-series\/"},{"@type":"ListItem","position":3,"name":"Texturas sostenibles"}]},{"@type":"WebSite","@id":"https:\/\/espacioaretha.com\/explora\/#website","url":"https:\/\/espacioaretha.com\/explora\/","name":"Aretha Explora","description":"Plataforma de contenidos e inspiración sobre arquitectura, diseño y mucho más","publisher":{"@id":"https:\/\/espacioaretha.com\/explora\/#organization"},"potentialAction":[{"@type":"SearchAction","target":{"@type":"EntryPoint","urlTemplate":"https:\/\/espacioaretha.com\/explora\/?s={search_term_string}"},"query-input":{"@type":"PropertyValueSpecification","valueRequired":true,"valueName":"search_term_string"}}],"inLanguage":"es"},{"@type":"Organization","@id":"https:\/\/espacioaretha.com\/explora\/#organization","name":"Aretha Explora","alternateName":"Aretha","url":"https:\/\/espacioaretha.com\/explora\/","logo":{"@type":"ImageObject","inLanguage":"es","@id":"https:\/\/espacioaretha.com\/explora\/#\/schema\/logo\/image\/","url":"https:\/\/espacioaretha.com\/explora\/wp-content\/uploads\/2022\/05\/Ojo-web.jpg","contentUrl":"https:\/\/espacioaretha.com\/explora\/wp-content\/uploads\/2022\/05\/Ojo-web.jpg","width":1920,"height":1080,"caption":"Aretha Explora"},"image":{"@id":"https:\/\/espacioaretha.com\/explora\/#\/schema\/logo\/image\/"}}]}</script>
<!-- / Yoast SEO plugin. -->

La firma de tejidos Gabriel presenta su nuevo tejido sostenible LOOP de la mano de Mª del Mar López y Elena Diez representantes en España.

Texturas sostenibles por Mª del Mar López y Elena Diez | Aretha Explora

Plataforma de contenidos e inspiración sobre arquitectura, diseño y mucho más
