{"id":61,"date":"2022-04-07T10:01:00","date_gmt":"2022-04-07T08:01:00","guid":{"rendered":"https:\/\/espacioaretha.com\/explora\/?post_type=video_serie&#038;p=61"},"modified":"2025-06-02T08:55:29","modified_gmt":"2025-06-02T06:55:29","slug":"con-mireia-las-heras-completo","status":"publish","type":"video_serie","link":"https:\/\/espacioaretha.com\/explora\/video-series\/con-mireia-las-heras-completo\/","title":{"rendered":"Mireia Las Heras (Parte completa)"},"content":{"rendered":"\n<p>Mireia las Heras , profesora de Liderazgo en ICWF \/ IESE nos recibe en la sede de IESE en Barcelona para reflexionar acerca de aspectos sustanciales en nuestras vidas que en los \u00faltimos dos a\u00f1os se han visto modificados de una forma inesperada.<\/p>\n\n\n\n<p>Con ella hablamos acerca de la transformaci\u00f3n de los entornos de trabajo, de los nuevos escenarios que se han abierto, de la hibridaci\u00f3n del trabajo y el trabajo remoto, y el impacto que todo ello tiene en aspectos motivacionales, de liderazgo , de cultura corporativa y de implicaci\u00f3n de los empleados en sus funciones. \u00bfc\u00f3mo es el espacio de trabajo ideal desde el punto de vista de la creatividad y la productividad ? \u00bfqu\u00e9 es el wellworking como lo define Mireia Las Heras?<\/p>\n\n\n\n<p>Muy interesantes reflexiones sobre el liderazgo y retenci\u00f3n del talento, de bienestar personal, de conciliaci\u00f3n, conectividad, commuting, nuevas profesiones\u2026,&nbsp; y por supuesto aspectos relacionados con la sostenibilidad, el medioambiente y el desarrollo de nuestro entorno.<\/p>\n\n\n\n<p>Nos interesa mucho la opini\u00f3n de una persona como Mireia, de la m\u00e1s alta cualificaci\u00f3n personal y muy vinculada como docente e investigadora en temas de liderazgo y desarrollo personal.<\/p>\n","protected":false},"excerpt":{"rendered":"<p>Interesante entrevista a <strong>Mireia Las Heras<\/strong> en la que recorremos diferentes temas de actualidad que nos inquietan. Analizamos <strong>la transformaci\u00f3n social, tecnol\u00f3gica y cultural<\/strong> y su impacto en aspectos de <strong>liderazgo, organizaci\u00f3n, formas de trabajo<\/strong> y la conceptualizaci\u00f3n f\u00edsica del espacio.<\/p>\n","protected":false},"author":25,"featured_media":511,"template":"","meta":{"footnotes":""},"video_category":[8],"video_tag":[],"class_list":["post-61","video_serie","type-video_serie","status-publish","has-post-thumbnail","hentry","video_category-un-cafe"],"yoast_head":"<!-- This site is optimized with the Yoast SEO plugin v27.4 - https:\/\/yoast.com\/product\/yoast-seo-wordpress\/ -->\n<title>Mireia Las Heras (Parte completa) | Aretha Explora<\/title>\n<meta name=\"robots\" content=\"index, follow, max-snippet:-1, max-image-preview:large, max-video-preview:-1\" \/>\n<link rel=\"canonical\" href=\"https:\/\/espacioaretha.com\/explora\/video-series\/con-mireia-las-heras-completo\/\" \/>\n<meta property=\"og:locale\" content=\"es_ES\" \/>\n<meta property=\"og:type\" content=\"article\" \/>\n<meta property=\"og:title\" content=\"Mireia Las Heras (Parte completa) | Aretha Explora\" \/>\n<meta property=\"og:description\" content=\"Interesante entrevista a Mireia Las Heras en la que recorremos diferentes temas de actualidad que nos inquietan. Analizamos la transformaci\u00f3n social, tecnol\u00f3gica y cultural y su impacto en aspectos de liderazgo, organizaci\u00f3n, formas de trabajo y la conceptualizaci\u00f3n f\u00edsica del espacio.\" \/>\n<meta property=\"og:url\" content=\"https:\/\/espacioaretha.com\/explora\/video-series\/con-mireia-las-heras-completo\/\" \/>\n<meta property=\"og:site_name\" content=\"Aretha Explora\" \/>\n<meta property=\"article:modified_time\" content=\"2025-06-02T06:55:29+00:00\" \/>\n<meta property=\"og:image\" content=\"https:\/\/espacioaretha.com\/explora\/wp-content\/uploads\/2022\/03\/Destacado-Mireia.webp\" \/>\n\t<meta property=\"og:image:width\" content=\"1920\" \/>\n\t<meta property=\"og:image:height\" content=\"871\" \/>\n\t<meta property=\"og:image:type\" content=\"image\/webp\" \/>\n<meta name=\"twitter:card\" content=\"summary_large_image\" \/>\n<meta name=\"twitter:label1\" content=\"Tiempo de lectura\" \/>\n\t<meta name=\"twitter:data1\" content=\"1 minuto\" \/>\n<script type=\"application\/ld+json\" class=\"yoast-schema-graph\">{\"@context\":\"https:\\\/\\\/schema.org\",\"@graph\":[{\"@type\":\"WebPage\",\"@id\":\"https:\\\/\\\/espacioaretha.com\\\/explora\\\/video-series\\\/con-mireia-las-heras-completo\\\/\",\"url\":\"https:\\\/\\\/espacioaretha.com\\\/explora\\\/video-series\\\/con-mireia-las-heras-completo\\\/\",\"name\":\"Mireia Las Heras (Parte completa) | Aretha Explora\",\"isPartOf\":{\"@id\":\"https:\\\/\\\/espacioaretha.com\\\/explora\\\/#website\"},\"primaryImageOfPage\":{\"@id\":\"https:\\\/\\\/espacioaretha.com\\\/explora\\\/video-series\\\/con-mireia-las-heras-completo\\\/#primaryimage\"},\"image\":{\"@id\":\"https:\\\/\\\/espacioaretha.com\\\/explora\\\/video-series\\\/con-mireia-las-heras-completo\\\/#primaryimage\"},\"thumbnailUrl\":\"https:\\\/\\\/espacioaretha.com\\\/explora\\\/wp-content\\\/uploads\\\/2022\\\/03\\\/Destacado-Mireia.webp\",\"datePublished\":\"2022-04-07T08:01:00+00:00\",\"dateModified\":\"2025-06-02T06:55:29+00:00\",\"breadcrumb\":{\"@id\":\"https:\\\/\\\/espacioaretha.com\\\/explora\\\/video-series\\\/con-mireia-las-heras-completo\\\/#breadcrumb\"},\"inLanguage\":\"es\",\"potentialAction\":[{\"@type\":\"ReadAction\",\"target\":[\"https:\\\/\\\/espacioaretha.com\\\/explora\\\/video-series\\\/con-mireia-las-heras-completo\\\/\"]}]},{\"@type\":\"ImageObject\",\"inLanguage\":\"es\",\"@id\":\"https:\\\/\\\/espacioaretha.com\\\/explora\\\/video-series\\\/con-mireia-las-heras-completo\\\/#primaryimage\",\"url\":\"https:\\\/\\\/espacioaretha.com\\\/explora\\\/wp-content\\\/uploads\\\/2022\\\/03\\\/Destacado-Mireia.webp\",\"contentUrl\":\"https:\\\/\\\/espacioaretha.com\\\/explora\\\/wp-content\\\/uploads\\\/2022\\\/03\\\/Destacado-Mireia.webp\",\"width\":1920,\"height\":871},{\"@type\":\"BreadcrumbList\",\"@id\":\"https:\\\/\\\/espacioaretha.com\\\/explora\\\/video-series\\\/con-mireia-las-heras-completo\\\/#breadcrumb\",\"itemListElement\":[{\"@type\":\"ListItem\",\"position\":1,\"name\":\"Portada\",\"item\":\"https:\\\/\\\/espacioaretha.com\\\/explora\\\/\"},{\"@type\":\"ListItem\",\"position\":2,\"name\":\"Video series\",\"item\":\"https:\\\/\\\/espacioaretha.com\\\/explora\\\/video-series\\\/\"},{\"@type\":\"ListItem\",\"position\":3,\"name\":\"Mireia Las Heras (Parte completa)\"}]},{\"@type\":\"WebSite\",\"@id\":\"https:\\\/\\\/espacioaretha.com\\\/explora\\\/#website\",\"url\":\"https:\\\/\\\/espacioaretha.com\\\/explora\\\/\",\"name\":\"Aretha Explora\",\"description\":\"Plataforma de contenidos e inspiraci\u00f3n sobre arquitectura, dise\u00f1o y mucho m\u00e1s\",\"publisher\":{\"@id\":\"https:\\\/\\\/espacioaretha.com\\\/explora\\\/#organization\"},\"potentialAction\":[{\"@type\":\"SearchAction\",\"target\":{\"@type\":\"EntryPoint\",\"urlTemplate\":\"https:\\\/\\\/espacioaretha.com\\\/explora\\\/?s={search_term_string}\"},\"query-input\":{\"@type\":\"PropertyValueSpecification\",\"valueRequired\":true,\"valueName\":\"search_term_string\"}}],\"inLanguage\":\"es\"},{\"@type\":\"Organization\",\"@id\":\"https:\\\/\\\/espacioaretha.com\\\/explora\\\/#organization\",\"name\":\"Aretha Explora\",\"alternateName\":\"Aretha\",\"url\":\"https:\\\/\\\/espacioaretha.com\\\/explora\\\/\",\"logo\":{\"@type\":\"ImageObject\",\"inLanguage\":\"es\",\"@id\":\"https:\\\/\\\/espacioaretha.com\\\/explora\\\/#\\\/schema\\\/logo\\\/image\\\/\",\"url\":\"https:\\\/\\\/espacioaretha.com\\\/explora\\\/wp-content\\\/uploads\\\/2022\\\/05\\\/Ojo-web.jpg\",\"contentUrl\":\"https:\\\/\\\/espacioaretha.com\\\/explora\\\/wp-content\\\/uploads\\\/2022\\\/05\\\/Ojo-web.jpg\",\"width\":1920,\"height\":1080,\"caption\":\"Aretha Explora\"},\"image\":{\"@id\":\"https:\\\/\\\/espacioaretha.com\\\/explora\\\/#\\\/schema\\\/logo\\\/image\\\/\"}}]}<\/script>\n<!-- \/ Yoast SEO plugin. -->","yoast_head_json":{"title":"Mireia Las Heras (Parte completa) | Aretha Explora","robots":{"index":"index","follow":"follow","max-snippet":"max-snippet:-1","max-image-preview":"max-image-preview:large","max-video-preview":"max-video-preview:-1"},"canonical":"https:\/\/espacioaretha.com\/explora\/video-series\/con-mireia-las-heras-completo\/","og_locale":"es_ES","og_type":"article","og_title":"Mireia Las Heras (Parte completa) | Aretha Explora","og_description":"Interesante entrevista a Mireia Las Heras en la que recorremos diferentes temas de actualidad que nos inquietan. Analizamos la transformaci\u00f3n social, tecnol\u00f3gica y cultural y su impacto en aspectos de liderazgo, organizaci\u00f3n, formas de trabajo y la conceptualizaci\u00f3n f\u00edsica del espacio.","og_url":"https:\/\/espacioaretha.com\/explora\/video-series\/con-mireia-las-heras-completo\/","og_site_name":"Aretha Explora","article_modified_time":"2025-06-02T06:55:29+00:00","og_image":[{"width":1920,"height":871,"url":"https:\/\/espacioaretha.com\/explora\/wp-content\/uploads\/2022\/03\/Destacado-Mireia.webp","type":"image\/webp"}],"twitter_card":"summary_large_image","twitter_misc":{"Tiempo de lectura":"1 minuto"},"schema":{"@context":"https:\/\/schema.org","@graph":[{"@type":"WebPage","@id":"https:\/\/espacioaretha.com\/explora\/video-series\/con-mireia-las-heras-completo\/","url":"https:\/\/espacioaretha.com\/explora\/video-series\/con-mireia-las-heras-completo\/","name":"Mireia Las Heras (Parte completa) | Aretha Explora","isPartOf":{"@id":"https:\/\/espacioaretha.com\/explora\/#website"},"primaryImageOfPage":{"@id":"https:\/\/espacioaretha.com\/explora\/video-series\/con-mireia-las-heras-completo\/#primaryimage"},"image":{"@id":"https:\/\/espacioaretha.com\/explora\/video-series\/con-mireia-las-heras-completo\/#primaryimage"},"thumbnailUrl":"https:\/\/espacioaretha.com\/explora\/wp-content\/uploads\/2022\/03\/Destacado-Mireia.webp","datePublished":"2022-04-07T08:01:00+00:00","dateModified":"2025-06-02T06:55:29+00:00","breadcrumb":{"@id":"https:\/\/espacioaretha.com\/explora\/video-series\/con-mireia-las-heras-completo\/#breadcrumb"},"inLanguage":"es","potentialAction":[{"@type":"ReadAction","target":["https:\/\/espacioaretha.com\/explora\/video-series\/con-mireia-las-heras-completo\/"]}]},{"@type":"ImageObject","inLanguage":"es","@id":"https:\/\/espacioaretha.com\/explora\/video-series\/con-mireia-las-heras-completo\/#primaryimage","url":"https:\/\/espacioaretha.com\/explora\/wp-content\/uploads\/2022\/03\/Destacado-Mireia.webp","contentUrl":"https:\/\/espacioaretha.com\/explora\/wp-content\/uploads\/2022\/03\/Destacado-Mireia.webp","width":1920,"height":871},{"@type":"BreadcrumbList","@id":"https:\/\/espacioaretha.com\/explora\/video-series\/con-mireia-las-heras-completo\/#breadcrumb","itemListElement":[{"@type":"ListItem","position":1,"name":"Portada","item":"https:\/\/espacioaretha.com\/explora\/"},{"@type":"ListItem","position":2,"name":"Video series","item":"https:\/\/espacioaretha.com\/explora\/video-series\/"},{"@type":"ListItem","position":3,"name":"Mireia Las Heras (Parte completa)"}]},{"@type":"WebSite","@id":"https:\/\/espacioaretha.com\/explora\/#website","url":"https:\/\/espacioaretha.com\/explora\/","name":"Aretha Explora","description":"Plataforma de contenidos e inspiraci\u00f3n sobre arquitectura, dise\u00f1o y mucho m\u00e1s","publisher":{"@id":"https:\/\/espacioaretha.com\/explora\/#organization"},"potentialAction":[{"@type":"SearchAction","target":{"@type":"EntryPoint","urlTemplate":"https:\/\/espacioaretha.com\/explora\/?s={search_term_string}"},"query-input":{"@type":"PropertyValueSpecification","valueRequired":true,"valueName":"search_term_string"}}],"inLanguage":"es"},{"@type":"Organization","@id":"https:\/\/espacioaretha.com\/explora\/#organization","name":"Aretha Explora","alternateName":"Aretha","url":"https:\/\/espacioaretha.com\/explora\/","logo":{"@type":"ImageObject","inLanguage":"es","@id":"https:\/\/espacioaretha.com\/explora\/#\/schema\/logo\/image\/","url":"https:\/\/espacioaretha.com\/explora\/wp-content\/uploads\/2022\/05\/Ojo-web.jpg","contentUrl":"https:\/\/espacioaretha.com\/explora\/wp-content\/uploads\/2022\/05\/Ojo-web.jpg","width":1920,"height":1080,"caption":"Aretha Explora"},"image":{"@id":"https:\/\/espacioaretha.com\/explora\/#\/schema\/logo\/image\/"}}]}},"_links":{"self":[{"href":"https:\/\/espacioaretha.com\/explora\/wp-json\/wp\/v2\/video_serie\/61","targetHints":{"allow":["GET"]}}],"collection":[{"href":"https:\/\/espacioaretha.com\/explora\/wp-json\/wp\/v2\/video_serie"}],"about":[{"href":"https:\/\/espacioaretha.com\/explora\/wp-json\/wp\/v2\/types\/video_serie"}],"author":[{"embeddable":true,"href":"https:\/\/espacioaretha.com\/explora\/wp-json\/wp\/v2\/users\/25"}],"version-history":[{"count":10,"href":"https:\/\/espacioaretha.com\/explora\/wp-json\/wp\/v2\/video_serie\/61\/revisions"}],"predecessor-version":[{"id":4819,"href":"https:\/\/espacioaretha.com\/explora\/wp-json\/wp\/v2\/video_serie\/61\/revisions\/4819"}],"wp:featuredmedia":[{"embeddable":true,"href":"https:\/\/espacioaretha.com\/explora\/wp-json\/wp\/v2\/media\/511"}],"wp:attachment":[{"href":"https:\/\/espacioaretha.com\/explora\/wp-json\/wp\/v2\/media?parent=61"}],"wp:term":[{"taxonomy":"video_category","embeddable":true,"href":"https:\/\/espacioaretha.com\/explora\/wp-json\/wp\/v2\/video_category?post=61"},{"taxonomy":"video_tag","embeddable":true,"href":"https:\/\/espacioaretha.com\/explora\/wp-json\/wp\/v2\/video_tag?post=61"}],"curies":[{"name":"wp","href":"https:\/\/api.w.org\/{rel}","templated":true}]}}

<p>Mireia las Heras , profesora de Liderazgo en ICWF / IESE nos recibe en la sede de IESE en Barcelona para reflexionar acerca de aspectos sustanciales en nuestras vidas que en los últimos dos años se han visto modificados de una forma inesperada.</p>



<p>Con ella hablamos acerca de la transformación de los entornos de trabajo, de los nuevos escenarios que se han abierto, de la hibridación del trabajo y el trabajo remoto, y el impacto que todo ello tiene en aspectos motivacionales, de liderazgo , de cultura corporativa y de implicación de los empleados en sus funciones. ¿cómo es el espacio de trabajo ideal desde el punto de vista de la creatividad y la productividad ? ¿qué es el wellworking como lo define Mireia Las Heras?</p>



<p>Muy interesantes reflexiones sobre el liderazgo y retención del talento, de bienestar personal, de conciliación, conectividad, commuting, nuevas profesiones…,&nbsp; y por supuesto aspectos relacionados con la sostenibilidad, el medioambiente y el desarrollo de nuestro entorno.</p>



<p>Nos interesa mucho la opinión de una persona como Mireia, de la más alta cualificación personal y muy vinculada como docente e investigadora en temas de liderazgo y desarrollo personal.</p>

<p>Interesante entrevista a <strong>Mireia Las Heras</strong> en la que recorremos diferentes temas de actualidad que nos inquietan. Analizamos <strong>la transformación social, tecnológica y cultural</strong> y su impacto en aspectos de <strong>liderazgo, organización, formas de trabajo</strong> y la conceptualización física del espacio.</p>

<!-- This site is optimized with the Yoast SEO plugin v27.4 - https://yoast.com/product/yoast-seo-wordpress/ -->
<title>Mireia Las Heras (Parte completa) | Aretha Explora</title>
<meta name="robots" content="index, follow, max-snippet:-1, max-image-preview:large, max-video-preview:-1" />
<link rel="canonical" href="https://espacioaretha.com/explora/video-series/con-mireia-las-heras-completo/" />
<meta property="og:locale" content="es_ES" />
<meta property="og:type" content="article" />
<meta property="og:title" content="Mireia Las Heras (Parte completa) | Aretha Explora" />
<meta property="og:description" content="Interesante entrevista a Mireia Las Heras en la que recorremos diferentes temas de actualidad que nos inquietan. Analizamos la transformación social, tecnológica y cultural y su impacto en aspectos de liderazgo, organización, formas de trabajo y la conceptualización física del espacio." />
<meta property="og:url" content="https://espacioaretha.com/explora/video-series/con-mireia-las-heras-completo/" />
<meta property="og:site_name" content="Aretha Explora" />
<meta property="article:modified_time" content="2025-06-02T06:55:29+00:00" />
<meta property="og:image" content="https://espacioaretha.com/explora/wp-content/uploads/2022/03/Destacado-Mireia.webp" />
	<meta property="og:image:width" content="1920" />
	<meta property="og:image:height" content="871" />
	<meta property="og:image:type" content="image/webp" />
<meta name="twitter:card" content="summary_large_image" />
<meta name="twitter:label1" content="Tiempo de lectura" />
	<meta name="twitter:data1" content="1 minuto" />
<script type="application/ld+json" class="yoast-schema-graph">{"@context":"https:\/\/schema.org","@graph":[{"@type":"WebPage","@id":"https:\/\/espacioaretha.com\/explora\/video-series\/con-mireia-las-heras-completo\/","url":"https:\/\/espacioaretha.com\/explora\/video-series\/con-mireia-las-heras-completo\/","name":"Mireia Las Heras (Parte completa) | Aretha Explora","isPartOf":{"@id":"https:\/\/espacioaretha.com\/explora\/#website"},"primaryImageOfPage":{"@id":"https:\/\/espacioaretha.com\/explora\/video-series\/con-mireia-las-heras-completo\/#primaryimage"},"image":{"@id":"https:\/\/espacioaretha.com\/explora\/video-series\/con-mireia-las-heras-completo\/#primaryimage"},"thumbnailUrl":"https:\/\/espacioaretha.com\/explora\/wp-content\/uploads\/2022\/03\/Destacado-Mireia.webp","datePublished":"2022-04-07T08:01:00+00:00","dateModified":"2025-06-02T06:55:29+00:00","breadcrumb":{"@id":"https:\/\/espacioaretha.com\/explora\/video-series\/con-mireia-las-heras-completo\/#breadcrumb"},"inLanguage":"es","potentialAction":[{"@type":"ReadAction","target":["https:\/\/espacioaretha.com\/explora\/video-series\/con-mireia-las-heras-completo\/"]}]},{"@type":"ImageObject","inLanguage":"es","@id":"https:\/\/espacioaretha.com\/explora\/video-series\/con-mireia-las-heras-completo\/#primaryimage","url":"https:\/\/espacioaretha.com\/explora\/wp-content\/uploads\/2022\/03\/Destacado-Mireia.webp","contentUrl":"https:\/\/espacioaretha.com\/explora\/wp-content\/uploads\/2022\/03\/Destacado-Mireia.webp","width":1920,"height":871},{"@type":"BreadcrumbList","@id":"https:\/\/espacioaretha.com\/explora\/video-series\/con-mireia-las-heras-completo\/#breadcrumb","itemListElement":[{"@type":"ListItem","position":1,"name":"Portada","item":"https:\/\/espacioaretha.com\/explora\/"},{"@type":"ListItem","position":2,"name":"Video series","item":"https:\/\/espacioaretha.com\/explora\/video-series\/"},{"@type":"ListItem","position":3,"name":"Mireia Las Heras (Parte completa)"}]},{"@type":"WebSite","@id":"https:\/\/espacioaretha.com\/explora\/#website","url":"https:\/\/espacioaretha.com\/explora\/","name":"Aretha Explora","description":"Plataforma de contenidos e inspiración sobre arquitectura, diseño y mucho más","publisher":{"@id":"https:\/\/espacioaretha.com\/explora\/#organization"},"potentialAction":[{"@type":"SearchAction","target":{"@type":"EntryPoint","urlTemplate":"https:\/\/espacioaretha.com\/explora\/?s={search_term_string}"},"query-input":{"@type":"PropertyValueSpecification","valueRequired":true,"valueName":"search_term_string"}}],"inLanguage":"es"},{"@type":"Organization","@id":"https:\/\/espacioaretha.com\/explora\/#organization","name":"Aretha Explora","alternateName":"Aretha","url":"https:\/\/espacioaretha.com\/explora\/","logo":{"@type":"ImageObject","inLanguage":"es","@id":"https:\/\/espacioaretha.com\/explora\/#\/schema\/logo\/image\/","url":"https:\/\/espacioaretha.com\/explora\/wp-content\/uploads\/2022\/05\/Ojo-web.jpg","contentUrl":"https:\/\/espacioaretha.com\/explora\/wp-content\/uploads\/2022\/05\/Ojo-web.jpg","width":1920,"height":1080,"caption":"Aretha Explora"},"image":{"@id":"https:\/\/espacioaretha.com\/explora\/#\/schema\/logo\/image\/"}}]}</script>
<!-- / Yoast SEO plugin. -->

Interesante entrevista a Mireia Las Heras en la que recorremos diferentes temas de actualidad que nos inquietan. Analizamos la transformación social, tecnológica y cultural y su impacto en aspectos de liderazgo, organización, formas de trabajo y la conceptualización física del espacio.

Plataforma de contenidos e inspiración sobre arquitectura, diseño y mucho más
